000
CXUS51 KGYX 031449
CF6AUG
PRELIMINARY LOCAL CLIMATOLOGICAL DATA (WS FORM: F-6)
STATION: AUGUSTA
MONTH: FEBRUARY
YEAR: 2023
LATITUDE: 44 18 N
LONGITUDE: 69 48 W
TEMPERATURE IN F: :PCPN: SNOW: WIND :SUNSHINE: SKY :PK WND
================================================================================
1 2 3 4 5 6A 6B 7 8 9 10 11 12 13 14 15 16 17 18
12Z AVG MX 2MIN
DY MAX MIN AVG DEP HDD CDD WTR SNW DPTH SPD SPD DIR MIN PSBL S-S WX SPD DR
================================================================================
1 21 5 13 -7 52 0 0.00 M M 2.3 8 260 M M 2 8 12 280
2 31 5 18 -2 47 0 0.00 M M 5.9 15 210 M M 6 25 200
3 30 -16 7 -13 58 0 T M M 16.9 29 280 M M 6 42 280
4 5 -17 -6 -27 71 0 0.00 M M 12.4 25 300 M M 2 39 290
5 33 4 19 -2 46 0 0.00 M M 3.5 8 340 M M 6 13 200
6 39 20 30 9 35 0 0.00 M M 9.2 24 360 M M 4 32 360
7 29 13 21 0 44 0 0.12 M M 7.8 18 350 M M 2 12 24 340
8 43 25 34 13 31 0 0.00 M M 6.2 18 280 M M 7 29 290
9 40 27 34 12 31 0 0.46 M M 4.5 13 170 M M 6 12 19 160
10 50 33 42 20 23 0 0.09 M M 6.7 22 280 M M 9 12 35 270
11 39 26 33 11 32 0 T M M 8.5 26 320 M M 4 42 300
12 46 26 36 14 29 0 0.00 M M 4.0 10 340 M M 1 13 200
13 39 25 32 10 33 0 T M M 6.1 13 30 M M 3 18 50
14 41 28 35 12 30 0 0.03 M M 2.3 10 340 M M 7 1 14 300
15 47 24 36 13 29 0 0.00 M M 5.8 16 200 M M 5 1 29 180
16 56 38 47 24 18 0 0.00 M M 5.6 14 20 M M 2 1 18 310
17 40 18 29 5 36 0 0.13 M M 10.8 30 340 M M 10 18 37 350
18 32 13 23 -1 42 0 0.00 M M 5.9 23 340 M M 2 29 340
19 40 29 35 11 30 0 0.00 M M 6.4 17 170 M M 4 23 160
20 49 35 42 18 23 0 0.00 M M 5.8 18 310 M M 6 12 29 310
21 39 27 33 8 32 0 T M M 5.0 13 30 M M 3 15 30
22 40 24 32 7 33 0 0.10 M M 7.9 16 360 M M 4 8 23 290
23 24 12 18 -7 47 0 0.22 M M 8.9 18 10 M M 10 18 25 30
24 23 8 16 -10 49 0 T M M 12.5 29 350 M M 5 18 39 340
25 18 2 10 -16 55 0 0.00 M M 4.5 14 310 M M 3 20 300
26 19 -1 9 -17 56 0 0.01 M M 3.6 8 340 M M 3 18 10 350
27 27 5 16 -11 49 0 0.00 M M 5.6 16 350 M M 0 18 19 340
28 30 19 25 -2 40 0 0.40 M M 8.1 20 110 M M 7 1 28 90
================================================================================
SM 970 457 1101 0 1.56 M 192.7 M 129
================================================================================
AV 34.6 16.3 6.9 FASTST M M 5 MAX(MPH)
MISC ----> 30 340 # 42 280
================================================================================
NOTES:
# LAST OF SEVERAL OCCURRENCES
COLUMN 17 PEAK WIND IN M.P.H.
PRELIMINARY LOCAL CLIMATOLOGICAL DATA (WS FORM: F-6) , PAGE 2
STATION: AUGUSTA
MONTH: FEBRUARY
YEAR: 2023
LATITUDE: 44 18 N
LONGITUDE: 69 48 W
[TEMPERATURE DATA] [PRECIPITATION DATA] SYMBOLS USED IN COLUMN 16
AVERAGE MONTHLY: 25.5 TOTAL FOR MONTH: 1.56 1 = FOG OR MIST
DPTR FM NORMAL: 2.3 DPTR FM NORMAL: -0.76 2 = FOG REDUCING VISIBILITY
HIGHEST: 56 ON 16 GRTST 24HR 0.55 ON 9-10 TO 1/4 MILE OR LESS
LOWEST: -17 ON 4 3 = THUNDER
SNOW, ICE PELLETS, HAIL 4 = ICE PELLETS
TOTAL MONTH: M 5 = HAIL
GRTST 24HR M ON M 6 = FREEZING RAIN OR DRIZZLE
GRTST DEPTH: M ON M 7 = DUSTSTORM OR SANDSTORM:
VSBY 1/2 MILE OR LESS
8 = SMOKE OR HAZE
[NO. OF DAYS WITH] [WEATHER - DAYS WITH] 9 = BLOWING SNOW
X = TORNADO
MAX 32 OR BELOW: 12 0.01 INCH OR MORE: 9
MAX 90 OR ABOVE: 0 0.10 INCH OR MORE: 6
MIN 32 OR BELOW: 25 0.50 INCH OR MORE: 0
MIN 0 OR BELOW: 3 1.00 INCH OR MORE: 0
[HDD (BASE 65) ]
TOTAL THIS MO. 1101 CLEAR (SCALE 0-3) 11
DPTR FM NORMAL -71 PTCLDY (SCALE 4-7) 14
TOTAL FM JUL 1 4390 CLOUDY (SCALE 8-10) 3
DPTR FM NORMAL -828
[CDD (BASE 65) ]
TOTAL THIS MO. 0
DPTR FM NORMAL 0 [PRESSURE DATA]
TOTAL FM JAN 1 0 HIGHEST SLP 30.53 ON 25
DPTR FM NORMAL 0 LOWEST SLP 29.43 ON 17
[REMARKS]
#FINAL-02-23#