000
CXUS51 KGYX 010900
CF6AUG
PRELIMINARY LOCAL CLIMATOLOGICAL DATA (WS FORM: F-6)
STATION: AUGUSTA
MONTH: MARCH
YEAR: 2022
LATITUDE: 44 18 N
LONGITUDE: 69 48 W
TEMPERATURE IN F: :PCPN: SNOW: WIND :SUNSHINE: SKY :PK WND
================================================================================
1 2 3 4 5 6A 6B 7 8 9 10 11 12 13 14 15 16 17 18
12Z AVG MX 2MIN
DY MAX MIN AVG DEP HDD CDD WTR SNW DPTH SPD SPD DIR MIN PSBL S-S WX SPD DR
================================================================================
1 30 1 16 -11 49 0 0.19 M M 3.8 14 160 M M 5 1 23 200
2 34 21 28 0 37 0 0.01 M M 6.9 18 330 M M 3 18 26 340
3 31 11 21 -7 44 0 0.17 M M 10.2 24 310 M M 5 18 36 310
4 27 5 16 -12 49 0 0.00 M M 5.9 14 310 M M 0 8 21 290
5 39 15 27 -1 38 0 T M M 5.3 15 300 M M 1 20 290
6 54 31 43 14 22 0 0.09 M M 6.4 12 230 M M 7 128 19 240
7 53 37 45 16 20 0 0.52 M M 6.2 20 290 M M 6 12 30 290
8 40 27 34 5 31 0 T M M 15.0 29 290 M M 2 43 290
9 34 22 28 -2 37 0 T M M 2.9 13 160 M M 4 18 290
10 49 26 38 8 27 0 0.00 M M 4.4 16 290 M M 1 22 250
11 48 28 38 8 27 0 0.00 M M 5.6 10 160 M M 1 16 200
12 41 24 33 2 32 0 0.57 M M 12.4 29 340 M M 9 12 38 340
13 30 21 26 -5 39 0 T M M 12.3 25 280 M M 3 8 37 290
14 42 21 32 1 33 0 0.00 M M 5.8 13 210 M M 6 21 200
15 49 32 41 9 24 0 0.09 M M 3.1 12 320 M M 5 1 14 330
16 47 33 40 8 25 0 0.07 M M 5.3 10 190 M M 8 1 17 190
17 55 38 47 15 18 0 0.00 M M 7.4 15 160 M M 7 12 20 160
18 68 34 51 19 14 0 0.00 M M 4.6 16 20 M M 8 12 20 30
19 50 36 43 10 22 0 1.15 M M 9.0 15 120 M M 10 18 21 100
20 51 34 43 10 22 0 0.09 M M 5.7 16 320 M M 10 1 21 320
21 49 34 42 8 23 0 T M M 13.1 28 320 M M 5 43 330
22 41 30 36 2 29 0 0.00 M M 14.0 29 330 M M 2 40 310
23 50 28 39 5 26 0 0.00 M M 8.1 21 350 M M 0 27 350
24 39 32 36 1 29 0 0.17 M M 6.3 14 120 M M 9 1 20 130
25 55 33 44 9 21 0 0.41 M M 8.9 18 30 M M 10 1 24 250
26 50 38 44 9 21 0 0.00 M M 4.9 13 270 M M 9 19 280
27 51 30 41 5 24 0 0.00 M M 8.4 17 320 M M 7 25 300
28 32 18 25 -11 40 0 0.00 M M 11.7 18 320 M M 7 27 280
29 34 18 26 -10 39 0 0.00 M M 13.3 25 300 M M 4 36 340
30 50 24 37 0 28 0 0.00 M M 7.7 23 300 M M 1 31 300
31 53 34 44 7 21 0 0.22 M M 5.4 13 180 M M 9 128 20 190
================================================================================
SM 1376 816 911 0 3.75 M 240.0 M 164
================================================================================
AV 44.4 26.3 7.7 FASTST M M 5 MAX(MPH)
MISC ----> # 29 290 # 43 290
================================================================================
NOTES:
# LAST OF SEVERAL OCCURRENCES
COLUMN 17 PEAK WIND IN M.P.H.
PRELIMINARY LOCAL CLIMATOLOGICAL DATA (WS FORM: F-6) , PAGE 2
STATION: AUGUSTA
MONTH: MARCH
YEAR: 2022
LATITUDE: 44 18 N
LONGITUDE: 69 48 W
[TEMPERATURE DATA] [PRECIPITATION DATA] SYMBOLS USED IN COLUMN 16
AVERAGE MONTHLY: 35.4 TOTAL FOR MONTH: 3.75 1 = FOG OR MIST
DPTR FM NORMAL: 3.4 DPTR FM NORMAL: 0.54 2 = FOG REDUCING VISIBILITY
HIGHEST: 68 ON 18 GRTST 24HR 1.21 ON 19-20 TO 1/4 MILE OR LESS
LOWEST: 1 ON 1 3 = THUNDER
SNOW, ICE PELLETS, HAIL 4 = ICE PELLETS
TOTAL MONTH: M 5 = HAIL
GRTST 24HR M ON M 6 = FREEZING RAIN OR DRIZZLE
GRTST DEPTH: M ON M 7 = DUSTSTORM OR SANDSTORM:
VSBY 1/2 MILE OR LESS
8 = SMOKE OR HAZE
[NO. OF DAYS WITH] [WEATHER - DAYS WITH] 9 = BLOWING SNOW
X = TORNADO
MAX 32 OR BELOW: 5 0.01 INCH OR MORE: 13
MAX 90 OR ABOVE: 0 0.10 INCH OR MORE: 8
MIN 32 OR BELOW: 21 0.50 INCH OR MORE: 3
MIN 0 OR BELOW: 0 1.00 INCH OR MORE: 1
[HDD (BASE 65) ]
TOTAL THIS MO. 911 CLEAR (SCALE 0-3) 10
DPTR FM NORMAL -112 PTCLDY (SCALE 4-7) 14
TOTAL FM JUL 1 5482 CLOUDY (SCALE 8-10) 7
DPTR FM NORMAL -761
[CDD (BASE 65) ]
TOTAL THIS MO. 0
DPTR FM NORMAL 0 [PRESSURE DATA]
TOTAL FM JAN 1 0 HIGHEST SLP 30.47 ON 4
DPTR FM NORMAL 0 LOWEST SLP 28.98 ON 12
[REMARKS]
#FINAL-03-22#