000
CXUS51 KGYX 020517
CF6AUG
PRELIMINARY LOCAL CLIMATOLOGICAL DATA (WS FORM: F-6)
STATION: AUGUSTA
MONTH: NOVEMBER
YEAR: 2020
LATITUDE: 44 18 N
LONGITUDE: 69 48 W
TEMPERATURE IN F: :PCPN: SNOW: WIND :SUNSHINE: SKY :PK WND
================================================================================
1 2 3 4 5 6A 6B 7 8 9 10 11 12 13 14 15 16 17 18
12Z AVG MX 2MIN
DY MAX MIN AVG DEP HDD CDD WTR SNW DPTH SPD SPD DIR MIN PSBL S-S WX SPD DR
================================================================================
1 49 30 40 -3 25 0 0.40 0.0 M 5.1 14 160 M M 9 1 19 190
2 46 28 37 -6 28 0 0.23 0.0 M 12.9 28 280 M M 7 1 42 280
3 36 24 30 -12 35 0 0.02 M M 8.0 21 310 M M 5 18 31 320
4 43 23 33 -9 32 0 T M M 4.6 13 140 M M 6 17 150
5 60 40 50 8 15 0 0.00 0.0 M 5.4 13 180 M M 4 12 18 170
6 66 48 57 16 8 0 0.00 0.0 M 5.1 9 230 M M 1 17 230
7 73 55 64 23 1 0 0.00 0.0 M 5.8 14 290 M M 0 22 290
8 66 46 56 15 9 0 0.00 0.0 M 4.7 10 30 M M 3 12 14 160
9 69 44 57 17 8 0 0.00 0.0 M 2.8 8 280 M M 5 12 12 290
10 69 42 56 16 9 0 0.00 0.0 M 4.1 9 160 M M 2 12 12 190
11 71 47 59 19 6 0 T 0.0 M 6.8 13 200 M M 3 12 20 200
12 63 39 51 12 14 0 0.01 0.0 M 8.8 16 350 M M 6 20 360
13 39 32 36 -3 29 0 0.08 0.0 M 5.8 13 30 M M 7 1 18 40
14 48 31 40 1 25 0 0.00 0.0 M 7.2 16 310 M M 5 12 23 280
15 49 29 39 1 26 0 0.30 0.0 M 6.7 23 160 M M 4 1 36 130
16 53 39 46 8 19 0 0.43 0.0 M 8.8 29 280 M M 7 1 56 160
17 43 29 36 -2 29 0 0.00 0.0 M 8.0 17 300 M M 7 24 310
18 29 20 25 -12 40 0 0.00 0.0 M 11.2 23 330 M M 2 31 300
19 36 19 28 -9 37 0 0.00 M M 5.5 10 180 M M 4 19 190
20 50 35 43 7 22 0 T M M 3.2 10 230 M M 4 16 230
21 53 32 43 7 22 0 0.00 M M 9.7 21 290 M M 1 30 300
22 37 25 31 -5 34 0 T 0.0 M 4.6 10 150 M M 3 14 360
23 51 33 42 7 23 0 2.38 0.0 M 8.3 23 300 M M 10 123 34 290
24 34 20 27 -8 38 0 0.00 0.0 M 11.5 23 300 M M 1 33 290
25 29 19 24 -10 41 0 0.01 M M 2.4 9 340 M M 8 12 10 320
26 37 29 33 -1 32 0 0.58 M M 5.5 12 10 M M 10 126 14 360
27 48 31 40 6 25 0 0.11 M M 2.3 13 40 M M 10 12 15 40
28 43 31 37 4 28 0 0.01 M M 2.0 8 310 M M 8 12 11 30
29 49 31 40 7 25 0 0.00 0.0 M 4.6 12 170 M M 2 1 15 270
30 57 30 44 12 21 0 2.30 0.0 M 10.3 36 160 M M 9 12 55 160
================================================================================
SM 1496 981 706 0 6.86 0.0 191.7 M 153
================================================================================
AV 49.9 32.7 6.4 FASTST M M 5 MAX(MPH)
MISC ----> # 36 160 # 56 160
================================================================================
NOTES:
# LAST OF SEVERAL OCCURRENCES
COLUMN 17 PEAK WIND IN M.P.H.
PRELIMINARY LOCAL CLIMATOLOGICAL DATA (WS FORM: F-6) , PAGE 2
STATION: AUGUSTA
MONTH: NOVEMBER
YEAR: 2020
LATITUDE: 44 18 N
LONGITUDE: 69 48 W
[TEMPERATURE DATA] [PRECIPITATION DATA] SYMBOLS USED IN COLUMN 16
AVERAGE MONTHLY: 41.3 TOTAL FOR MONTH: 6.86 1 = FOG OR MIST
DPTR FM NORMAL: 3.4 DPTR FM NORMAL: 2.50 2 = FOG REDUCING VISIBILITY
HIGHEST: 73 ON 7 GRTST 24HR 2.38 ON 23-23 TO 1/4 MILE OR LESS
LOWEST: 19 ON 25,19 3 = THUNDER
SNOW, ICE PELLETS, HAIL 4 = ICE PELLETS
TOTAL MONTH: 0.0 INCH 5 = HAIL
GRTST 24HR 0.0 6 = FREEZING RAIN OR DRIZZLE
GRTST DEPTH: M ON M 7 = DUSTSTORM OR SANDSTORM:
VSBY 1/2 MILE OR LESS
8 = SMOKE OR HAZE
[NO. OF DAYS WITH] [WEATHER - DAYS WITH] 9 = BLOWING SNOW
X = TORNADO
MAX 32 OR BELOW: 2 0.01 INCH OR MORE: 13
MAX 90 OR ABOVE: 0 0.10 INCH OR MORE: 8
MIN 32 OR BELOW: 19 0.50 INCH OR MORE: 3
MIN 0 OR BELOW: 0 1.00 INCH OR MORE: 2
[HDD (BASE 65) ]
TOTAL THIS MO. 706 CLEAR (SCALE 0-3) 9
DPTR FM NORMAL -107 PTCLDY (SCALE 4-7) 15
TOTAL FM JUL 1 1400 CLOUDY (SCALE 8-10) 6
DPTR FM NORMAL -148
[CDD (BASE 65) ]
TOTAL THIS MO. 0
DPTR FM NORMAL 0 [PRESSURE DATA]
TOTAL FM JAN 1 581 HIGHEST SLP M ON M
DPTR FM NORMAL 193 LOWEST SLP 29.30 ON 2
[REMARKS]
#FINAL-11-20#