000
CXUS53 KGRB 020506
CF6AUW
PRELIMINARY LOCAL CLIMATOLOGICAL DATA (WS FORM: F-6)
STATION: WAUSAU WI
MONTH: DECEMBER
YEAR: 2022
LATITUDE: 44 55 N
LONGITUDE: 89 37 W
TEMPERATURE IN F: :PCPN: SNOW: WIND :SUNSHINE: SKY :PK WND
================================================================================
1 2 3 4 5 6A 6B 7 8 9 10 11 12 13 14 15 16 17 18
12Z AVG MX 2MIN
DY MAX MIN AVG DEP HDD CDD WTR SNW DPTH SPD SPD DIR MIN PSBL S-S WX SPD DR
================================================================================
1 32 10 21 -5 44 0 0.00 0.0 0 9.3 18 150 M M 3 24 140
2 43 27 35 10 30 0 T T T 10.4 21 260 M M 4 1 29 260
3 34 9 22 -3 43 0 0.02 0.3 T 13.4 33 270 M M 3 43 270
4 34 8 21 -4 44 0 0.00 0.0 T 8.0 18 230 M M 0 28 250
5 34 26 30 6 35 0 0.00 0.0 0 5.6 12 300 M M 6 15 290
6 31 17 24 0 41 0 0.00 0.0 0 4.6 10 70 M M 8 8 14 70
7 30 14 22 -2 43 0 0.01 0.3 0 4.9 10 340 M M 9 8 16 350
8 34 10 22 -1 43 0 0.00 0.0 0 2.9 7 70 M M 3 18 9 40
9 33 21 27 4 38 0 0.00 0.0 0 10.4 18 60 M M 9 1 27 90
10 33 29 31 9 34 0 0.05 0.8 1 5.3 13 90 M M 10 18 17 100
11 35 31 33 11 32 0 0.00 0.0 T 5.2 10 60 M M 10 18 14 60
12 33 31 32 10 33 0 0.00 0.0 0 8.1 17 110 M M 10 23 120
13 34 31 33 12 32 0 T T 0 13.9 24 90 M M 10 36 60
14 34 32 33 12 32 0 0.41 1.1 1 16.4 29 90 M M 10 16 42 90
15 33 28 31 10 34 0 0.40 6.4 8 11.2 20 140 M M 10 1268 28 150
16 28 21 25 5 40 0 0.17 2.4 11 8.1 16 170 M M 10 1 24 150
17 25 11 18 -2 47 0 0.04 1.0 11 5.7 15 260 M M 9 18 21 270
18 22 10 16 -4 49 0 T T 9 10.9 17 280 M M 10 18 23 270
19 16 8 12 -8 53 0 0.12 2.5 13 5.4 13 110 M M 10 18 17 110
20 18 -7 6 -13 59 0 0.01 0.1 11 9.8 18 250 M M 6 18 25 250
21 10 -10 0 -19 65 0 0.04 1.1 11 4.6 13 100 M M 4 8 17 100
22 13 -8 3 -16 62 0 0.22 2.6 12 11.6 23 280 M M 10 18 30 270
23 3 -13 -5 -23 70 0 T T 12 20.6 28 270 M M 8 89 40 260
24 6 1 4 -14 61 0 0.00 0.0 12 21.0 29 280 M M 5 8 38 280
25 3 -5 -1 -19 66 0 0.00 0.0 12 11.6 23 280 M M 2 30 280
26 19 2 11 -7 54 0 T T 12 4.8 12 310 M M 2 17 300
27 19 5 12 -6 53 0 0.00 0.0 12 9.2 18 130 M M 4 26 130
28 36 18 27 10 38 0 0.00 0.0 11 6.9 14 110 M M 0 8 18 130
29 43 34 39 22 26 0 0.09 0.0 7 4.5 12 170 M M 6 128 16 180
30 44 20 32 15 33 0 0.00 0.0 5 9.7 20 260 M M 10 128 27 260
31 29 19 24 7 41 0 0.01 0.2 5 4.3 9 130 M M 10 18 12 100
================================================================================
SM 841 430 1375 0 1.59 18.8 278.3 M 211
================================================================================
AV 27.1 13.9 9.0 FASTST M M 7 MAX(MPH)
MISC ----> 33 270 43 270
================================================================================
NOTES:
# LAST OF SEVERAL OCCURRENCES
COLUMN 17 PEAK WIND IN M.P.H.
PRELIMINARY LOCAL CLIMATOLOGICAL DATA (WS FORM: F-6) , PAGE 2
STATION: WAUSAU WI
MONTH: DECEMBER
YEAR: 2022
LATITUDE: 44 55 N
LONGITUDE: 89 37 W
[TEMPERATURE DATA] [PRECIPITATION DATA] SYMBOLS USED IN COLUMN 16
AVERAGE MONTHLY: 20.5 TOTAL FOR MONTH: 1.59 1 = FOG OR MIST
DPTR FM NORMAL: -0.2 DPTR FM NORMAL: 0.05 2 = FOG REDUCING VISIBILITY
HIGHEST: 44 ON 30 GRTST 24HR 0.81 ON 14-15 TO 1/4 MILE OR LESS
LOWEST: -13 ON 23 3 = THUNDER
SNOW, ICE PELLETS, HAIL 4 = ICE PELLETS
TOTAL MONTH: 18.8 INCHES 5 = HAIL
GRTST 24HR 6.4 ON 15-15 6 = FREEZING RAIN OR DRIZZLE
GRTST DEPTH: 13 ON 19 7 = DUSTSTORM OR SANDSTORM:
VSBY 1/2 MILE OR LESS
8 = SMOKE OR HAZE
[NO. OF DAYS WITH] [WEATHER - DAYS WITH] 9 = BLOWING SNOW
X = TORNADO
MAX 32 OR BELOW: 16 0.01 INCH OR MORE: 13
MAX 90 OR ABOVE: 0 0.10 INCH OR MORE: 5
MIN 32 OR BELOW: 30 0.50 INCH OR MORE: 0
MIN 0 OR BELOW: 5 1.00 INCH OR MORE: 0
[HDD (BASE 65) ]
TOTAL THIS MO. 1375 CLEAR (SCALE 0-3) 5
DPTR FM NORMAL 2 PTCLDY (SCALE 4-7) 11
TOTAL FM JUL 1 2924 CLOUDY (SCALE 8-10) 15
DPTR FM NORMAL -266
[CDD (BASE 65) ]
TOTAL THIS MO. 0
DPTR FM NORMAL 0 [PRESSURE DATA]
TOTAL FM JAN 1 665 HIGHEST SLP 30.55 ON 21
DPTR FM NORMAL 243 LOWEST SLP 29.36 ON 15
[REMARKS]
#FINAL-12-22#