000
CXUS53 KGRB 011409
CF6AUW
PRELIMINARY LOCAL CLIMATOLOGICAL DATA (WS FORM: F-6)
STATION: WAUSAU WI
MONTH: NOVEMBER
YEAR: 2023
LATITUDE: 44 55 N
LONGITUDE: 89 37 W
TEMPERATURE IN F: :PCPN: SNOW: WIND :SUNSHINE: SKY :PK WND
================================================================================
1 2 3 4 5 6A 6B 7 8 9 10 11 12 13 14 15 16 17 18
12Z AVG MX 2MIN
DY MAX MIN AVG DEP HDD CDD WTR SNW DPTH SPD SPD DIR MIN PSBL S-S WX SPD DR
================================================================================
1 36 17 27 -12 38 0 0.00 0.0 T 6.0 15 220 M M 4 22 210
2 44 24 34 -5 31 0 0.00 0.0 0 4.0 13 210 M M 0 18 210
3 54 30 42 4 23 0 T 0.0 0 5.2 14 190 M M 3 19 200
4 46 24 35 -3 30 0 0.00 0.0 0 2.4 15 280 M M M 15 280
5 52 35 44 6 21 0 0.02 0.0 0 6.1 18 150 M M M 26 140
6 61 41 51 14 14 0 0.01 0.0 0 14.8 29 270 M M M 40 260
7 46 34 40 3 25 0 T 0.0 0 8.6 20 110 M M M 28 120
8 43 36 40 4 25 0 0.04 0.0 0 7.5 20 260 M M M 29 100
9 47 33 40 4 25 0 0.00 0.0 0 14.2 29 260 M M M 42 270
10 39 34 37 2 28 0 0.00 0.0 0 8.4 16 280 M M M 21 270
11 40 33 37 2 28 0 0.08 T 0 4.6 10 80 M M M 13 110
12 54 36 45 11 20 0 0.00 0.0 0 11.5 23 190 M M M 32 190
13 59 30 45 11 20 0 0.00 0.0 0 8.7 21 270 M M M 28 280
14 59 26 43 9 22 0 0.00 0.0 0 10.3 20 170 M M M 30 180
15 59 32 46 13 19 0 0.00 0.0 0 4.7 14 180 M M M 21 180
16 65 31 48 16 17 0 0.00 0.0 0 12.5 31 200 M M M 45 210
17 42 27 35 3 30 0 0.00 0.0 0 7.8 20 320 M M M 27 320
18 50 27 39 7 26 0 0.00 0.0 0 5.3 14 240 M M M 19 280
19 50 23 37 6 28 0 0.00 0.0 0 2.4 8 70 M M M 9 70
20 42 30 36 5 29 0 0.00 0.0 0 6.6 17 310 M M M 20 100
21 47 32 40 10 25 0 0.00 0.0 0 8.6 17 310 M M M 26 320
22 39 24 32 2 33 0 0.00 0.0 0 6.4 19 290 M M M 19 280
23 36 19 28 -1 37 0 0.00 0.0 0 8.9 18 300 M M M 25 300
24 29 13 21 -8 44 0 0.00 0.0 0 8.5 15 320 M M M 21 320
25 30 18 24 -4 41 0 T 0.2 T 4.8 12 210 M M M 17 180
26 27 20 24 -4 41 0 0.09 1.4 1 8.5 23 280 M M M 34 260
27 20 9 15 -13 50 0 0.00 0.0 1 14.4 24 280 M M M 32 280
28 20 4 12 -15 53 0 0.00 0.0 1 9.5 17 200 M M M 25 200
29 39 15 27 0 38 0 0.00 0.0 T 4.6 15 260 M M M 21 260
30 44 20 32 6 33 0 0.00 0.0 0 4.5 13 300 M M M 17 320
================================================================================
SM 1319 777 894 0 0.24 1.6 230.3 M 7
================================================================================
AV 44.0 25.9 7.7 FASTST M M 2 MAX(MPH)
MISC ----> 31 200 45 210
================================================================================
NOTES:
# LAST OF SEVERAL OCCURRENCES
COLUMN 17 PEAK WIND IN M.P.H.
PRELIMINARY LOCAL CLIMATOLOGICAL DATA (WS FORM: F-6) , PAGE 2
STATION: WAUSAU WI
MONTH: NOVEMBER
YEAR: 2023
LATITUDE: 44 55 N
LONGITUDE: 89 37 W
[TEMPERATURE DATA] [PRECIPITATION DATA] SYMBOLS USED IN COLUMN 16
AVERAGE MONTHLY: 34.9 TOTAL FOR MONTH: 0.24 1 = FOG OR MIST
DPTR FM NORMAL: 2.1 DPTR FM NORMAL: -1.61 2 = FOG REDUCING VISIBILITY
HIGHEST: 65 ON 16 GRTST 24HR 0.09 ON 26-26 TO 1/4 MILE OR LESS
LOWEST: 4 ON 28 3 = THUNDER
SNOW, ICE PELLETS, HAIL 4 = ICE PELLETS
TOTAL MONTH: 4.2 INCHES 5 = HAIL
GRTST 24HR 1.4 ON 26-26 6 = FREEZING RAIN OR DRIZZLE
GRTST DEPTH: 2 ON M 7 = DUSTSTORM OR SANDSTORM:
VSBY 1/2 MILE OR LESS
8 = SMOKE OR HAZE
[NO. OF DAYS WITH] [WEATHER - DAYS WITH] 9 = BLOWING SNOW
X = TORNADO
MAX 32 OR BELOW: 5 0.01 INCH OR MORE: 5
MAX 90 OR ABOVE: 0 0.10 INCH OR MORE: 0
MIN 32 OR BELOW: 22 0.50 INCH OR MORE: 0
MIN 0 OR BELOW: 0 1.00 INCH OR MORE: 0
[HDD (BASE 65) ]
TOTAL THIS MO. 894 CLEAR (SCALE 0-3) 2
DPTR FM NORMAL -72 PTCLDY (SCALE 4-7) 1
TOTAL FM JUL 1 1545 CLOUDY (SCALE 8-10) 27
DPTR FM NORMAL -272
[CDD (BASE 65) ]
TOTAL THIS MO. 0
DPTR FM NORMAL 0 [PRESSURE DATA]
TOTAL FM JAN 1 603 HIGHEST SLP M ON M
DPTR FM NORMAL 181 LOWEST SLP 29.98 ON 2
[REMARKS]
#FINAL-11-23#