000
CXUS52 KGSP 010817
CF6AVL
PRELIMINARY LOCAL CLIMATOLOGICAL DATA (WS FORM: F-6)
STATION: ASHEVILLE NC
MONTH: MARCH
YEAR: 2023
LATITUDE: 35 25 N
LONGITUDE: 82 33 W
TEMPERATURE IN F: :PCPN: SNOW: WIND :SUNSHINE: SKY :PK WND
================================================================================
1 2 3 4 5 6A 6B 7 8 9 10 11 12 13 14 15 16 17 18
12Z AVG MX 2MIN
DY MAX MIN AVG DEP HDD CDD WTR SNW DPTH SPD SPD DIR MIN PSBL S-S WX SPD DR
================================================================================
1 71 37 54 9 11 0 0.00 0.0 0 4.3 16 180 M M 1 23 190
2 61 53 57 12 8 0 0.39 0.0 0 5.6 23 330 M M 9 13 29 340
3 65 52 59 14 6 0 0.46 0.0 0 12.0 36 180 M M 8 13 48 180
4 60 44 52 6 13 0 0.00 0.0 0 12.1 25 330 M M 0 31 330
5 63 33 48 2 17 0 0.00 0.0 0 3.1 13 150 M M 0 19 150
6 72 34 53 7 12 0 0.00 0.0 0 4.1 16 190 M M 0 22 220
7 69 45 57 11 8 0 0.00 0.0 0 11.8 28 320 M M 2 39 340
8 61 40 51 5 14 0 0.00 0.0 0 7.6 20 340 M M 1 27 330
9 62 34 48 1 17 0 T 0.0 0 4.6 14 180 M M 5 19 180
10 64 37 51 4 14 0 0.00 0.0 0 10.6 22 340 M M 5 33 350
11 55 33 44 -3 21 0 0.01 0.0 0 9.6 22 340 M M 2 27 340
12 43 34 39 -8 26 0 0.50 0.0 0 6.1 14 150 M M 10 1 19 160
13 46 30 38 -10 27 0 0.00 0.0 0 14.0 30 330 M M 7 1 36 340
14 39 28 34 -14 31 0 0.00 0.0 0 15.5 28 320 M M 4 37 340
15 52 26 39 -9 26 0 0.00 0.0 0 11.5 26 330 M M 0 33 330
16 65 23 44 -4 21 0 0.00 0.0 0 6.3 21 190 M M 0 26 200
17 57 38 48 0 17 0 0.03 0.0 0 11.8 26 340 M M 8 36 330
18 48 31 40 -9 25 0 0.00 0.0 0 13.8 24 330 M M 2 33 340
19 38 23 31 -18 34 0 0.00 0.0 0 14.2 26 330 M M 1 33 320
20 51 22 37 -12 28 0 0.00 0.0 0 6.0 17 340 M M 0 24 340
21 57 24 41 -9 24 0 0.00 0.0 0 4.6 16 160 M M 1 23 160
22 54 41 48 -2 17 0 0.28 0.0 0 3.0 12 180 M M 10 1 15 190
23 77 42 60 10 5 0 0.00 0.0 0 5.8 20 190 M M 2 24 180
24 81 46 64 14 1 0 0.00 0.0 0 7.2 21 190 M M 0 29 170
25 76 54 65 14 0 0 0.23 0.0 0 9.0 28 180 M M 4 1 46 220
26 72 50 61 10 4 0 0.01 0.0 0 4.8 12 130 M M 4 16 160
27 76 55 66 15 0 1 0.01 0.0 0 8.7 23 320 M M 3 26 320
28 67 45 56 4 9 0 T 0.0 0 9.3 24 320 M M 4 31 320
29 62 36 49 -3 16 0 0.00 0.0 0 7.3 21 330 M M 1 27 330
30 66 29 48 -4 17 0 0.00 0.0 0 4.7 15 150 M M 0 2 20 160
31 65 43 54 2 11 0 0.00 0.0 0 7.4 20 210 M M 5 27 210
================================================================================
SM 1895 1162 480 1 1.92 0.0 256.4 M 99
================================================================================
AV 61.1 37.5 8.3 FASTST M M 3 MAX(MPH)
MISC ----> 36 180 48 180
================================================================================
NOTES:
# LAST OF SEVERAL OCCURRENCES
COLUMN 17 PEAK WIND IN M.P.H.
PRELIMINARY LOCAL CLIMATOLOGICAL DATA (WS FORM: F-6) , PAGE 2
STATION: ASHEVILLE NC
MONTH: MARCH
YEAR: 2023
LATITUDE: 35 25 N
LONGITUDE: 82 33 W
[TEMPERATURE DATA] [PRECIPITATION DATA] SYMBOLS USED IN COLUMN 16
AVERAGE MONTHLY: 49.3 TOTAL FOR MONTH: 1.92 1 = FOG OR MIST
DPTR FM NORMAL: 0.9 DPTR FM NORMAL: -1.88 2 = FOG REDUCING VISIBILITY
HIGHEST: 81 ON 24 GRTST 24HR 0.51 ON 11-12 TO 1/4 MILE OR LESS
LOWEST: 22 ON 20 3 = THUNDER
SNOW, ICE PELLETS, HAIL 4 = ICE PELLETS
TOTAL MONTH: 0.0 INCH 5 = HAIL
GRTST 24HR 0.0 6 = FREEZING RAIN OR DRIZZLE
GRTST DEPTH: 0 7 = DUSTSTORM OR SANDSTORM:
VSBY 1/2 MILE OR LESS
8 = SMOKE OR HAZE
[NO. OF DAYS WITH] [WEATHER - DAYS WITH] 9 = BLOWING SNOW
X = TORNADO
MAX 32 OR BELOW: 0 0.01 INCH OR MORE: 9
MAX 90 OR ABOVE: 0 0.10 INCH OR MORE: 5
MIN 32 OR BELOW: 9 0.50 INCH OR MORE: 1
MIN 0 OR BELOW: 0 1.00 INCH OR MORE: 0
[HDD (BASE 65) ]
TOTAL THIS MO. 480 CLEAR (SCALE 0-3) 18
DPTR FM NORMAL -35 PTCLDY (SCALE 4-7) 10
TOTAL FM JUL 1 3258 CLOUDY (SCALE 8-10) 3
DPTR FM NORMAL -238
[CDD (BASE 65) ]
TOTAL THIS MO. 1
DPTR FM NORMAL 0 [PRESSURE DATA]
TOTAL FM JAN 1 1 HIGHEST SLP 30.45 ON 21
DPTR FM NORMAL 0 LOWEST SLP 29.30 ON 3
[REMARKS]
#FINAL-03-23#