000
CXUS52 KGSP 011557
CF6AVL
PRELIMINARY LOCAL CLIMATOLOGICAL DATA (WS FORM: F-6)
STATION: ASHEVILLE NC
MONTH: OCTOBER
YEAR: 2021
LATITUDE: 35 25 N
LONGITUDE: 82 33 W
TEMPERATURE IN F: :PCPN: SNOW: WIND :SUNSHINE: SKY :PK WND
================================================================================
1 2 3 4 5 6A 6B 7 8 9 10 11 12 13 14 15 16 17 18
12Z AVG MX 2MIN
DY MAX MIN AVG DEP HDD CDD WTR SNW DPTH SPD SPD DIR MIN PSBL S-S WX SPD DR
================================================================================
1 77 57 67 4 0 2 0.00 0.0 0 2.3 12 170 M M 5 18 15 150
2 79 62 71 8 0 6 0.00 0.0 0 4.2 13 220 M M 7 18 20 200
3 75 57 66 3 0 1 0.27 0.0 0 3.9 16 180 M M 8 128 22 200
4 75 61 68 6 0 3 0.06 0.0 0 3.4 12 180 M M 7 1 14 190
5 73 62 68 6 0 3 0.33 0.0 0 2.4 10 180 M M 9 1 12 110
6 70 64 67 5 0 2 0.88 0.0 0 3.6 17 170 M M 9 1 23 170
7 70 60 65 4 0 0 2.92 0.0 0 2.9 13 330 M M 10 1 17 10
8 73 64 69 8 0 4 0.44 0.0 0 2.6 12 160 M M 9 1 14 170
9 77 61 69 9 0 4 0.04 0.0 0 4.6 16 330 M M 7 1 22 320
10 79 58 69 9 0 4 0.00 0.0 0 3.5 10 330 M M 5 14 150
11 76 61 69 9 0 4 0.00 0.0 0 5.1 12 160 M M 6 8 17 130
12 79 57 68 9 0 3 0.00 0.0 0 1.5 9 340 M M 5 18 12 330
13 78 59 69 10 0 4 0.00 0.0 0 2.7 9 330 M M 5 128 11 320
14 80 57 69 10 0 4 0.00 0.0 0 3.8 12 340 M M 1 18 17 320
15 80 58 69 11 0 4 0.00 0.0 0 2.4 12 160 M M 4 128 14 160
16 69 49 59 1 6 0 0.00 0.0 0 10.6 30 310 M M 3 1 38 320
17 60 43 52 -6 13 0 0.00 0.0 0 11.4 23 330 M M 0 31 330
18 69 37 53 -4 12 0 0.00 0.0 0 4.7 14 330 M M 0 19 320
19 73 37 55 -2 10 0 0.00 0.0 0 2.1 8 330 M M 0 8 11 170
20 74 39 57 1 8 0 0.00 0.0 0 3.5 14 330 M M 0 8 20 340
21 73 41 57 1 8 0 T 0.0 0 5.0 14 210 M M 3 18 20 200
22 68 52 60 4 5 0 0.00 0.0 0 8.3 17 330 M M 3 128 22 340
23 69 47 58 3 7 0 0.00 0.0 0 6.0 17 340 M M 2 23 340
24 72 41 57 2 8 0 0.00 0.0 0 3.9 13 160 M M 1 18 17 120
25 73 50 62 7 3 0 0.10 0.0 0 6.9 22 190 M M 3 128 29 340
26 57 44 51 -3 14 0 0.00 0.0 0 12.0 26 330 M M 4 35 320
27 67 42 55 1 10 0 0.00 0.0 0 6.3 24 330 M M 1 8 34 330
28 54 41 48 -6 17 0 0.36 0.0 0 4.2 18 180 M M 6 1 23 170
29 55 47 51 -2 14 0 0.18 0.0 0 4.9 15 200 M M 10 12 20 210
30 56 41 49 -4 16 0 0.04 0.0 0 3.3 9 330 M M 9 12 12 340
31 60 48 54 2 11 0 0.02 0.0 0 10.9 21 330 M M 6 1 28 340
================================================================================
SM 2190 1597 162 48 5.64 0.0 152.9 M 148
================================================================================
AV 70.6 51.5 4.9 FASTST M M 5 MAX(MPH)
MISC ----> 30 310 38 320
================================================================================
NOTES:
# LAST OF SEVERAL OCCURRENCES
COLUMN 17 PEAK WIND IN M.P.H.
PRELIMINARY LOCAL CLIMATOLOGICAL DATA (WS FORM: F-6) , PAGE 2
STATION: ASHEVILLE NC
MONTH: OCTOBER
YEAR: 2021
LATITUDE: 35 25 N
LONGITUDE: 82 33 W
[TEMPERATURE DATA] [PRECIPITATION DATA] SYMBOLS USED IN COLUMN 16
AVERAGE MONTHLY: 61.1 TOTAL FOR MONTH: 5.64 1 = FOG OR MIST
DPTR FM NORMAL: 3.2 DPTR FM NORMAL: 2.27 2 = FOG REDUCING VISIBILITY
HIGHEST: 80 ON 15,14 GRTST 24HR 2.94 ON 7- 8 TO 1/4 MILE OR LESS
LOWEST: 37 ON 19,18 3 = THUNDER
SNOW, ICE PELLETS, HAIL 4 = ICE PELLETS
TOTAL MONTH: 0.0 INCH 5 = HAIL
GRTST 24HR 0.0 6 = FREEZING RAIN OR DRIZZLE
GRTST DEPTH: 0 7 = DUSTSTORM OR SANDSTORM:
VSBY 1/2 MILE OR LESS
8 = SMOKE OR HAZE
[NO. OF DAYS WITH] [WEATHER - DAYS WITH] 9 = BLOWING SNOW
X = TORNADO
MAX 32 OR BELOW: 0 0.01 INCH OR MORE: 12
MAX 90 OR ABOVE: 0 0.10 INCH OR MORE: 8
MIN 32 OR BELOW: 0 0.50 INCH OR MORE: 2
MIN 0 OR BELOW: 0 1.00 INCH OR MORE: 1
[HDD (BASE 65) ]
TOTAL THIS MO. 162 CLEAR (SCALE 0-3) 10
DPTR FM NORMAL -77 PTCLDY (SCALE 4-7) 15
TOTAL FM JUL 1 193 CLOUDY (SCALE 8-10) 6
DPTR FM NORMAL -81
[CDD (BASE 65) ]
TOTAL THIS MO. 48
DPTR FM NORMAL 29 [PRESSURE DATA]
TOTAL FM JAN 1 1004 HIGHEST SLP 30.31 ON 20
DPTR FM NORMAL -43 LOWEST SLP 29.45 ON 29
[REMARKS]
#FINAL-10-21#