000
CXUS54 KEWX 011010
CF6BAZ
PRELIMINARY LOCAL CLIMATOLOGICAL DATA (WS FORM: F-6)
STATION: NEW BRAUNFELS
MONTH: AUGUST
YEAR: 2023
LATITUDE: 29 43 N
LONGITUDE: 98 3 W
TEMPERATURE IN F: :PCPN: SNOW: WIND :SUNSHINE: SKY :PK WND
================================================================================
1 2 3 4 5 6A 6B 7 8 9 10 11 12 13 14 15 16 17 18
12Z AVG MX 2MIN
DY MAX MIN AVG DEP HDD CDD WTR SNW DPTH SPD SPD DIR MIN PSBL S-S WX SPD DR
================================================================================
1 105 76 91 5 0 26 0.00 0.0 0 7.5 18 160 M M 1 25 150
2 104 77 91 5 0 26 0.00 0.0 0 9.3 22 160 M M 0 31 150
3 104 77 91 5 0 26 0.00 M M 10.0 23 160 M M 1 29 150
4 105 77 91 5 0 26 0.00 M M 10.4 23 160 M M 0 29 160
5 106 75 91 5 0 26 0.00 M M 9.6 21 170 M M 0 27 150
6 106 77 92 6 0 27 0.00 M M 11.7 24 170 M M 2 31 160
7 107 77 92 6 0 27 0.00 M M 10.2 24 170 M M 0 31 160
8 106 77 92 6 0 27 0.00 M M 12.4 26 160 M M 1 35 170
9 108 76 92 6 0 27 0.00 M M 14.3 25 170 M M 1 35 160
10 107 79 93 7 0 28 0.00 0.0 0 12.7 23 150 M M 2 30 210
11 107 79 93 7 0 28 0.00 0.0 0 12.9 25 150 M M 2 35 190
12 107 80 94 8 0 29 0.00 M M 12.7 24 160 M M 3 18 38 170
13 106 80 93 7 0 28 0.00 M M 12.1 22 160 M M 4 18 29 160
14 105 76 91 5 0 26 0.00 M M 7.0 20 180 M M 2 1 25 180
15 104 78 91 5 0 26 0.00 M M 8.2 18 60 M M 0 27 70
16 106 75 91 5 0 26 0.00 0.0 0 6.1 16 110 M M 0 24 110
17 108 75 92 7 0 27 0.00 M M 7.2 18 160 M M 0 23 170
18 106 75 91 6 0 26 0.00 M M 8.3 20 160 M M 0 25 120
19 105 75 90 5 0 25 0.00 M M 8.3 20 150 M M 2 26 140
20 107 77 92 7 0 27 0.00 M M 5.8 15 120 M M 1 20 110
21 107 79 93 8 0 28 0.00 M M 8.9 24 120 M M 1 32 120
22 95 78 87 2 0 22 0.18 M M 10.1 31 120 M M 3 138 51 60
23 101 78 90 5 0 25 0.04 M M 7.7 17 160 M M 5 1 23 150
24 104 76 90 5 0 25 0.00 M M 5.7 17 170 M M 0 26 190
25 106 77 92 8 0 27 0.00 M M 7.1 20 160 M M 0 25 150
26 106 75 91 7 0 26 0.00 M M 6.0 16 150 M M 0 24 120
27 108 77 93 9 0 28 0.00 M M 7.5 30 350 M M 1 38 350
28 104 78 91 7 0 26 0.00 M M 8.9 21 20 M M 1 38 28 10
29 101 78 90 6 0 25 0.00 M M 9.8 21 40 M M 1 31 60
30 103 72 88 4 0 23 0.00 M M 6.8 18 10 M M 1 26 70
31 104 72 88 5 0 23 0.00 M M 6.0 18 120 M M 1 25 60
================================================================================
SM 3258 2378 0 812 0.22 0.0 281.2 M 36
================================================================================
AV105.1 76.7 9.1 FASTST M M 1 MAX(MPH)
MISC ----> 31 120 51 60
================================================================================
NOTES:
# LAST OF SEVERAL OCCURRENCES
COLUMN 17 PEAK WIND IN M.P.H.
PRELIMINARY LOCAL CLIMATOLOGICAL DATA (WS FORM: F-6) , PAGE 2
STATION: NEW BRAUNFELS
MONTH: AUGUST
YEAR: 2023
LATITUDE: 29 43 N
LONGITUDE: 98 3 W
[TEMPERATURE DATA] [PRECIPITATION DATA] SYMBOLS USED IN COLUMN 16
AVERAGE MONTHLY: 90.9 TOTAL FOR MONTH: 0.22 1 = FOG OR MIST
DPTR FM NORMAL: 5.8 DPTR FM NORMAL: -1.79 2 = FOG REDUCING VISIBILITY
HIGHEST: 108 ON 27,17 GRTST 24HR 0.22 ON 22-23 TO 1/4 MILE OR LESS
LOWEST: 72 ON 31,30 3 = THUNDER
SNOW, ICE PELLETS, HAIL 4 = ICE PELLETS
TOTAL MONTH: 0.0 INCH 5 = HAIL
GRTST 24HR 0.0 6 = FREEZING RAIN OR DRIZZLE
GRTST DEPTH: 0 7 = DUSTSTORM OR SANDSTORM:
VSBY 1/2 MILE OR LESS
8 = SMOKE OR HAZE
[NO. OF DAYS WITH] [WEATHER - DAYS WITH] 9 = BLOWING SNOW
X = TORNADO
MAX 32 OR BELOW: 0 0.01 INCH OR MORE: 2
MAX 90 OR ABOVE: 31 0.10 INCH OR MORE: 1
MIN 32 OR BELOW: 0 0.50 INCH OR MORE: 0
MIN 0 OR BELOW: 0 1.00 INCH OR MORE: 0
[HDD (BASE 65) ]
TOTAL THIS MO. 0 CLEAR (SCALE 0-3) 29
DPTR FM NORMAL 0 PTCLDY (SCALE 4-7) 2
TOTAL FM JUL 1 0 CLOUDY (SCALE 8-10) 0
DPTR FM NORMAL 0
[CDD (BASE 65) ]
TOTAL THIS MO. 812
DPTR FM NORMAL 189 [PRESSURE DATA]
TOTAL FM JAN 1 2900 HIGHEST SLP 30.10 ON 15
DPTR FM NORMAL 504 LOWEST SLP 29.69 ON 9
[REMARKS]
#FINAL-08-23#