000
CXUS51 KBOX 051215
CF6BDL
PRELIMINARY LOCAL CLIMATOLOGICAL DATA (WS FORM: F-6)
STATION: HARTFORD CT
MONTH: JUNE
YEAR: 2023
LATITUDE: 41 55 N
LONGITUDE: 72 41 W
TEMPERATURE IN F: :PCPN: SNOW: WIND :SUNSHINE: SKY :PK WND
================================================================================
1 2 3 4 5 6A 6B 7 8 9 10 11 12 13 14 15 16 17 18
12Z AVG MX 2MIN
DY MAX MIN AVG DEP HDD CDD WTR SNW DPTH SPD SPD DIR MIN PSBL S-S WX SPD DR
================================================================================
1 91 52 72 8 0 7 0.00 0.0 0 4.4 15 200 M M 0 1 18 200
2 94 59 77 12 0 12 0.09 0.0 0 5.8 17 20 M M 5 13 21 40
3 68 50 59 -6 6 0 T 0.0 0 12.3 21 30 M M 10 26 50
4 62 47 55 -10 10 0 T 0.0 0 8.3 23 40 M M 8 29 40
5 71 50 61 -5 4 0 0.00 0.0 0 6.9 21 30 M M 8 26 40
6 75 50 63 -3 2 0 0.00 0.0 0 7.9 26 320 M M 9 38 33 330
7 71 50 61 -5 4 0 0.00 0.0 0 7.3 17 310 M M 8 8 25 280
8 66 50 58 -9 7 0 T 0.0 0 4.0 12 40 M M 8 18 13 30
9 70 46 58 -9 7 0 0.08 0.0 0 4.1 14 320 M M 7 18 16 310
10 75 48 62 -5 3 0 0.02 0.0 0 4.3 14 300 M M 5 1 16 300
11 85 49 67 -1 0 2 0.00 0.0 0 6.3 16 170 M M 6 20 170
12 82 61 72 4 0 7 0.04 0.0 0 8.6 21 160 M M 9 18 26 160
13 81 58 70 2 0 5 0.02 0.0 0 7.2 16 270 M M 7 1 20 270
14 82 53 68 0 0 3 0.24 0.0 0 7.7 38 250 M M 6 13 44 250
15 81 58 70 1 0 5 0.00 0.0 0 7.5 16 310 M M 5 24 300
16 80 56 68 -1 0 3 0.02 0.0 0 3.8 14 210 M M 7 20 240
17 72 60 66 -3 0 1 0.03 0.0 0 7.8 21 310 M M 9 1 26 300
18 80 59 70 0 0 5 0.00 0.0 0 8.1 18 340 M M 7 26 330
19 81 55 68 -2 0 3 T 0.0 0 6.5 17 160 M M 6 21 160
20 78 59 69 -1 0 4 T 0.0 0 5.7 17 170 M M 7 24 160
21 77 55 66 -5 0 1 0.00 0.0 0 6.4 15 100 M M 6 19 90
22 79 53 66 -5 0 1 0.00 0.0 0 6.1 14 100 M M 7 17 30
23 82 64 73 2 0 8 0.02 0.0 0 7.0 16 170 M M 9 8 20 200
24 81 69 75 4 0 10 0.52 0.0 0 7.9 14 180 M M 9 1 19 200
25 88 70 79 7 0 14 T 0.0 0 6.1 15 200 M M 6 13 19 200
26 85 70 78 6 0 13 0.01 0.0 0 9.2 20 150 M M 9 3 24 140
27 81 68 75 3 0 10 0.09 0.0 0 9.2 21 170 M M 9 13 27 170
28 84 67 76 4 0 11 0.09 0.0 0 4.9 21 280 M M 9 13 26 270
29 80 63 72 -1 0 7 0.00 0.0 0 3.3 12 260 M M 6 13 270
30 86 60 73 0 0 8 0.00 0.0 0 5.4 14 160 M M 5 128 18 170
================================================================================
SM 2368 1709 43 140 1.27 0.0 200.0 M 212
================================================================================
AV 78.9 57.0 6.7 FASTST M M 7 MAX(MPH)
MISC ----> 38 250 44 250
================================================================================
NOTES:
# LAST OF SEVERAL OCCURRENCES
COLUMN 17 PEAK WIND IN M.P.H.
PRELIMINARY LOCAL CLIMATOLOGICAL DATA (WS FORM: F-6) , PAGE 2
STATION: HARTFORD CT
MONTH: JUNE
YEAR: 2023
LATITUDE: 41 55 N
LONGITUDE: 72 41 W
[TEMPERATURE DATA] [PRECIPITATION DATA] SYMBOLS USED IN COLUMN 16
AVERAGE MONTHLY: 68.0 TOTAL FOR MONTH: 1.27 1 = FOG OR MIST
DPTR FM NORMAL: -1.0 DPTR FM NORMAL: -3.01 2 = FOG REDUCING VISIBILITY
HIGHEST: 94 ON 2 GRTST 24HR 0.54 ON 23-24 TO 1/4 MILE OR LESS
LOWEST: 46 ON 9 3 = THUNDER
SNOW, ICE PELLETS, HAIL 4 = ICE PELLETS
TOTAL MONTH: 0.0 INCH 5 = HAIL
GRTST 24HR 0.0 6 = FREEZING RAIN OR DRIZZLE
GRTST DEPTH: 0 7 = DUSTSTORM OR SANDSTORM:
VSBY 1/2 MILE OR LESS
8 = SMOKE OR HAZE
[NO. OF DAYS WITH] [WEATHER - DAYS WITH] 9 = BLOWING SNOW
X = TORNADO
MAX 32 OR BELOW: 0 0.01 INCH OR MORE: 13
MAX 90 OR ABOVE: 2 0.10 INCH OR MORE: 2
MIN 32 OR BELOW: 0 0.50 INCH OR MORE: 1
MIN 0 OR BELOW: 0 1.00 INCH OR MORE: 0
[HDD (BASE 65) ]
TOTAL THIS MO. 43 CLEAR (SCALE 0-3) 1
DPTR FM NORMAL 8 PTCLDY (SCALE 4-7) 20
TOTAL FM JUL 1 5015 CLOUDY (SCALE 8-10) 9
DPTR FM NORMAL -865
[CDD (BASE 65) ]
TOTAL THIS MO. 140
DPTR FM NORMAL -10 [PRESSURE DATA]
TOTAL FM JAN 1 181 HIGHEST SLP 30.34 ON 21
DPTR FM NORMAL -16 LOWEST SLP 29.45 ON 14
[REMARKS]
#FINAL-06-23#