000
CXUS51 KBOX 010910
CF6BDL
PRELIMINARY LOCAL CLIMATOLOGICAL DATA (WS FORM: F-6)
STATION: HARTFORD CT
MONTH: JANUARY
YEAR: 2022
LATITUDE: 41 55 N
LONGITUDE: 72 41 W
TEMPERATURE IN F: :PCPN: SNOW: WIND :SUNSHINE: SKY :PK WND
================================================================================
1 2 3 4 5 6A 6B 7 8 9 10 11 12 13 14 15 16 17 18
12Z AVG MX 2MIN
DY MAX MIN AVG DEP HDD CDD WTR SNW DPTH SPD SPD DIR MIN PSBL S-S WX SPD DR
================================================================================
1 52 47 50 21 15 0 0.20 0.0 0 4.1 8 170 M M 10 12 10 190
2 51 32 42 14 23 0 0.09 0.0 0 5.7 16 320 M M 9 1 20 320
3 32 19 26 -2 39 0 0.00 0.0 0 11.7 23 20 M M 10 30 20
4 34 14 24 -4 41 0 0.00 0.0 0 6.3 14 340 M M 2 17 340
5 41 19 30 2 35 0 0.16 T 0 5.0 15 120 M M 9 1246 19 120
6 38 30 34 6 31 0 0.00 0.0 0 6.9 17 290 M M 7 1 20 280
7 32 19 26 -2 39 0 0.44 5.4 5 12.0 29 300 M M 8 128 39 310
8 30 11 21 -7 44 0 0.00 0.0 4 7.0 22 300 M M 2 30 290
9 38 15 27 0 38 0 0.08 T 3 10.0 20 200 M M 9 56 25 200
10 38 12 25 -2 40 0 T T 2 11.0 26 320 M M 7 32 320
11 19 4 12 -15 53 0 T T 2 9.6 26 290 M M 1 37 310
12 38 6 22 -5 43 0 0.00 0.0 2 7.5 22 240 M M 7 27 230
13 46 22 34 7 31 0 0.00 0.0 2 2.0 9 180 M M 9 12 180
14 41 13 27 0 38 0 0.00 0.0 1 13.0 26 360 M M 6 36 10
15 16 3 10 -17 55 0 0.00 0.0 0 11.5 22 330 M M 3 32 330
16 25 0 13 -14 52 0 0.04 0.4 0 5.2 14 10 M M 4 1 17 20
17 44 23 34 7 31 0 0.52 0.6 0 12.5 28 310 M M 9 14 39 50
18 32 17 25 -1 40 0 0.00 0.0 0 16.6 32 320 M M 5 44 310
19 46 16 31 5 34 0 0.00 0.0 0 8.0 26 210 M M 8 35 220
20 39 17 28 2 37 0 0.06 0.1 0 10.2 20 340 M M 8 27 330
21 20 8 14 -12 51 0 0.00 0.0 0 10.8 21 10 M M 4 27 20
22 27 5 16 -10 49 0 0.00 0.0 0 5.3 12 360 M M 3 14 10
23 36 17 27 1 38 0 T T 0 5.4 14 240 M M 8 1 16 240
24 32 22 27 1 38 0 0.03 0.8 1 5.2 13 340 M M 7 1 15 330
25 41 23 32 6 33 0 T T 1 5.8 17 290 M M 7 18 23 270
26 26 11 19 -7 46 0 0.00 0.0 0 9.0 22 320 M M 1 34 330
27 29 3 16 -11 49 0 0.00 0.0 0 4.5 18 170 M M 4 23 170
28 34 24 29 2 36 0 T 0.1 0 5.5 18 20 M M 10 1 23 20
29 28 9 19 -8 46 0 0.21 6.8 2 18.8 28 350 M M 10 19 39 330
30 24 4 14 -13 51 0 0.00 0.0 7 8.9 21 320 M M 3 28 320
31 29 -2 14 -13 51 0 0.00 0.0 6 2.2 9 140 M M 3 12 140
================================================================================
SM 1058 463 1247 0 1.83 14.2 257.2 M 193
================================================================================
AV 34.1 14.9 8.3 FASTST M M 6 MAX(MPH)
MISC ----> 32 320 44 310
================================================================================
NOTES:
# LAST OF SEVERAL OCCURRENCES
COLUMN 17 PEAK WIND IN M.P.H.
PRELIMINARY LOCAL CLIMATOLOGICAL DATA (WS FORM: F-6) , PAGE 2
STATION: HARTFORD CT
MONTH: JANUARY
YEAR: 2022
LATITUDE: 41 55 N
LONGITUDE: 72 41 W
[TEMPERATURE DATA] [PRECIPITATION DATA] SYMBOLS USED IN COLUMN 16
AVERAGE MONTHLY: 24.5 TOTAL FOR MONTH: 1.83 1 = FOG OR MIST
DPTR FM NORMAL: -2.6 DPTR FM NORMAL: -1.45 2 = FOG REDUCING VISIBILITY
HIGHEST: 52 ON 1 GRTST 24HR 0.73 ON 17-17 TO 1/4 MILE OR LESS
LOWEST: -2 ON 31 3 = THUNDER
SNOW, ICE PELLETS, HAIL 4 = ICE PELLETS
TOTAL MONTH: 14.2 INCHES 5 = HAIL
GRTST 24HR 6.8 ON 29-29 6 = FREEZING RAIN OR DRIZZLE
GRTST DEPTH: 7 ON 30 7 = DUSTSTORM OR SANDSTORM:
VSBY 1/2 MILE OR LESS
8 = SMOKE OR HAZE
[NO. OF DAYS WITH] [WEATHER - DAYS WITH] 9 = BLOWING SNOW
X = TORNADO
MAX 32 OR BELOW: 15 0.01 INCH OR MORE: 10
MAX 90 OR ABOVE: 0 0.10 INCH OR MORE: 5
MIN 32 OR BELOW: 30 0.50 INCH OR MORE: 1
MIN 0 OR BELOW: 2 1.00 INCH OR MORE: 0
[HDD (BASE 65) ]
TOTAL THIS MO. 1247 CLEAR (SCALE 0-3) 5
DPTR FM NORMAL 71 PTCLDY (SCALE 4-7) 16
TOTAL FM JUL 1 3054 CLOUDY (SCALE 8-10) 10
DPTR FM NORMAL -289
[CDD (BASE 65) ]
TOTAL THIS MO. 0
DPTR FM NORMAL 0 [PRESSURE DATA]
TOTAL FM JAN 1 0 HIGHEST SLP 30.62 ON 21
DPTR FM NORMAL 0 LOWEST SLP 29.02 ON 17
[REMARKS]
#FINAL-01-22#