000
CXUS51 KOKX 010910
CF6BDR
PRELIMINARY LOCAL CLIMATOLOGICAL DATA (WS FORM: F-6)
STATION: BRIDGEPORT CT
MONTH: MARCH
YEAR: 2023
LATITUDE: 41 10 N
LONGITUDE: 73 8 W
TEMPERATURE IN F: :PCPN: SNOW: WIND :SUNSHINE: SKY :PK WND
================================================================================
1 2 3 4 5 6A 6B 7 8 9 10 11 12 13 14 15 16 17 18
12Z AVG MX 2MIN
DY MAX MIN AVG DEP HDD CDD WTR SNW DPTH SPD SPD DIR MIN PSBL S-S WX SPD DR
================================================================================
1 40 26 33 -3 32 0 0.04 0.0 3 7.2 15 80 M M 5 1 18 70
2 51 38 45 9 20 0 0.03 0.0 2 8.9 20 300 M M 7 1 25 310
3 42 30 36 0 29 0 0.10 0.0 0 9.8 31 90 M M 3 1 41 100
4 44 37 41 4 24 0 0.65 0.0 0 15.5 41 70 M M 10 1 49 90
5 54 35 45 8 20 0 T 0.0 0 6.7 20 310 M M 7 24 290
6 53 34 44 7 21 0 0.00 0.0 0 9.7 22 310 M M 1 29 330
7 49 30 40 3 25 0 0.00 0.0 0 16.1 31 330 M M 6 43 330
8 47 29 38 0 27 0 0.00 0.0 0 15.2 24 340 M M 1 37 350
9 52 32 42 4 23 0 0.00 0.0 0 12.7 20 340 M M 2 27 320
10 46 30 38 0 27 0 0.28 0.0 0 6.4 14 60 M M 5 17 50
11 45 35 40 2 25 0 0.24 T 0 12.9 24 20 M M 9 33 30
12 45 31 38 -1 27 0 0.00 0.0 0 8.9 13 170 M M 1 17 10
13 43 39 41 2 24 0 0.87 0.0 0 14.1 21 80 M M 10 1 26 90
14 39 33 36 -3 29 0 0.83 M M 16.1 30 320 M M 10 1 39 300
15 47 34 41 2 24 0 0.00 0.0 0 17.3 33 310 M M 2 46 350
16 56 30 43 3 22 0 0.00 0.0 0 8.4 17 220 M M 1 20 220
17 50 34 42 2 23 0 0.01 0.0 0 4.0 14 100 M M 4 1 17 90
18 52 41 47 7 18 0 0.03 0.0 0 11.2 20 310 M M 5 27 320
19 41 30 36 -4 29 0 0.00 0.0 M 14.8 25 270 M M 1 36 270
20 48 30 39 -2 26 0 0.00 0.0 0 9.5 17 210 M M 0 25 220
21 57 34 46 5 19 0 0.00 0.0 0 7.1 18 200 M M 0 23 190
22 54 32 43 2 22 0 0.00 0.0 M 4.6 14 210 M M 4 18 220
23 57 45 51 9 14 0 0.13 0.0 0 5.6 13 320 M M 8 12 17 350
24 55 41 48 6 17 0 0.00 0.0 0 8.3 16 340 M M 2 21 350
25 43 40 42 0 23 0 0.36 0.0 0 15.5 29 80 M M 7 1 40 90
26 63 40 52 9 13 0 0.00 0.0 0 8.7 23 300 M M 3 12 31 290
27 53 33 43 0 22 0 0.20 0.0 0 6.6 16 70 M M 4 19 60
28 53 37 45 2 20 0 T 0.0 0 6.6 15 340 M M 8 20 330
29 51 34 43 -1 22 0 T 0.0 0 9.4 25 290 M M 0 33 290
30 46 31 39 -5 26 0 T T 0 11.6 23 350 M M 2 30 290
31 48 28 38 -6 27 0 0.00 0.0 0 4.3 14 190 M M 6 17 190
================================================================================
SM 1524 1053 720 0 3.77 T 313.7 M 134
================================================================================
AV 49.2 34.0 10.1 FASTST M M 4 MAX(MPH)
MISC ----> 41 70 49 90
================================================================================
NOTES:
# LAST OF SEVERAL OCCURRENCES
COLUMN 17 PEAK WIND IN M.P.H.
PRELIMINARY LOCAL CLIMATOLOGICAL DATA (WS FORM: F-6) , PAGE 2
STATION: BRIDGEPORT CT
MONTH: MARCH
YEAR: 2023
LATITUDE: 41 10 N
LONGITUDE: 73 8 W
[TEMPERATURE DATA] [PRECIPITATION DATA] SYMBOLS USED IN COLUMN 16
AVERAGE MONTHLY: 41.6 TOTAL FOR MONTH: 3.77 1 = FOG OR MIST
DPTR FM NORMAL: 1.7 DPTR FM NORMAL: -0.32 2 = FOG REDUCING VISIBILITY
HIGHEST: 63 ON 26 GRTST 24HR 1.60 ON 13-14 TO 1/4 MILE OR LESS
LOWEST: 26 ON 1 3 = THUNDER
SNOW, ICE PELLETS, HAIL 4 = ICE PELLETS
TOTAL MONTH: 1.8 INCHES 5 = HAIL
GRTST 24HR T ON 11-11 6 = FREEZING RAIN OR DRIZZLE
GRTST DEPTH: 3 ON 1 7 = DUSTSTORM OR SANDSTORM:
VSBY 1/2 MILE OR LESS
8 = SMOKE OR HAZE
[NO. OF DAYS WITH] [WEATHER - DAYS WITH] 9 = BLOWING SNOW
X = TORNADO
MAX 32 OR BELOW: 0 0.01 INCH OR MORE: 13
MAX 90 OR ABOVE: 0 0.10 INCH OR MORE: 9
MIN 32 OR BELOW: 13 0.50 INCH OR MORE: 3
MIN 0 OR BELOW: 0 1.00 INCH OR MORE: 0
[HDD (BASE 65) ]
TOTAL THIS MO. 720 CLEAR (SCALE 0-3) 12
DPTR FM NORMAL -60 PTCLDY (SCALE 4-7) 15
TOTAL FM JUL 1 4004 CLOUDY (SCALE 8-10) 4
DPTR FM NORMAL -477
[CDD (BASE 65) ]
TOTAL THIS MO. 0
DPTR FM NORMAL 0 [PRESSURE DATA]
TOTAL FM JAN 1 0 HIGHEST SLP M ON M
DPTR FM NORMAL 0 LOWEST SLP 29.31 ON 4
[REMARKS]
#FINAL-03-23#