000
CXUS51 KOKX 011341
CF6BDR
PRELIMINARY LOCAL CLIMATOLOGICAL DATA (WS FORM: F-6)
STATION: BRIDGEPORT CT
MONTH: JUNE
YEAR: 2022
LATITUDE: 41 10 N
LONGITUDE: 73 8 W
TEMPERATURE IN F: :PCPN: SNOW: WIND :SUNSHINE: SKY :PK WND
================================================================================
1 2 3 4 5 6A 6B 7 8 9 10 11 12 13 14 15 16 17 18
12Z AVG MX 2MIN
DY MAX MIN AVG DEP HDD CDD WTR SNW DPTH SPD SPD DIR MIN PSBL S-S WX SPD DR
================================================================================
1 64 56 60 -5 5 0 0.45 0.0 0 10.7 26 60 M M 5 1 M M
2 72 60 66 1 0 1 0.30 0.0 0 6.1 12 70 M M 7 18 M M
3 72 60 66 0 0 1 0.01 0.0 0 5.4 13 70 M M 6 15 70
4 75 58 67 1 0 2 0.00 0.0 0 6.5 16 200 M M 1 12 22 200
5 75 52 64 -2 1 0 0.00 0.0 0 7.0 15 210 M M 0 19 210
6 79 54 67 0 0 2 0.00 0.0 0 4.9 18 200 M M 0 M M
7 77 64 71 4 0 6 0.08 0.0 0 11.1 22 190 M M 3 1 29 200
8 84 66 75 8 0 10 0.14 0.0 0 8.4 18 300 M M 3 1 24 230
9 85 64 75 7 0 10 0.28 0.0 0 11.7 24 290 M M 5 13 32 290
10 79 59 69 1 0 4 0.00 0.0 0 9.2 21 210 M M 0 24 300
11 73 63 68 0 0 3 0.00 0.0 0 4.4 10 200 M M 3 13 200
12 70 60 65 -4 0 0 T 0.0 0 3.8 12 190 M M 6 15 190
13 83 64 74 5 0 9 0.21 0.0 0 6.0 15 220 M M 4 123 16 220
14 82 62 72 3 0 7 0.00 0.0 0 6.9 15 340 M M 0 20 360
15 76 63 70 0 0 5 0.00 0.0 0 7.2 14 140 M M 2 18 140
16 70 64 67 -3 0 2 0.16 0.0 0 8.8 17 190 M M 9 1 23 190
17 90 67 79 9 0 14 0.04 0.0 0 10.2 22 300 M M 5 13 29 290
18 74 53 64 -6 1 0 0.06 0.0 0 12.3 26 340 M M 5 36 320
19 72 53 63 -8 2 0 T 0.0 0 12.5 25 310 M M 2 37 340
20 80 57 69 -2 0 4 0.00 0.0 0 9.2 18 310 M M 0 24 320
21 71 58 65 -7 0 0 0.05 0.0 0 6.2 14 90 M M 4 17 90
22 63 60 62 -10 3 0 0.40 0.0 0 8.1 17 90 M M 10 1 21 110
23 73 60 67 -5 0 2 T 0.0 0 9.1 16 90 M M 5 25 100
24 80 61 71 -1 0 6 0.00 0.0 0 7.1 16 190 M M 4 22 190
25 87 63 75 2 0 10 0.00 0.0 0 4.9 13 200 M M 0 15 210
26 87 66 77 4 0 12 0.00 0.0 0 7.5 20 190 M M 0 24 180
27 75 66 71 -2 0 6 0.91 0.0 0 7.9 15 190 M M 9 13 19 190
28 79 63 71 -2 0 6 0.00 0.0 0 7.6 16 220 M M 3 21 220
29 82 59 71 -3 0 6 0.00 0.0 0 6.0 17 200 M M 1 20 200
30 82 63 73 -1 0 8 0.00 0.0 0 6.0 14 210 M M 0 17 290
================================================================================
SM 2311 1818 12 136 3.09 0.0 232.7 M 102
================================================================================
AV 77.0 60.6 7.8 FASTST M M 3 MAX(MPH)
MISC ----> # 26 60 37 340
================================================================================
NOTES:
# LAST OF SEVERAL OCCURRENCES
COLUMN 17 PEAK WIND IN M.P.H.
PRELIMINARY LOCAL CLIMATOLOGICAL DATA (WS FORM: F-6) , PAGE 2
STATION: BRIDGEPORT CT
MONTH: JUNE
YEAR: 2022
LATITUDE: 41 10 N
LONGITUDE: 73 8 W
[TEMPERATURE DATA] [PRECIPITATION DATA] SYMBOLS USED IN COLUMN 16
AVERAGE MONTHLY: 68.8 TOTAL FOR MONTH: 3.09 1 = FOG OR MIST
DPTR FM NORMAL: -0.8 DPTR FM NORMAL: -0.68 2 = FOG REDUCING VISIBILITY
HIGHEST: 90 ON 17 GRTST 24HR 0.91 ON 27-27 TO 1/4 MILE OR LESS
LOWEST: 52 ON 5 3 = THUNDER
SNOW, ICE PELLETS, HAIL 4 = ICE PELLETS
TOTAL MONTH: 0.0 INCH 5 = HAIL
GRTST 24HR 0.0 6 = FREEZING RAIN OR DRIZZLE
GRTST DEPTH: 0 7 = DUSTSTORM OR SANDSTORM:
VSBY 1/2 MILE OR LESS
8 = SMOKE OR HAZE
[NO. OF DAYS WITH] [WEATHER - DAYS WITH] 9 = BLOWING SNOW
X = TORNADO
MAX 32 OR BELOW: 0 0.01 INCH OR MORE: 13
MAX 90 OR ABOVE: 1 0.10 INCH OR MORE: 8
MIN 32 OR BELOW: 0 0.50 INCH OR MORE: 1
MIN 0 OR BELOW: 0 1.00 INCH OR MORE: 0
[HDD (BASE 65) ]
TOTAL THIS MO. 12 CLEAR (SCALE 0-3) 16
DPTR FM NORMAL -13 PTCLDY (SCALE 4-7) 11
TOTAL FM JUL 1 4864 CLOUDY (SCALE 8-10) 3
DPTR FM NORMAL -273
[CDD (BASE 65) ]
TOTAL THIS MO. 136
DPTR FM NORMAL -27 [PRESSURE DATA]
TOTAL FM JAN 1 179 HIGHEST SLP M ON M
DPTR FM NORMAL -14 LOWEST SLP 29.55 ON 9
[REMARKS]
#FINAL-06-22#