000
CXUS55 KBOU 010823
CF6BDU
PRELIMINARY LOCAL CLIMATOLOGICAL DATA (WS FORM: F-6)
STATION: Boulder Airport
MONTH: MARCH
YEAR: 2020
LATITUDE: 40 2 N
LONGITUDE: 105 14 W
TEMPERATURE IN F: :PCPN: SNOW: WIND :SUNSHINE: SKY :PK WND
================================================================================
1 2 3 4 5 6A 6B 7 8 9 10 11 12 13 14 15 16 17 18
12Z AVG MX 2MIN
DY MAX MIN AVG DEP HDD CDD WTR SNW DPTH SPD SPD DIR MIN PSBL S-S WX SPD DR
================================================================================
1 43 28 36 M 29 0 M M M 3.9 12 260 M M 8 12 360
2 46 27 37 M 28 0 M M M 3.5 22 260 M M 6 1 32 260
3 59 28 44 M 21 0 M M M 6.2 17 240 M M 0 27 240
4 63 30 47 M 18 0 M M M 7.8 25 250 M M 0 44 250
5 52 30 41 M 24 0 M M M 5.9 12 40 M M 2 20 80
6 68 32 50 M 15 0 M M M 1.9 7 360 M M 0 M M
7 68 39 54 M 11 0 M M M 5.4 12 230 M M 0 22 230
8 68 39 54 M 11 0 M M M 6.3 15 230 M M 4 23 240
9 61 37 49 M 16 0 M M M 4.5 16 250 M M 4 1 21 250
10 61 36 49 M 16 0 M M M 10.6 28 250 M M 1 40 250
11 66 36 51 M 14 0 M M M 9.6 25 270 M M 1 33 270
12 54 34 44 M 21 0 M M M 5.8 12 50 M M 7 17 10
13 37 32 35 M 30 0 M M M 4.5 10 330 M M 10 M M
14 37 30 34 M 31 0 M M M 4.7 9 350 M M 10 1 M M
15 52 32 42 M 23 0 M M M 1.6 6 10 M M 5 1 M M
16 54 30 42 M 23 0 M M M 4.7 13 30 M M 3 M M
17 54 36 45 M 20 0 M M M 2.5 7 360 M M 5 1 M M
18 61 34 48 M 17 0 M M M 6.9 18 10 M M 3 28 10
19 43 27 35 M 30 0 M M M 5.0 12 350 M M 10 21 10
20 28 21 25 M 40 0 M M M 1.6 5 40 M M 10 1 M M
21 46 21 34 M 31 0 M M M 1.3 6 170 M M 5 12 M M
22 54 30 42 M 23 0 M M M 4.0 22 290 M M 2 35 290
23 55 32 44 M 21 0 M M M 3.7 10 260 M M 4 21 260
24 63 37 50 M 15 0 M M M 6.4 20 260 M M 1 27 260
25 64 43 54 M 11 0 M M M 9.7 18 270 M M 1 31 260
26 50 34 42 M 23 0 M M M 3.4 9 100 M M 5 M M
27 45 32 39 M 26 0 M M M 2.8 10 20 M M 10 1 M M
28 50 32 41 M 24 0 M M M 5.9 17 300 M M 1 27 290
29 54 32 43 M 22 0 M M M 3.4 7 330 M M 3 M M
30 57 36 47 M 18 0 M M M 3.3 17 290 M M 2 25 290
31 68 37 53 M 12 0 0.00 0.0 0 4.9 14 230 M M 2 20 220
================================================================================
SM 1681 1004 664 0 0.00 0.0 151.7 M 125
================================================================================
AV 54.2 32.4 4.9 FASTST M M 4 MAX(MPH)
MISC ----> # 28 250 # 44 250
================================================================================
NOTES:
# LAST OF SEVERAL OCCURRENCES
COLUMN 17 PEAK WIND IN M.P.H.
PRELIMINARY LOCAL CLIMATOLOGICAL DATA (WS FORM: F-6) , PAGE 2
STATION: Boulder Airport
MONTH: MARCH
YEAR: 2020
LATITUDE: 40 2 N
LONGITUDE: 105 14 W
[TEMPERATURE DATA] [PRECIPITATION DATA] SYMBOLS USED IN COLUMN 16
AVERAGE MONTHLY: 43.3 TOTAL FOR MONTH: 0.00 1 = FOG OR MIST
DPTR FM NORMAL: M DPTR FM NORMAL: M 2 = FOG REDUCING VISIBILITY
HIGHEST: 68 ON 31, 8 GRTST 24HR 0.00 ON 31-31 TO 1/4 MILE OR LESS
LOWEST: 21 ON 21,20 3 = THUNDER
SNOW, ICE PELLETS, HAIL 4 = ICE PELLETS
TOTAL MONTH: 0.0 INCH 5 = HAIL
GRTST 24HR 0.0 6 = FREEZING RAIN OR DRIZZLE
GRTST DEPTH: 0 7 = DUSTSTORM OR SANDSTORM:
VSBY 1/2 MILE OR LESS
8 = SMOKE OR HAZE
[NO. OF DAYS WITH] [WEATHER - DAYS WITH] 9 = BLOWING SNOW
X = TORNADO
MAX 32 OR BELOW: 1 0.01 INCH OR MORE: 0
MAX 90 OR ABOVE: 0 0.10 INCH OR MORE: 0
MIN 32 OR BELOW: 18 0.50 INCH OR MORE: 0
MIN 0 OR BELOW: 0 1.00 INCH OR MORE: 0
[HDD (BASE 65) ]
TOTAL THIS MO. 664 CLEAR (SCALE 0-3) 15
DPTR FM NORMAL M PTCLDY (SCALE 4-7) 11
TOTAL FM JUL 1 4743 CLOUDY (SCALE 8-10) 5
DPTR FM NORMAL M
[CDD (BASE 65) ]
TOTAL THIS MO. 0
DPTR FM NORMAL M [PRESSURE DATA]
TOTAL FM JAN 1 0 HIGHEST SLP M ON M
DPTR FM NORMAL M LOWEST SLP M ON M
[REMARKS]
#FINAL-03-20#