840
CXUS53 KIWX 010800
CF6BEH
PRELIMINARY LOCAL CLIMATOLOGICAL DATA (WS FORM: F-6)
STATION: BENTON HARBOR
MONTH: MARCH
YEAR: 2020
LATITUDE: 42 7 N
LONGITUDE: 86 26 W
TEMPERATURE IN F: :PCPN: SNOW: WIND :SUNSHINE: SKY :PK WND
================================================================================
1 2 3 4 5 6A 6B 7 8 9 10 11 12 13 14 15 16 17 18
12Z AVG MX 2MIN
DY MAX MIN AVG DEP HDD CDD WTR SNW DPTH SPD SPD DIR MIN PSBL S-S WX SPD DR
================================================================================
1 54 24 39 7 26 0 0.00 0.0 M 10.6 21 190 M M 2 31 170
2 54 31 43 10 22 0 0.00 0.0 0 5.4 18 240 M M 5 25 250
3 48 28 38 5 27 0 0.00 0.0 0 9.7 25 250 M M 6 18 36 240
4 41 26 34 0 31 0 0.08 T 0 7.1 16 310 M M 4 1 24 320
5 53 22 38 4 27 0 0.02 M 0 11.5 26 270 M M 4 1 39 260
6 37 29 33 -1 32 0 0.03 M 0 11.1 18 10 M M 10 18 37 20
7 49 18 34 0 31 0 0.00 0.0 0 7.0 16 200 M M 0 24 180
8 64 39 52 17 13 0 0.00 0.0 0 13.5 21 200 M M 0 39 180
9 61 47 54 19 11 0 0.22 M 0 12.9 30 240 M M 7 1 44 240
10 55 27 41 5 24 0 0.06 M 0 7.5 26 260 M M 8 1 38 240
11 44 29 37 1 28 0 T M 0 5.1 13 240 M M 9 18 17 270
12 56 29 43 7 22 0 T M M 9.1 31 280 M M 4 128 45 280
13 45 37 41 5 24 0 0.00 M M 14.5 26 260 M M 3 35 270
14 39 32 36 -1 29 0 T M M 3.4 10 20 M M 7 18 340
15 44 28 36 -1 29 0 0.00 M M 5.8 13 340 M M 2 21 40
16 40 27 34 -4 31 0 0.04 M M 6.1 10 250 M M 6 18 15 260
17 40 25 33 -5 32 0 T M 0 8.5 15 310 M M 5 1 24 320
18 47 30 39 1 26 0 0.29 M 0 7.6 16 140 M M 7 1 25 150
19 64 31 48 9 17 0 0.38 M 0 11.4 21 230 M M 10 12 33 240
20 64 29 47 8 18 0 0.02 M 0 9.7 23 220 M M 10 18 41 230
21 31 21 26 -13 39 0 0.00 0.0 0 4.9 12 70 M M 8 18 70
22 38 18 28 -12 37 0 0.08 M 0 6.9 20 120 M M 5 1 28 110
23 40 28 34 -6 31 0 0.07 M 0 2.9 12 300 M M 8 1 16 300
24 49 26 38 -2 27 0 0.00 0.0 0 4.7 17 130 M M 5 1 22 120
25 56 30 43 2 22 0 0.00 0.0 0 5.2 13 280 M M 3 18 18 220
26 54 38 46 5 19 0 0.05 M 0 7.1 20 250 M M 8 18 27 240
27 54 36 45 3 20 0 0.45 M 0 9.4 21 120 M M 9 12 28 110
28 60 46 53 11 12 0 1.20 0.0 0 9.8 22 130 M M 7 13 30 150
29 63 42 53 11 12 0 0.13 0.0 0 20.9 35 240 M M 9 18 51 280
30 42 37 40 -3 25 0 T 0.0 0 9.5 22 280 M M 10 1 32 280
31 43 36 40 -3 25 0 0.00 0.0 0 4.3 10 10 M M 10 18 19 340
================================================================================
SM 1529 946 769 0 3.12 T 263.1 M 191
================================================================================
AV 49.3 30.5 8.5 FASTST M M 6 MAX(MPH)
MISC ----> # 35 240 # 51 280
================================================================================
NOTES:
# LAST OF SEVERAL OCCURRENCES
COLUMN 17 PEAK WIND IN M.P.H.
PRELIMINARY LOCAL CLIMATOLOGICAL DATA (WS FORM: F-6) , PAGE 2
STATION: BENTON HARBOR
MONTH: MARCH
YEAR: 2020
LATITUDE: 42 7 N
LONGITUDE: 86 26 W
[TEMPERATURE DATA] [PRECIPITATION DATA] SYMBOLS USED IN COLUMN 16
AVERAGE MONTHLY: 39.9 TOTAL FOR MONTH: 3.12 1 = FOG OR MIST
DPTR FM NORMAL: 2.3 DPTR FM NORMAL: 1.01 2 = FOG REDUCING VISIBILITY
HIGHEST: 64 ON 20,19 GRTST 24HR 1.20 ON 28-28 TO 1/4 MILE OR LESS
LOWEST: 18 ON 22, 7 3 = THUNDER
SNOW, ICE PELLETS, HAIL 4 = ICE PELLETS
TOTAL MONTH: T 5 = HAIL
GRTST 24HR T ON 4- 4 6 = FREEZING RAIN OR DRIZZLE
GRTST DEPTH: 0 7 = DUSTSTORM OR SANDSTORM:
VSBY 1/2 MILE OR LESS
8 = SMOKE OR HAZE
[NO. OF DAYS WITH] [WEATHER - DAYS WITH] 9 = BLOWING SNOW
X = TORNADO
MAX 32 OR BELOW: 1 0.01 INCH OR MORE: 15
MAX 90 OR ABOVE: 0 0.10 INCH OR MORE: 6
MIN 32 OR BELOW: 22 0.50 INCH OR MORE: 1
MIN 0 OR BELOW: 0 1.00 INCH OR MORE: 1
[HDD (BASE 65) ]
TOTAL THIS MO. 769 CLEAR (SCALE 0-3) 6
DPTR FM NORMAL -80 PTCLDY (SCALE 4-7) 16
TOTAL FM JUL 1 4963 CLOUDY (SCALE 8-10) 9
DPTR FM NORMAL -370
[CDD (BASE 65) ]
TOTAL THIS MO. 0
DPTR FM NORMAL -1 [PRESSURE DATA]
TOTAL FM JAN 1 0 HIGHEST SLP 30.67 ON 15
DPTR FM NORMAL -1 LOWEST SLP 29.43 ON 29
[REMARKS]
#FINAL-03-20#