000
CXUS51 KCTP 010800
CF6BFD
PRELIMINARY LOCAL CLIMATOLOGICAL DATA (WS FORM: F-6)
STATION: BRADFORD
MONTH: SEPTEMBER
YEAR: 2021
LATITUDE: 41 47 N
LONGITUDE: 78 38 W
TEMPERATURE IN F: :PCPN: SNOW: WIND :SUNSHINE: SKY :PK WND
================================================================================
1 2 3 4 5 6A 6B 7 8 9 10 11 12 13 14 15 16 17 18
12Z AVG MX 2MIN
DY MAX MIN AVG DEP HDD CDD WTR SNW DPTH SPD SPD DIR MIN PSBL S-S WX SPD DR
================================================================================
1 65 50 58 -5 7 0 0.19 M M 6.6 17 350 M M 7 1 25 350
2 69 47 58 -5 7 0 0.00 M M 7.2 20 330 M M 0 26 340
3 68 45 57 -6 8 0 0.00 M M 3.2 13 10 M M 0 17 360
4 75 51 63 1 2 0 0.00 M M 4.3 9 210 M M 1 14 200
5 71 50 61 -1 4 0 0.43 M M 4.4 15 320 M M 7 1 19 320
6 71 47 59 -3 6 0 0.02 M M 6.7 22 300 M M 1 1 29 290
7 77 42 60 -2 5 0 0.00 M M 5.1 13 250 M M 0 19 240
8 67 50 59 -3 6 0 0.10 M M 4.4 12 220 M M M 16 220
9 70 48 59 -2 6 0 0.00 M M 6.5 18 320 M M M 26 300
10 69 45 57 -4 8 0 0.00 M M 5.5 17 320 M M 0 21 300
11 72 42 57 -3 8 0 0.00 M M 5.5 15 220 M M 0 1 24 220
12 75 63 69 9 0 4 0.00 M M 6.6 15 220 M M 10 23 260
13 78 61 70 10 0 5 0.22 M M 5.3 26 320 M M 8 138 35 310
14 79 62 71 11 0 6 0.00 M M 6.8 15 200 M M 6 138 23 210
15 74 53 64 5 1 0 0.26 M M 4.0 20 300 M M 7 128 24 310
16 72 52 62 3 3 0 0.00 M M 5.9 12 100 M M 8 12 15 110
17 78 64 71 12 0 6 0.00 M M 5.6 13 150 M M 8 18 150
18 79 53 66 8 0 1 0.10 M M 3.4 15 320 M M 5 12 21 320
19 73 47 60 2 5 0 0.00 M M 1.7 8 50 M M 5 12 13 110
20 77 46 62 4 3 0 0.00 M M 6.6 16 140 M M 2 18 24 140
21 70 60 65 8 0 0 0.12 M M 9.3 17 160 M M 7 1 24 140
22 69 60 65 8 0 0 1.41 M M 11.3 20 140 M M 10 1 33 120
23 60 49 55 -1 10 0 0.55 M M 6.8 15 190 M M 10 1 22 200
24 65 46 56 0 9 0 T M M 5.3 18 260 M M 5 1 26 270
25 66 40 53 -3 12 0 0.02 M M 5.7 16 300 M M 3 1 23 220
26 67 43 55 0 10 0 T M M 5.6 20 280 M M 6 1 27 280
27 73 54 64 9 1 0 0.00 M M 7.1 16 240 M M 2 25 240
28 66 46 56 1 9 0 T M M 5.8 16 320 M M 5 13 21 350
29 66 40 53 -1 12 0 0.00 M M 4.6 16 320 M M 1 22 310
30 59 38 49 -5 16 0 0.00 M M 3.6 14 360 M M 6 18 350
================================================================================
SM 2120 1494 158 22 3.42 M 170.4 M 130
================================================================================
AV 70.7 49.8 5.7 FASTST M M 5 MAX(MPH)
MISC ----> 26 320 35 310
================================================================================
NOTES:
# LAST OF SEVERAL OCCURRENCES
COLUMN 17 PEAK WIND IN M.P.H.
PRELIMINARY LOCAL CLIMATOLOGICAL DATA (WS FORM: F-6) , PAGE 2
STATION: BRADFORD
MONTH: SEPTEMBER
YEAR: 2021
LATITUDE: 41 47 N
LONGITUDE: 78 38 W
[TEMPERATURE DATA] [PRECIPITATION DATA] SYMBOLS USED IN COLUMN 16
AVERAGE MONTHLY: 60.2 TOTAL FOR MONTH: 3.42 1 = FOG OR MIST
DPTR FM NORMAL: 1.3 DPTR FM NORMAL: -0.23 2 = FOG REDUCING VISIBILITY
HIGHEST: 79 ON 18,14 GRTST 24HR 1.77 ON 22-23 TO 1/4 MILE OR LESS
LOWEST: 38 ON 30 3 = THUNDER
SNOW, ICE PELLETS, HAIL 4 = ICE PELLETS
TOTAL MONTH: M 5 = HAIL
GRTST 24HR M ON M 6 = FREEZING RAIN OR DRIZZLE
GRTST DEPTH: M ON M 7 = DUSTSTORM OR SANDSTORM:
VSBY 1/2 MILE OR LESS
8 = SMOKE OR HAZE
[NO. OF DAYS WITH] [WEATHER - DAYS WITH] 9 = BLOWING SNOW
X = TORNADO
MAX 32 OR BELOW: 0 0.01 INCH OR MORE: 11
MAX 90 OR ABOVE: 0 0.10 INCH OR MORE: 9
MIN 32 OR BELOW: 0 0.50 INCH OR MORE: 2
MIN 0 OR BELOW: 0 1.00 INCH OR MORE: 1
[HDD (BASE 65) ]
TOTAL THIS MO. 158 CLEAR (SCALE 0-3) 11
DPTR FM NORMAL -51 PTCLDY (SCALE 4-7) 13
TOTAL FM JUL 1 216 CLOUDY (SCALE 8-10) 6
DPTR FM NORMAL -96
[CDD (BASE 65) ]
TOTAL THIS MO. 22
DPTR FM NORMAL -4 [PRESSURE DATA]
TOTAL FM JAN 1 417 HIGHEST SLP 30.28 ON 30
DPTR FM NORMAL 138 LOWEST SLP 29.70 ON 22
[REMARKS]
#FINAL-09-21#