000
CXUS51 KCTP 010800
CF6BFD
PRELIMINARY LOCAL CLIMATOLOGICAL DATA (WS FORM: F-6)
STATION: BRADFORD
MONTH: AUGUST
YEAR: 2020
LATITUDE: 41 47 N
LONGITUDE: 78 38 W
TEMPERATURE IN F: :PCPN: SNOW: WIND :SUNSHINE: SKY :PK WND
================================================================================
1 2 3 4 5 6A 6B 7 8 9 10 11 12 13 14 15 16 17 18
12Z AVG MX 2MIN
DY MAX MIN AVG DEP HDD CDD WTR SNW DPTH SPD SPD DIR MIN PSBL S-S WX SPD DR
================================================================================
1 79 55 67 2 0 2 0.22 M M 4.9 13 140 M M 6 1 19 150
2 78 63 71 6 0 6 0.13 M M 8.5 21 190 M M 9 18 32 200
3 78 62 70 5 0 5 T M M 4.3 10 280 M M 7 16 260
4 77 63 70 5 0 5 0.34 M M 5.7 18 310 M M 9 1 24 300
5 73 51 62 -3 3 0 T M M 6.2 14 310 M M 6 18 23 320
6 76 45 61 -4 4 0 0.00 M M 2.0 10 60 M M 4 12 14 90
7 81 57 69 4 0 4 0.00 M M 3.3 10 340 M M 6 14 80
8 80 56 68 3 0 3 0.00 M M 3.0 12 240 M M 5 12 16 280
9 83 51 67 2 0 2 0.00 M M 3.8 14 300 M M 0 1 18 300
10 86 58 72 7 0 7 0.00 M M 2.8 10 260 M M 1 18 16 280
11 85 64 75 10 0 10 0.00 M M 6.6 16 210 M M 2 18 26 220
12 81 56 69 4 0 4 0.00 M M 1.9 10 360 M M 3 128 16 340
13 87 56 72 8 0 7 0.00 M M 3.5 12 120 M M 1 15 80
14 85 56 71 7 0 6 0.00 M M 3.8 14 110 M M 1 18 60
15 80 56 68 4 0 3 0.04 M M 2.9 13 180 M M 2 1 19 140
16 79 61 70 6 0 5 T M M 3.5 13 140 M M 8 12 17 140
17 78 57 68 4 0 3 0.02 M M 4.6 13 270 M M 7 12 18 320
18 76 49 63 -1 2 0 T M M 5.9 17 320 M M 4 12 26 310
19 74 45 60 -4 5 0 0.00 M M 4.7 15 350 M M 3 18 19 350
20 78 40 59 -5 6 0 0.00 M M 2.5 10 180 M M 0 17 150
21 82 46 64 0 1 0 0.00 M M 3.4 12 210 M M 0 15 200
22 87 50 69 6 0 4 0.00 M M 2.2 10 310 M M 0 1 14 240
23 84 54 69 6 0 4 T M M 1.9 9 330 M M 4 18 13 330
24 84 57 71 8 0 6 0.61 M M 3.5 33 330 M M 3 1238 43 320
25 83 57 70 7 0 5 0.16 M M 7.6 25 320 M M 4 138 33 320
26 77 52 65 2 0 0 T M M 4.2 15 300 M M 3 1 20 280
27 86 61 74 11 0 9 0.17 M M 7.9 48 310 M M 6 1238 65 290
28 78 66 72 10 0 7 0.31 M M 5.0 14 220 M M 8 123 22 270
29 78 58 68 6 0 3 0.05 M M 10.1 23 300 M M 8 1 34 290
30 73 51 62 0 3 0 0.00 M M 7.2 16 340 M M 7 1 20 340
31 72 49 61 -1 4 0 0.00 M M 8.2 17 150 M M 7 1 24 150
================================================================================
SM 2478 1702 28 110 2.05 M 145.6 M 134
================================================================================
AV 79.9 54.9 4.7 FASTST M M 4 MAX(MPH)
MISC ----> 48 310 65 290
================================================================================
NOTES:
# LAST OF SEVERAL OCCURRENCES
COLUMN 17 PEAK WIND IN M.P.H.
PRELIMINARY LOCAL CLIMATOLOGICAL DATA (WS FORM: F-6) , PAGE 2
STATION: BRADFORD
MONTH: AUGUST
YEAR: 2020
LATITUDE: 41 47 N
LONGITUDE: 78 38 W
[TEMPERATURE DATA] [PRECIPITATION DATA] SYMBOLS USED IN COLUMN 16
AVERAGE MONTHLY: 67.4 TOTAL FOR MONTH: 2.05 1 = FOG OR MIST
DPTR FM NORMAL: 3.6 DPTR FM NORMAL: -2.06 2 = FOG REDUCING VISIBILITY
HIGHEST: 87 ON 22,13 GRTST 24HR 0.77 ON 24-25 TO 1/4 MILE OR LESS
LOWEST: 40 ON 20 3 = THUNDER
SNOW, ICE PELLETS, HAIL 4 = ICE PELLETS
TOTAL MONTH: M 5 = HAIL
GRTST 24HR M ON M 6 = FREEZING RAIN OR DRIZZLE
GRTST DEPTH: M ON M 7 = DUSTSTORM OR SANDSTORM:
VSBY 1/2 MILE OR LESS
8 = SMOKE OR HAZE
[NO. OF DAYS WITH] [WEATHER - DAYS WITH] 9 = BLOWING SNOW
X = TORNADO
MAX 32 OR BELOW: 0 0.01 INCH OR MORE: 10
MAX 90 OR ABOVE: 0 0.10 INCH OR MORE: 7
MIN 32 OR BELOW: 0 0.50 INCH OR MORE: 1
MIN 0 OR BELOW: 0 1.00 INCH OR MORE: 0
[HDD (BASE 65) ]
TOTAL THIS MO. 28 CLEAR (SCALE 0-3) 13
DPTR FM NORMAL -61 PTCLDY (SCALE 4-7) 16
TOTAL FM JUL 1 31 CLOUDY (SCALE 8-10) 2
DPTR FM NORMAL -56
[CDD (BASE 65) ]
TOTAL THIS MO. 110
DPTR FM NORMAL 57 [PRESSURE DATA]
TOTAL FM JAN 1 368 HIGHEST SLP 30.20 ON 8
DPTR FM NORMAL 191 LOWEST SLP 29.53 ON 29
[REMARKS]
#FINAL-08-20#