000
CXUS51 KCTP 010800
CF6BFD
PRELIMINARY LOCAL CLIMATOLOGICAL DATA (WS FORM: F-6)
STATION: BRADFORD
MONTH: OCTOBER
YEAR: 2023
LATITUDE: 41 47 N
LONGITUDE: 78 38 W
TEMPERATURE IN F: :PCPN: SNOW: WIND :SUNSHINE: SKY :PK WND
================================================================================
1 2 3 4 5 6A 6B 7 8 9 10 11 12 13 14 15 16 17 18
12Z AVG MX 2MIN
DY MAX MIN AVG DEP HDD CDD WTR SNW DPTH SPD SPD DIR MIN PSBL S-S WX SPD DR
================================================================================
1 78 44 61 7 4 0 0.00 M M 3.5 12 330 M M 3 12 17 360
2 79 50 65 12 0 0 0.00 M M 1.4 9 330 M M 4 12 12 10
3 82 51 67 14 0 2 0.00 M M 1.4 9 320 M M 2 1 13 320
4 82 51 67 15 0 2 0.00 M M 4.1 13 130 M M 2 12 17 170
5 78 57 68 16 0 3 0.00 M M 7.3 16 140 M M 0 23 140
6 67 57 62 10 3 0 0.21 M M 4.3 10 150 M M 9 1 16 150
7 57 45 51 0 14 0 0.36 M M 8.0 20 280 M M 9 12 26 270
8 49 43 46 -5 19 0 0.37 M M 10.4 21 280 M M 10 1 30 250
9 51 41 46 -5 19 0 T M M 7.8 17 250 M M 9 31 210
10 55 41 48 -2 17 0 T M M 5.9 20 210 M M 9 29 220
11 59 36 48 -2 17 0 T M M 4.6 13 270 M M 8 1 18 230
12 64 35 50 0 15 0 0.00 M M 2.8 12 340 M M 4 1 14 350
13 59 35 47 -2 18 0 0.00 M M 3.9 12 60 M M 1 1 15 70
14 48 43 46 -3 19 0 0.52 M M 9.1 16 90 M M 10 1 22 80
15 51 43 47 -2 18 0 0.05 M M 9.6 20 320 M M 10 1 26 300
16 52 43 48 0 17 0 0.09 M M 8.2 15 330 M M 10 18 19 330
17 50 42 46 -2 19 0 0.06 M M 4.1 10 300 M M 10 18 14 310
18 51 38 45 -3 20 0 0.00 M M 2.7 10 200 M M 9 1 13 210
19 61 34 48 1 17 0 T M M 7.0 16 200 M M 2 1 22 210
20 55 50 53 6 12 0 0.26 M M 6.3 14 160 M M 10 1 23 180
21 50 45 48 1 17 0 0.15 M M 11.5 21 280 M M 10 18 27 280
22 48 39 44 -2 21 0 0.06 M M 14.6 24 310 M M 8 1 32 300
23 58 31 45 -1 20 0 0.00 M M 3.5 15 310 M M 3 19 320
24 74 37 56 10 9 0 0.00 M M 4.8 14 200 M M 1 21 250
25 74 57 66 21 0 1 T M M 6.3 16 320 M M 2 20 200
26 75 61 68 23 0 3 0.00 M M 5.8 15 210 M M 3 23 220
27 74 62 68 23 0 3 T M M 7.0 15 220 M M 5 23 240
28 65 43 54 10 11 0 0.15 M M 6.8 16 310 M M 8 18 20 290
29 48 43 46 2 19 0 0.61 M M 6.9 13 100 M M 10 1 18 140
30 49 36 43 -1 22 0 0.37 M M 8.1 17 280 M M 10 1 26 280
31 40 29 35 -8 30 0 T M M 3.3 13 210 M M 9 18 210
================================================================================
SM 1883 1362 397 14 3.26 M 191.0 M 200
================================================================================
AV 60.7 43.9 6.2 FASTST M M 6 MAX(MPH)
MISC ----> 24 310 32 300
================================================================================
NOTES:
# LAST OF SEVERAL OCCURRENCES
COLUMN 17 PEAK WIND IN M.P.H.
PRELIMINARY LOCAL CLIMATOLOGICAL DATA (WS FORM: F-6) , PAGE 2
STATION: BRADFORD
MONTH: OCTOBER
YEAR: 2023
LATITUDE: 41 47 N
LONGITUDE: 78 38 W
[TEMPERATURE DATA] [PRECIPITATION DATA] SYMBOLS USED IN COLUMN 16
AVERAGE MONTHLY: 52.3 TOTAL FOR MONTH: 3.26 1 = FOG OR MIST
DPTR FM NORMAL: 4.0 DPTR FM NORMAL: -0.73 2 = FOG REDUCING VISIBILITY
HIGHEST: 82 ON 4, 3 GRTST 24HR 0.70 ON 7- 8 TO 1/4 MILE OR LESS
LOWEST: 29 ON 31 3 = THUNDER
SNOW, ICE PELLETS, HAIL 4 = ICE PELLETS
TOTAL MONTH: M 5 = HAIL
GRTST 24HR M ON M 6 = FREEZING RAIN OR DRIZZLE
GRTST DEPTH: M ON M 7 = DUSTSTORM OR SANDSTORM:
VSBY 1/2 MILE OR LESS
8 = SMOKE OR HAZE
[NO. OF DAYS WITH] [WEATHER - DAYS WITH] 9 = BLOWING SNOW
X = TORNADO
MAX 32 OR BELOW: 0 0.01 INCH OR MORE: 13
MAX 90 OR ABOVE: 0 0.10 INCH OR MORE: 9
MIN 32 OR BELOW: 2 0.50 INCH OR MORE: 2
MIN 0 OR BELOW: 0 1.00 INCH OR MORE: 0
[HDD (BASE 65) ]
TOTAL THIS MO. 397 CLEAR (SCALE 0-3) 8
DPTR FM NORMAL -122 PTCLDY (SCALE 4-7) 8
TOTAL FM JUL 1 580 CLOUDY (SCALE 8-10) 15
DPTR FM NORMAL -250
[CDD (BASE 65) ]
TOTAL THIS MO. 14
DPTR FM NORMAL 11 [PRESSURE DATA]
TOTAL FM JAN 1 355 HIGHEST SLP 30.36 ON 1
DPTR FM NORMAL 73 LOWEST SLP 29.45 ON 21
[REMARKS]
#FINAL-10-23#