000
CXUS55 KCYS 111114 CCA
CF6BFF
PRELIMINARY LOCAL CLIMATOLOGICAL DATA (WS FORM: F-6)...CORRECTED
STATION: SCOTTSBLUFF NE AIRPORT
MONTH: MAY
YEAR: 2023
LATITUDE: 41 52 N
LONGITUDE: 103 36 W
TEMPERATURE IN F: :PCPN: SNOW: WIND :SUNSHINE: SKY :PK WND
================================================================================
1 2 3 4 5 6A 6B 7 8 9 10 11 12 13 14 15 16 17 18
12Z AVG MX 2MIN
DY MAX MIN AVG DEP HDD CDD WTR SNW DPTH SPD SPD DIR MIN PSBL S-S WX SPD DR
================================================================================
1 71 32 52 0 13 0 0.00 0.0 0 8.5 15 80 M M 1 25 120
2 74 34 54 2 11 0 0.00 0.0 0 11.5 23 150 M M 0 37 130
3 85 45 65 13 0 0 0.00 0.0 0 8.7 28 40 M M 0 35 40
4 84 41 63 10 2 0 0.20 0.0 0 8.2 32 40 M M 3 3 43 320
5 77 46 62 9 3 0 0.28 0.0 0 6.4 26 330 M M 2 13 35 320
6 74 42 58 4 7 0 0.00 0.0 0 7.5 23 250 M M 4 12 32 230
7 69 44 57 3 8 0 T 0.0 0 7.7 25 250 M M 4 34 260
8 77 42 60 6 5 0 0.00 0.0 0 9.7 25 200 M M 2 35 210
9 76 45 61 6 4 0 0.66 0.0 0 9.7 28 300 M M 4 13 36 310
10 76 53 65 10 0 0 0.83 0.0 0 13.0 35 30 M M 5 13 51 170
11 61 54 58 2 7 0 1.18 0.0 0 11.5 24 350 M M 10 1 35 10
12 63 52 58 2 7 0 0.65 0.0 0 20.5 35 330 M M 9 18 45 330
13 63 51 57 1 8 0 0.01 0.0 0 13.9 25 340 M M 10 1 32 340
14 56 53 55 -2 10 0 0.74 0.0 0 11.5 23 20 M M 10 1 30 20
15 67 47 57 0 8 0 0.00 0.0 0 3.9 10 60 M M 5 14 60
16 79 48 64 6 1 0 T 0.0 0 7.2 20 360 M M 3 123 26 30
17 79 49 64 6 1 0 0.11 0.0 0 7.3 30 300 M M 1 138 41 310
18 60 50 55 -4 10 0 0.43 0.0 0 4.5 15 30 M M 8 18 19 30
19 65 42 54 -5 11 0 0.00 0.0 0 5.2 16 40 M M 2 18 21 40
20 76 44 60 1 5 0 0.00 0.0 0 6.0 14 170 M M 1 18 18 210
21 81 45 63 3 2 0 0.00 0.0 0 5.0 14 320 M M 0 18 17 320
22 81 48 65 5 0 0 0.00 0.0 0 6.7 15 120 M M 0 18 20 130
23 81 55 68 7 0 3 0.00 0.0 0 10.4 21 120 M M 0 26 130
24 78 54 66 5 0 1 T 0.0 0 13.8 23 120 M M 4 18 31 120
25 79 55 67 5 0 2 0.27 0.0 0 13.7 24 130 M M 3 138 32 130
26 79 56 68 6 0 3 0.27 0.0 0 14.9 26 140 M M 7 13 37 140
27 80 54 67 5 0 2 0.40 0.0 0 14.4 32 150 M M 5 13 44 130
28 80 54 67 4 0 2 0.00 0.0 0 7.3 22 190 M M 1 26 190
29 84 50 67 4 0 2 0.02 0.0 0 7.6 28 210 M M 1 3 37 180
30 86 49 68 5 0 3 0.25 0.0 0 8.2 32 60 M M 1 3 48 230
31 83 54 69 5 0 4 1.03 0.0 0 9.5 28 340 M M 2 13 36 320
================================================================================
SM 2324 1488 123 22 7.33 0.0 293.9 M 108
================================================================================
AV 75.0 48.0 9.5 FASTST M M 3 MAX(MPH)
MISC ----> # 35 30 51 170
================================================================================
NOTES:
# LAST OF SEVERAL OCCURRENCES
COLUMN 17 PEAK WIND IN M.P.H.
PRELIMINARY LOCAL CLIMATOLOGICAL DATA (WS FORM: F-6) , PAGE 2
STATION: SCOTTSBLUFF NE AIRPORT
MONTH: MAY
YEAR: 2023
LATITUDE: 41 52 N
LONGITUDE: 103 36 W
[TEMPERATURE DATA] [PRECIPITATION DATA] SYMBOLS USED IN COLUMN 16
AVERAGE MONTHLY: 61.5 TOTAL FOR MONTH: 7.33 1 = FOG OR MIST
DPTR FM NORMAL: 3.8 DPTR FM NORMAL: 4.55 2 = FOG REDUCING VISIBILITY
HIGHEST: 86 ON 30 GRTST 24HR 1.77 ON 10-11 TO 1/4 MILE OR LESS
LOWEST: 32 ON 1 3 = THUNDER
SNOW, ICE PELLETS, HAIL 4 = ICE PELLETS
TOTAL MONTH: 0.0 INCH 5 = HAIL
GRTST 24HR 0.0 6 = FREEZING RAIN OR DRIZZLE
GRTST DEPTH: 0 7 = DUSTSTORM OR SANDSTORM:
VSBY 1/2 MILE OR LESS
8 = SMOKE OR HAZE
[NO. OF DAYS WITH] [WEATHER - DAYS WITH] 9 = BLOWING SNOW
X = TORNADO
MAX 32 OR BELOW: 0 0.01 INCH OR MORE: 16
MAX 90 OR ABOVE: 0 0.10 INCH OR MORE: 14
MIN 32 OR BELOW: 1 0.50 INCH OR MORE: 6
MIN 0 OR BELOW: 0 1.00 INCH OR MORE: 2
[HDD (BASE 65) ]
TOTAL THIS MO. 123 CLEAR (SCALE 0-3) 18
DPTR FM NORMAL -132 PTCLDY (SCALE 4-7) 9
TOTAL FM JUL 1 6538 CLOUDY (SCALE 8-10) 4
DPTR FM NORMAL 269
[CDD (BASE 65) ]
TOTAL THIS MO. 22
DPTR FM NORMAL -6 [PRESSURE DATA]
TOTAL FM JAN 1 23 HIGHEST SLP 30.48 ON 15
DPTR FM NORMAL -6 LOWEST SLP 29.61 ON 5
[REMARKS]
MAY 2023 WAS 8TH WARMEST WITH AVERAGE TEMPERATURE OF 61.5 DEGREES
MAY 2023 WAS 6TH WETTEST WITH 7.33 INCHES OF PRECIPITATION
#FINAL-05-23#