000
CXUS55 KCYS 021244
CF6BFF
PRELIMINARY LOCAL CLIMATOLOGICAL DATA (WS FORM: F-6)
STATION: SCOTTSBLUFF NE AIRPORT
MONTH: DECEMBER
YEAR: 2023
LATITUDE: 41 52 N
LONGITUDE: 103 36 W
TEMPERATURE IN F: :PCPN: SNOW: WIND :SUNSHINE: SKY :PK WND
================================================================================
1 2 3 4 5 6A 6B 7 8 9 10 11 12 13 14 15 16 17 18
12Z AVG MX 2MIN
DY MAX MIN AVG DEP HDD CDD WTR SNW DPTH SPD SPD DIR MIN PSBL S-S WX SPD DR
================================================================================
1 45 20 33 2 32 0 0.00 0.0 2 8.0 16 270 M M 2 22 260
2 43 22 33 2 32 0 0.00 0.0 1 8.3 24 290 M M 1 33 300
3 41 19 30 0 35 0 0.04 0.3 1 11.7 29 320 M M 5 1 39 340
4 52 24 38 8 27 0 0.01 T T 10.6 24 290 M M 6 35 300
5 59 27 43 13 22 0 0.00 0.0 T 3.1 8 360 M M 3 12 270
6 71 29 50 20 15 0 0.00 0.0 T 5.9 17 260 M M 0 25 290
7 61 23 42 13 23 0 0.00 0.0 T 15.3 39 260 M M 0 56 270
8 45 26 36 7 29 0 0.00 0.0 0 11.1 24 320 M M 0 33 310
9 42 18 30 1 35 0 0.00 0.0 0 11.5 30 330 M M 1 39 320
10 49 17 33 5 32 0 0.00 0.0 0 11.5 29 290 M M 0 41 300
11 53 22 38 10 27 0 0.01 0.1 0 7.9 22 40 M M 2 1 30 30
12 35 22 29 1 36 0 0.01 0.1 T 8.0 15 130 M M 7 1 19 160
13 44 22 33 5 32 0 0.00 0.0 0 7.1 16 110 M M 7 23 110
14 44 23 34 6 31 0 0.01 T 0 10.1 20 180 M M 6 1 27 180
15 53 23 38 10 27 0 0.00 0.0 0 11.1 31 320 M M 0 1 45 300
16 58 20 39 12 26 0 0.00 0.0 0 6.7 13 300 M M 0 17 300
17 58 23 41 14 24 0 0.00 0.0 0 9.6 26 320 M M 0 37 320
18 53 17 35 8 30 0 0.00 0.0 0 4.9 12 90 M M 0 13 90
19 65 22 44 17 21 0 0.00 0.0 0 6.6 21 300 M M 0 28 300
20 57 25 41 14 24 0 0.00 0.0 0 3.8 12 20 M M 1 14 20
21 61 25 43 16 22 0 0.00 0.0 0 7.2 17 310 M M 1 23 300
22 61 21 41 14 24 0 0.00 0.0 0 4.3 10 100 M M 0 12 270
23 50 24 37 10 28 0 T 0.0 0 9.6 31 350 M M 4 40 320
24 33 17 25 -2 40 0 0.01 0.3 T 18.3 29 320 M M 7 40 330
25 34 13 24 -3 41 0 T 0.1 0 19.3 37 310 M M 8 49 310
26 35 24 30 3 35 0 0.02 0.4 T 25.1 35 330 M M 10 1 49 320
27 45 20 33 6 32 0 0.00 0.0 1 13.8 24 340 M M 5 34 320
28 47 17 32 5 33 0 0.00 0.0 T 7.8 13 290 M M 0 18 270
29 55 19 37 10 28 0 0.00 0.0 0 7.6 14 300 M M 0 19 300
30 55 21 38 11 27 0 0.00 0.0 0 7.1 14 320 M M 1 18 330
31 42 17 30 3 35 0 0.00 0.0 0 7.4 15 120 M M 0 19 110
================================================================================
SM 1546 662 905 0 0.11 1.3 300.3 M 77
================================================================================
AV 49.9 21.4 9.7 FASTST M M 2 MAX(MPH)
MISC ----> 39 260 56 270
================================================================================
NOTES:
# LAST OF SEVERAL OCCURRENCES
COLUMN 17 PEAK WIND IN M.P.H.
PRELIMINARY LOCAL CLIMATOLOGICAL DATA (WS FORM: F-6) , PAGE 2
STATION: SCOTTSBLUFF NE AIRPORT
MONTH: DECEMBER
YEAR: 2023
LATITUDE: 41 52 N
LONGITUDE: 103 36 W
[TEMPERATURE DATA] [PRECIPITATION DATA] SYMBOLS USED IN COLUMN 16
AVERAGE MONTHLY: 35.6 TOTAL FOR MONTH: 0.11 1 = FOG OR MIST
DPTR FM NORMAL: 7.6 DPTR FM NORMAL: -0.41 2 = FOG REDUCING VISIBILITY
HIGHEST: 71 ON 6 GRTST 24HR 0.04 ON 3- 3 TO 1/4 MILE OR LESS
LOWEST: 13 ON 25 3 = THUNDER
SNOW, ICE PELLETS, HAIL 4 = ICE PELLETS
TOTAL MONTH: 1.3 INCHES 5 = HAIL
GRTST 24HR 0.4 ON 26-26 6 = FREEZING RAIN OR DRIZZLE
GRTST DEPTH: 2 ON 1 7 = DUSTSTORM OR SANDSTORM:
VSBY 1/2 MILE OR LESS
8 = SMOKE OR HAZE
[NO. OF DAYS WITH] [WEATHER - DAYS WITH] 9 = BLOWING SNOW
X = TORNADO
MAX 32 OR BELOW: 0 0.01 INCH OR MORE: 7
MAX 90 OR ABOVE: 0 0.10 INCH OR MORE: 0
MIN 32 OR BELOW: 31 0.50 INCH OR MORE: 0
MIN 0 OR BELOW: 0 1.00 INCH OR MORE: 0
[HDD (BASE 65) ]
TOTAL THIS MO. 905 CLEAR (SCALE 0-3) 20
DPTR FM NORMAL -242 PTCLDY (SCALE 4-7) 10
TOTAL FM JUL 1 2204 CLOUDY (SCALE 8-10) 1
DPTR FM NORMAL -409
[CDD (BASE 65) ]
TOTAL THIS MO. 0
DPTR FM NORMAL 0 [PRESSURE DATA]
TOTAL FM JAN 1 790 HIGHEST SLP 30.60 ON 13
DPTR FM NORMAL -63 LOWEST SLP 29.54 ON 7
[REMARKS]
#FINAL-12-23#
SNOWFALL DATA FOR FULL MONTH FROM COOP BACKUP SITE (SCOTTSBLUFF 2WNW)
SNOW DEPTH DATA FOR FULL MONTH FROM COOP SITE (SCOTTSBLUFF 1E)
DECEMBER 19... RECORD HIGH TEMPERATURE: 65F (PREVIOUS: 63F IN 1917)