000
CXUS54 KAMA 021438
CLMBGD
CLIMATE REPORT
NATIONAL WEATHER SERVICE AMARILLO
838 AM CST SAT DEC 02 2023
...................................
...THE BORGER CLIMATE SUMMARY FOR THE MONTH OF NOVEMBER 2023...
CLIMATE NORMAL PERIOD: 1991 TO 2020
CLIMATE RECORD PERIOD: 1949 TO 2023
WEATHER OBSERVED NORMAL DEPART LAST YEAR`S
VALUE DATE(S) VALUE FROM VALUE DATE(S)
NORMAL
................................................................
TEMPERATURE (F)
HIGHEST 91R 11/07 80 11/03
LOWEST 21 11/26 18 11/30
AVG. MAXIMUM 66.2 62.2 4.0 58.6
AVG. MINIMUM 38.8 36.5 2.3 34.7
MEAN 52.5 49.4 3.1 46.6
DAYS MAX >= 90 1 0.0 1.0 0
DAYS MAX <= 32 1 0.5 0.5 1
DAYS MIN <= 32 7 9.2 -2.2 16
DAYS MIN <= 0 0 0.0 0.0 0
PRECIPITATION (INCHES)
TOTALS 0.55 0.69 -0.14 0.45
DAILY AVG. 0.02 0.02 -0.00 0.02
DAYS >= .01 3 3.6 -0.6 2
DAYS >= .10 2 1.3 0.7 2
DAYS >= .50 0 0.2 -0.2 0
DAYS >= 1.00 0 0.1 -0.1 0
GREATEST
24 HR. TOTAL 0.28 11/25 TO 11/25
SNOWFALL (INCHES)
TOTALS MM MM MM MM
SINCE 7/1 MM MM MM MM
DAYS >= TRACE 0 MM MM 0
DAYS >= 1.0 0 MM MM 0
GREATEST
SNOW DEPTH MM
24 HR TOTAL MM
DEGREE DAYS
HEATING TOTAL 377 475 -98 554
SINCE 7/1 540 676 -136 MM
COOLING TOTAL 11 6 5 11
SINCE 1/1 2421 2049 372 MM
................................................................
WIND (MPH)
AVERAGE WIND SPEED 9.1
HIGHEST WIND SPEED/DIRECTION 29/350 DATE 11/20
HIGHEST GUST SPEED/DIRECTION 49/320 DATE 11/20
SKY COVER
POSSIBLE SUNSHINE (PERCENT) MM
NUMBER OF DAYS FAIR 23
NUMBER OF DAYS PC 4
NUMBER OF DAYS CLOUDY 3
AVERAGE RH (PERCENT) 51
WEATHER CONDITIONS. NUMBER OF DAYS WITH
THUNDERSTORM 0 MIXED PRECIP 0
HEAVY RAIN 0 RAIN 1
LIGHT RAIN 5 FREEZING RAIN 1
LT FREEZING RAIN 1 HEAVY SNOW 1
SNOW 0 LIGHT SNOW 2
SLEET 0 FOG 5
FOG W/VIS <= 1/4 MILE 2 HAZE 2
- INDICATES NEGATIVE NUMBERS.
R INDICATES RECORD WAS SET OR TIED.
MM INDICATES DATA IS MISSING.
T INDICATES TRACE AMOUNT.
$$