000
CXUS55 KBYZ 011000
CF6BHK
PRELIMINARY LOCAL CLIMATOLOGICAL DATA (WS FORM: F-6)
STATION: BAKER MT
MONTH: MARCH
YEAR: 2023
LATITUDE: 46 20 N
LONGITUDE: 104 15 W
TEMPERATURE IN F: :PCPN: SNOW: WIND :SUNSHINE: SKY :PK WND
================================================================================
1 2 3 4 5 6A 6B 7 8 9 10 11 12 13 14 15 16 17 18
12Z AVG MX 2MIN
DY MAX MIN AVG DEP HDD CDD WTR SNW DPTH SPD SPD DIR MIN PSBL S-S WX SPD DR
================================================================================
1 22 14 18 -7 47 0 T M M 12.8 24 160 M M 10 18 28 160
2 37 5 21 -5 44 0 0.00 M M 13.5 24 250 M M 1 29 250
3 35 12 24 -2 41 0 0.00 M M 11.9 23 290 M M 2 30 290
4 37 4 21 -5 44 0 0.00 M M 6.0 14 90 M M 0 18 100
5 31 16 24 -3 41 0 0.02 M M 16.3 28 80 M M 10 18 33 80
6 16 6 11 -16 54 0 0.02 M M 17.7 28 110 M M 10 1 32 110
7 12 4 8 -20 57 0 0.01 M M 15.6 29 110 M M 10 1 32 110
8 18 3 11 -17 54 0 T M M 17.2 25 110 M M 10 1 30 110
9 16 -1 8 -21 57 0 0.02 M M 12.0 24 90 M M 8 12 28 90
10 26 5 16 -13 49 0 0.01 M M 27.0 39 120 M M 10 129 47 120
11 29 11 20 -10 45 0 0.06 M M 25.7 46 290 M M 8 129 61 280
12 17 -2 8 -22 57 0 T M M 6.8 15 300 M M 4 1 18 310
13 28 -1 14 -16 51 0 0.00 M M 17.9 28 140 M M 0 1 32 140
14 44 14 29 -2 36 0 0.00 M M 7.9 18 120 M M 1 21 120
15 31 21 26 -5 39 0 0.04 M M 14.9 26 80 M M 8 128 31 80
16 29 19 24 -8 41 0 0.01 M M 13.3 25 300 M M 10 1 32 310
17 22 0 11 -21 54 0 T M M 16.2 28 340 M M 4 1 34 340
18 32 -6 13 -20 52 0 0.00 M M 5.3 15 180 M M 2 128 16 180
19 37 8 23 -10 42 0 0.00 M M 6.4 14 310 M M 0 17 280
20 30 12 21 -12 44 0 T M M 15.7 25 120 M M 6 12 29 120
21 22 17 20 -14 45 0 0.05 M M 10.4 20 110 M M 10 18 23 110
22 30 3 17 -17 48 0 0.00 M M 4.5 12 240 M M 3 18 12 240
23 41 6 24 -11 41 0 0.00 M M 6.1 17 180 M M 0 18 20 190
24 45 18 32 -3 33 0 0.00 M M 4.0 13 180 M M 1 14 180
25 33 21 27 -8 38 0 0.00 M M 6.9 15 60 M M 8 12 18 60
26 33 21 27 -9 38 0 T M M 7.2 15 30 M M 8 1 18 30
27 33 17 25 -11 40 0 0.01 M M 8.3 17 240 M M 7 1 23 230
28 26 11 19 -17 46 0 0.00 M M 7.5 18 250 M M 5 25 230
29 39 6 23 -14 42 0 0.00 M M 10.8 18 140 M M 1 22 160
30 32 21 27 -10 38 0 0.00 M M 15.0 24 90 M M 5 29 90
31 31 21 26 -12 39 0 0.05 M M 8.0 16 70 M M 8 1 18 80
================================================================================
SM 914 306 1397 0 0.30 M 368.8 M 170
================================================================================
AV 29.5 9.9 11.9 FASTST M M 5 MAX(MPH)
MISC ----> 46 290 61 280
================================================================================
NOTES:
# LAST OF SEVERAL OCCURRENCES
COLUMN 17 PEAK WIND IN M.P.H.
PRELIMINARY LOCAL CLIMATOLOGICAL DATA (WS FORM: F-6) , PAGE 2
STATION: BAKER MT
MONTH: MARCH
YEAR: 2023
LATITUDE: 46 20 N
LONGITUDE: 104 15 W
[TEMPERATURE DATA] [PRECIPITATION DATA] SYMBOLS USED IN COLUMN 16
AVERAGE MONTHLY: 19.7 TOTAL FOR MONTH: 0.30 1 = FOG OR MIST
DPTR FM NORMAL: -11.9 DPTR FM NORMAL: -0.23 2 = FOG REDUCING VISIBILITY
HIGHEST: 45 ON 24 GRTST 24HR 0.06 ON 11-11 TO 1/4 MILE OR LESS
LOWEST: -6 ON 18 3 = THUNDER
SNOW, ICE PELLETS, HAIL 4 = ICE PELLETS
TOTAL MONTH: M 5 = HAIL
GRTST 24HR M ON M 6 = FREEZING RAIN OR DRIZZLE
GRTST DEPTH: M ON M 7 = DUSTSTORM OR SANDSTORM:
VSBY 1/2 MILE OR LESS
8 = SMOKE OR HAZE
[NO. OF DAYS WITH] [WEATHER - DAYS WITH] 9 = BLOWING SNOW
X = TORNADO
MAX 32 OR BELOW: 20 0.01 INCH OR MORE: 11
MAX 90 OR ABOVE: 0 0.10 INCH OR MORE: 0
MIN 32 OR BELOW: 31 0.50 INCH OR MORE: 0
MIN 0 OR BELOW: 5 1.00 INCH OR MORE: 0
[HDD (BASE 65) ]
TOTAL THIS MO. 1397 CLEAR (SCALE 0-3) 11
DPTR FM NORMAL 361 PTCLDY (SCALE 4-7) 10
TOTAL FM JUL 1 7556 CLOUDY (SCALE 8-10) 10
DPTR FM NORMAL 470
[CDD (BASE 65) ]
TOTAL THIS MO. 0
DPTR FM NORMAL 0 [PRESSURE DATA]
TOTAL FM JAN 1 0 HIGHEST SLP 30.59 ON 18
DPTR FM NORMAL 0 LOWEST SLP 29.48 ON 10
[REMARKS]
#FINAL-03-23#