000
CXUS55 KBYZ 011000
CF6BHK
PRELIMINARY LOCAL CLIMATOLOGICAL DATA (WS FORM: F-6)
STATION: BAKER MT
MONTH: APRIL
YEAR: 2022
LATITUDE: 46 20 N
LONGITUDE: 104 15 W
TEMPERATURE IN F: :PCPN: SNOW: WIND :SUNSHINE: SKY :PK WND
================================================================================
1 2 3 4 5 6A 6B 7 8 9 10 11 12 13 14 15 16 17 18
12Z AVG MX 2MIN
DY MAX MIN AVG DEP HDD CDD WTR SNW DPTH SPD SPD DIR MIN PSBL S-S WX SPD DR
================================================================================
1 51 27 39 1 26 0 0.03 M M 10.2 38 320 M M 5 1 43 310
2 60 19 40 2 25 0 0.19 M M 7.4 21 240 M M 1 1 26 200
3 55 32 44 6 21 0 0.21 M M 18.4 33 300 M M 7 1 43 280
4 62 28 45 6 20 0 T M M 10.5 28 220 M M 4 39 220
5 45 33 39 0 26 0 0.03 M M 28.6 45 290 M M 8 18 58 280
6 39 31 35 -4 30 0 0.09 M M 20.8 32 290 M M 10 1 41 290
7 48 27 38 -2 27 0 T M M 18.0 32 320 M M 5 41 330
8 61 18 40 0 25 0 0.00 M M 10.4 26 150 M M 0 30 150
9 55 29 42 2 23 0 0.00 M M 17.4 39 300 M M 3 47 310
10 49 24 37 -4 28 0 T M M 11.5 31 260 M M 3 1 44 270
11 46 17 32 -9 33 0 0.00 M M 7.9 24 80 M M 5 31 80
12 36 15 26 -15 39 0 0.19 M M 23.3 41 40 M M 10 1289 48 40
13 19 13 16 -26 49 0 0.13 M M 28.3 41 300 M M 10 12 54 300
14 21 15 18 -24 47 0 0.01 M M 24.9 35 300 M M 10 129 43 310
15 25 7 16 -26 49 0 T M M 11.7 20 300 M M 7 1 24 320
16 31 3 17 -25 48 0 0.00 M M 16.7 41 110 M M 4 47 110
17 31 19 25 -18 40 0 T M M 19.3 37 290 M M 7 46 300
18 44 12 28 -15 37 0 0.00 M M 9.2 31 130 M M 0 36 120
19 56 28 42 -1 23 0 0.00 M M 18.0 37 130 M M 2 44 140
20 53 24 39 -5 26 0 0.00 M M 12.8 35 300 M M 3 47 290
21 51 21 36 -8 29 0 0.00 M M 19.2 36 130 M M 1 45 130
22 48 33 41 -3 24 0 0.05 M M 14.0 30 70 M M 9 1 36 70
23 33 31 32 -13 33 0 0.38 M M 31.0 44 320 M M 10 1268 54 320
24 43 25 34 -11 31 0 0.02 M M 18.3 38 320 M M 4 18 46 320
25 49 19 34 -11 31 0 0.00 M M 8.2 20 130 M M 1 23 130
26 50 27 39 -7 26 0 0.00 M M 21.2 31 120 M M 1 42 110
27 51 27 39 -7 26 0 T M M 16.5 33 110 M M 1 39 110
28 62 40 51 5 14 0 0.21 M M 8.1 31 150 M M 7 1 37 150
29 48 41 45 -1 20 0 0.08 M M 12.9 23 40 M M 10 18 26 40
30 59 36 48 1 17 0 0.00 M M 13.6 28 360 M M 4 1 33 350
================================================================================
SM 1381 721 893 0 1.62 M 488.3 M 152
================================================================================
AV 46.0 24.0 16.3 FASTST M M 5 MAX(MPH)
MISC ----> 45 290 58 280
================================================================================
NOTES:
# LAST OF SEVERAL OCCURRENCES
COLUMN 17 PEAK WIND IN M.P.H.
PRELIMINARY LOCAL CLIMATOLOGICAL DATA (WS FORM: F-6) , PAGE 2
STATION: BAKER MT
MONTH: APRIL
YEAR: 2022
LATITUDE: 46 20 N
LONGITUDE: 104 15 W
[TEMPERATURE DATA] [PRECIPITATION DATA] SYMBOLS USED IN COLUMN 16
AVERAGE MONTHLY: 35.0 TOTAL FOR MONTH: 1.62 1 = FOG OR MIST
DPTR FM NORMAL: -7.3 DPTR FM NORMAL: 0.27 2 = FOG REDUCING VISIBILITY
HIGHEST: 62 ON 28, 4 GRTST 24HR 0.43 ON 22-23 TO 1/4 MILE OR LESS
LOWEST: 3 ON 16 3 = THUNDER
SNOW, ICE PELLETS, HAIL 4 = ICE PELLETS
TOTAL MONTH: M 5 = HAIL
GRTST 24HR M ON M 6 = FREEZING RAIN OR DRIZZLE
GRTST DEPTH: M ON M 7 = DUSTSTORM OR SANDSTORM:
VSBY 1/2 MILE OR LESS
8 = SMOKE OR HAZE
[NO. OF DAYS WITH] [WEATHER - DAYS WITH] 9 = BLOWING SNOW
X = TORNADO
MAX 32 OR BELOW: 5 0.01 INCH OR MORE: 13
MAX 90 OR ABOVE: 0 0.10 INCH OR MORE: 6
MIN 32 OR BELOW: 25 0.50 INCH OR MORE: 0
MIN 0 OR BELOW: 0 1.00 INCH OR MORE: 0
[HDD (BASE 65) ]
TOTAL THIS MO. 893 CLEAR (SCALE 0-3) 9
DPTR FM NORMAL 212 PTCLDY (SCALE 4-7) 13
TOTAL FM JUL 1 7512 CLOUDY (SCALE 8-10) 8
DPTR FM NORMAL -256
[CDD (BASE 65) ]
TOTAL THIS MO. 0
DPTR FM NORMAL 0 [PRESSURE DATA]
TOTAL FM JAN 1 0 HIGHEST SLP 30.46 ON 7
DPTR FM NORMAL 0 LOWEST SLP 29.24 ON 4
[REMARKS]
#FINAL-04-22#