590
CXUS55 KBYZ 011000
CF6BHK
PRELIMINARY LOCAL CLIMATOLOGICAL DATA (WS FORM: F-6)
STATION: BAKER MT
MONTH: SEPTEMBER
YEAR: 2020
LATITUDE: 46 20 N
LONGITUDE: 104 15 W
TEMPERATURE IN F: :PCPN: SNOW: WIND :SUNSHINE: SKY :PK WND
================================================================================
1 2 3 4 5 6A 6B 7 8 9 10 11 12 13 14 15 16 17 18
12Z AVG MX 2MIN
DY MAX MIN AVG DEP HDD CDD WTR SNW DPTH SPD SPD DIR MIN PSBL S-S WX SPD DR
================================================================================
1 80 50 65 1 0 0 0.00 M M 13.7 30 280 M M 1 42 320
2 91 51 71 7 0 6 0.01 M M 18.7 48 340 M M 1 8 57 340
3 75 47 61 -2 4 0 0.00 M M 9.6 18 260 M M 1 25 290
4 84 47 66 3 0 1 0.00 M M 6.7 16 300 M M 2 23 280
5 92 48 70 8 0 5 0.00 M M 8.4 23 150 M M 0 28 130
6 76 50 63 1 2 0 0.03 M M 10.6 23 330 M M 1 33 360
7 50 37 44 -17 21 0 1.01 M M 10.8 25 30 M M 8 1 28 20
8 51 29 40 -21 25 0 0.00 M M 6.7 13 180 M M 1 16 30
9 63 29 46 -14 19 0 0.00 M M 7.1 16 250 M M 0 21 210
10 71 34 53 -7 12 0 0.00 M M 5.8 14 130 M M 0 18 120
11 66 38 52 -7 13 0 0.01 M M 8.0 17 160 M M 3 22 140
12 81 37 59 0 6 0 0.00 M M 5.7 15 210 M M 0 1 19 230
13 69 46 58 0 7 0 0.00 M M 13.0 22 110 M M 0 28 290
14 86 46 66 8 0 1 0.00 M M 7.1 26 150 M M 0 18 32 150
15 76 43 60 2 5 0 0.00 M M 4.6 13 10 M M 0 18 14 330
16 67 42 55 -2 10 0 0.00 M M 7.2 14 140 M M 0 18 120
17 75 40 58 2 7 0 0.00 M M 4.1 14 330 M M 0 18 18 340
18 76 45 61 5 4 0 0.00 M M 14.2 26 150 M M 0 33 140
19 79 49 64 8 1 0 T M M 14.5 25 170 M M 0 32 170
20 74 52 63 8 2 0 0.00 M M 16.1 30 270 M M 2 37 270
21 79 46 63 9 2 0 0.00 M M 6.6 15 270 M M 2 20 240
22 88 45 67 13 0 2 0.00 M M 9.4 20 280 M M 0 27 280
23 79 50 65 11 0 0 0.00 M M 8.0 16 330 M M 0 21 320
24 91 52 72 19 0 7 0.00 M M 12.4 35 340 M M 0 8 44 340
25 72 42 57 4 8 0 T M M 9.2 18 250 M M 2 8 25 250
26 67 42 55 3 10 0 T M M 17.8 38 290 M M 4 51 290
27 63 41 52 0 13 0 T M M 20.4 38 330 M M 3 49 310
28 65 33 49 -2 16 0 0.00 M M 10.3 25 320 M M 0 33 310
29 78 46 62 11 3 0 0.00 M M 13.9 28 360 M M 2 36 350
30 61 36 49 -1 16 0 0.00 M M 18.0 38 320 M M 1 46 290
================================================================================
SM 2225 1293 206 22 1.06 M 318.6 M 34
================================================================================
AV 74.2 43.1 10.6 FASTST M M 1 MAX(MPH)
MISC ----> 48 340 57 340
================================================================================
NOTES:
# LAST OF SEVERAL OCCURRENCES
COLUMN 17 PEAK WIND IN M.P.H.
PRELIMINARY LOCAL CLIMATOLOGICAL DATA (WS FORM: F-6) , PAGE 2
STATION: BAKER MT
MONTH: SEPTEMBER
YEAR: 2020
LATITUDE: 46 20 N
LONGITUDE: 104 15 W
[TEMPERATURE DATA] [PRECIPITATION DATA] SYMBOLS USED IN COLUMN 16
AVERAGE MONTHLY: 58.6 TOTAL FOR MONTH: 1.06 1 = FOG OR MIST
DPTR FM NORMAL: 1.3 DPTR FM NORMAL: -0.23 2 = FOG REDUCING VISIBILITY
HIGHEST: 92 ON 5 GRTST 24HR 1.04 ON 6- 7 TO 1/4 MILE OR LESS
LOWEST: 29 ON 9, 8 3 = THUNDER
SNOW, ICE PELLETS, HAIL 4 = ICE PELLETS
TOTAL MONTH: M 5 = HAIL
GRTST 24HR M ON M 6 = FREEZING RAIN OR DRIZZLE
GRTST DEPTH: M ON M 7 = DUSTSTORM OR SANDSTORM:
VSBY 1/2 MILE OR LESS
8 = SMOKE OR HAZE
[NO. OF DAYS WITH] [WEATHER - DAYS WITH] 9 = BLOWING SNOW
X = TORNADO
MAX 32 OR BELOW: 0 0.01 INCH OR MORE: 4
MAX 90 OR ABOVE: 3 0.10 INCH OR MORE: 1
MIN 32 OR BELOW: 2 0.50 INCH OR MORE: 1
MIN 0 OR BELOW: 0 1.00 INCH OR MORE: 1
[HDD (BASE 65) ]
TOTAL THIS MO. 206 CLEAR (SCALE 0-3) 27
DPTR FM NORMAL -57 PTCLDY (SCALE 4-7) 2
TOTAL FM JUL 1 221 CLOUDY (SCALE 8-10) 1
DPTR FM NORMAL -104
[CDD (BASE 65) ]
TOTAL THIS MO. 22
DPTR FM NORMAL -9 [PRESSURE DATA]
TOTAL FM JAN 1 530 HIGHEST SLP 30.59 ON 8
DPTR FM NORMAL 60 LOWEST SLP 29.53 ON 2
[REMARKS]
#FINAL-09-20#