000
CXUS54 KBMX 011010
CF6BHM
PRELIMINARY LOCAL CLIMATOLOGICAL DATA (WS FORM: F-6)
STATION: BIRMINGHAM
MONTH: AUGUST
YEAR: 2023
LATITUDE: 33 34 N
LONGITUDE: 86 45 W
TEMPERATURE IN F: :PCPN: SNOW: WIND :SUNSHINE: SKY :PK WND
================================================================================
1 2 3 4 5 6A 6B 7 8 9 10 11 12 13 14 15 16 17 18
12Z AVG MX 2MIN
DY MAX MIN AVG DEP HDD CDD WTR SNW DPTH SPD SPD DIR MIN PSBL S-S WX SPD DR
================================================================================
1 91 73 82 0 0 17 0.00 0.0 0 4.5 14 360 M M 7 20 350
2 93 70 82 0 0 17 0.00 0.0 0 2.8 9 10 M M 4 13 20
3 95 73 84 2 0 19 0.45 0.0 0 5.1 31 360 M M 6 138 46 350
4 80 72 76 -6 0 11 0.32 0.0 0 3.4 16 330 M M 8 138 20 330
5 93 72 83 1 0 18 0.00 0.0 0 2.3 24 360 M M 4 123 31 360
6 96 75 86 4 0 21 0.45 0.0 0 5.7 32 230 M M 6 3 50 250
7 95 73 84 2 0 19 0.90 0.0 0 6.5 25 310 M M 5 138 34 300
8 82 71 77 -5 0 12 0.26 0.0 0 2.3 16 270 M M 8 123 22 270
9 92 69 81 -1 0 16 0.14 0.0 0 5.1 24 360 M M 5 13 30 360
10 87 70 79 -3 0 14 1.08 0.0 0 6.0 29 300 M M 7 13 38 330
11 93 72 83 1 0 18 1.15 0.0 0 6.3 21 330 M M 7 13 36 360
12 97 74 86 5 0 21 0.32 0.0 0 3.2 20 30 M M 5 38 40 350
13 97 75 86 5 0 21 0.05 0.0 0 5.2 32 360 M M 5 13 45 350
14 97 76 87 6 0 22 0.00 0.0 0 6.3 15 260 M M 3 21 290
15 87 69 78 -3 0 13 0.00 0.0 0 6.3 17 350 M M 5 3 23 350
16 86 65 76 -5 0 11 0.00 0.0 0 3.2 12 360 M M 3 16 340
17 87 65 76 -5 0 11 0.00 0.0 0 3.7 15 300 M M 2 21 290
18 91 67 79 -2 0 14 0.00 0.0 0 2.9 12 320 M M 2 17 320
19 92 71 82 1 0 17 0.00 0.0 0 4.5 10 340 M M 2 15 20
20 92 72 82 1 0 17 0.00 0.0 0 3.8 12 60 M M 1 18 70
21 95 76 86 5 0 21 0.00 0.0 0 2.6 9 60 M M 1 14 50
22 95 75 85 4 0 20 0.00 0.0 0 3.4 13 360 M M 2 8 22 360
23 97 76 87 7 0 22 0.00 0.0 0 4.1 10 20 M M 2 15 60
24 97 78 88 8 0 23 0.00 0.0 0 2.3 9 40 M M 4 14 40
25 100 78 89 9 0 24 0.00 0.0 0 3.2 12 360 M M 2 8 17 360
26 99 78 89 9 0 24 0.00 0.0 0 3.8 14 340 M M 2 18 19 350
27 97 74 86 6 0 21 0.02 0.0 0 4.3 15 10 M M 4 3 20 10
28 91 76 84 4 0 19 1.73 0.0 0 3.5 14 210 M M 8 1238 21 180
29 90 74 82 2 0 17 T 0.0 0 3.5 14 10 M M 8 1 19 20
30 89 70 80 0 0 15 0.00 0.0 0 7.9 17 350 M M 7 23 350
31 87 65 76 -3 0 11 0.00 0.0 0 3.2 10 360 M M 5 16 20
================================================================================
SM 2860 2244 0 546 6.87 0.0 130.9 M 140
================================================================================
AV 92.3 72.4 4.2 FASTST M M 5 MAX(MPH)
MISC ----> # 32 230 50 250
================================================================================
NOTES:
# LAST OF SEVERAL OCCURRENCES
COLUMN 17 PEAK WIND IN M.P.H.
PRELIMINARY LOCAL CLIMATOLOGICAL DATA (WS FORM: F-6) , PAGE 2
STATION: BIRMINGHAM
MONTH: AUGUST
YEAR: 2023
LATITUDE: 33 34 N
LONGITUDE: 86 45 W
[TEMPERATURE DATA] [PRECIPITATION DATA] SYMBOLS USED IN COLUMN 16
AVERAGE MONTHLY: 82.3 TOTAL FOR MONTH: 6.87 1 = FOG OR MIST
DPTR FM NORMAL: 1.4 DPTR FM NORMAL: 2.52 2 = FOG REDUCING VISIBILITY
HIGHEST: 100 ON 25 GRTST 24HR 1.75 ON 27-28 TO 1/4 MILE OR LESS
LOWEST: 65 ON 31,17 3 = THUNDER
SNOW, ICE PELLETS, HAIL 4 = ICE PELLETS
TOTAL MONTH: 0.0 INCH 5 = HAIL
GRTST 24HR 0.0 6 = FREEZING RAIN OR DRIZZLE
GRTST DEPTH: 0 7 = DUSTSTORM OR SANDSTORM:
VSBY 1/2 MILE OR LESS
8 = SMOKE OR HAZE
[NO. OF DAYS WITH] [WEATHER - DAYS WITH] 9 = BLOWING SNOW
X = TORNADO
MAX 32 OR BELOW: 0 0.01 INCH OR MORE: 12
MAX 90 OR ABOVE: 23 0.10 INCH OR MORE: 10
MIN 32 OR BELOW: 0 0.50 INCH OR MORE: 4
MIN 0 OR BELOW: 0 1.00 INCH OR MORE: 3
[HDD (BASE 65) ]
TOTAL THIS MO. 0 CLEAR (SCALE 0-3) 10
DPTR FM NORMAL 0 PTCLDY (SCALE 4-7) 20
TOTAL FM JUL 1 0 CLOUDY (SCALE 8-10) 1
DPTR FM NORMAL 0
[CDD (BASE 65) ]
TOTAL THIS MO. 546
DPTR FM NORMAL 52 [PRESSURE DATA]
TOTAL FM JAN 1 1852 HIGHEST SLP 30.18 ON 21
DPTR FM NORMAL 120 LOWEST SLP 29.72 ON 30
[REMARKS]
#FINAL-08-23#