000
CXUS55 KVEF 032032
CF6BIH
PRELIMINARY LOCAL CLIMATOLOGICAL DATA (WS FORM: F-6)
STATION: BISHOP CA
MONTH: MARCH
YEAR: 2023
LATITUDE: 37 22 N
LONGITUDE: 118 22 W
TEMPERATURE IN F: :PCPN: SNOW: WIND :SUNSHINE: SKY :PK WND
================================================================================
1 2 3 4 5 6A 6B 7 8 9 10 11 12 13 14 15 16 17 18
12Z AVG MX 2MIN
DY MAX MIN AVG DEP HDD CDD WTR SNW DPTH SPD SPD DIR MIN PSBL S-S WX SPD DR
================================================================================
1 36 23 30 -16 35 0 0.27 2.5 6 16.8 30 360 M M 6 1 38 350
2 46 17 32 -14 33 0 0.00 0.0 4 7.3 20 350 M M 0 26 340
3 49 19 34 -12 31 0 0.00 0.0 3 5.3 12 160 M M 0 14 360
4 52 23 38 -8 27 0 0.00 0.0 2 9.9 23 210 M M 0 30 200
5 52 26 39 -8 26 0 0.00 0.0 T 12.3 26 140 M M 3 34 150
6 46 23 35 -12 30 0 0.00 0.0 T 7.0 21 360 M M 3 26 350
7 48 20 34 -13 31 0 0.00 0.0 0 5.1 14 170 M M 0 19 150
8 55 19 37 -11 28 0 0.00 0.0 0 7.2 24 360 M M 0 30 10
9 56 20 38 -10 27 0 0.25 M M 10.5 25 150 M M 4 1 32 130
10 47 41 44 -4 21 0 2.06 M M 8.1 21 140 M M 10 1 26 140
11 56 38 47 -1 18 0 0.12 0.0 M 6.3 16 30 M M 8 18 160
12 62 32 47 -1 18 0 0.00 0.0 0 7.4 20 240 M M 3 24 250
13 64 34 49 0 16 0 0.00 0.0 0 5.9 15 280 M M 1 19 260
14 50 32 41 -8 24 0 0.75 M M 12.2 30 150 M M 7 1 35 150
15 61 38 50 1 15 0 0.02 M M 10.0 25 130 M M 6 32 130
16 57 32 45 -4 20 0 0.00 0.0 0 5.9 15 10 M M 0 19 20
17 59 28 44 -6 21 0 0.00 0.0 0 5.2 10 270 M M 0 15 270
18 60 28 44 -6 21 0 0.00 0.0 0 10.4 23 140 M M 0 30 140
19 50 34 42 -8 23 0 0.03 0.0 0 17.6 36 160 M M 5 48 160
20 63 34 49 -1 16 0 0.00 0.0 0 6.2 16 320 M M 2 20 330
21 44 35 40 -10 25 0 0.42 T 0 14.7 31 150 M M 7 1 38 160
22 52 28 40 -11 25 0 0.00 0.0 0 6.9 18 150 M M 1 24 140
23 56 29 43 -8 22 0 T 0.0 0 7.2 21 340 M M 2 26 340
24 58 28 43 -8 22 0 0.00 0.0 0 8.6 20 360 M M 0 27 10
25 53 31 42 -9 23 0 0.00 0.0 0 10.4 21 10 M M 1 27 360
26 48 26 37 -14 28 0 0.00 0.0 0 12.7 28 350 M M 0 35 360
27 52 17 35 -17 30 0 0.00 0.0 0 9.2 21 160 M M 0 29 180
28 62 23 43 -9 22 0 T 0.0 0 11.8 30 150 M M 4 37 160
29 55 35 45 -7 20 0 0.04 0.0 0 9.1 24 260 M M 5 32 260
30 56 30 43 -9 22 0 0.00 0.0 0 5.6 17 10 M M 4 24 360
31 60 23 42 -10 23 0 0.00 0.0 0 6.1 15 150 M M 0 20 120
================================================================================
SM 1665 866 743 0 3.96 2.5 278.9 M 82
================================================================================
AV 53.7 27.9 9.0 FASTST M M 3 MAX(MPH)
MISC ----> 36 160 48 160
================================================================================
NOTES:
# LAST OF SEVERAL OCCURRENCES
COLUMN 17 PEAK WIND IN M.P.H.
PRELIMINARY LOCAL CLIMATOLOGICAL DATA (WS FORM: F-6) , PAGE 2
STATION: BISHOP CA
MONTH: MARCH
YEAR: 2023
LATITUDE: 37 22 N
LONGITUDE: 118 22 W
[TEMPERATURE DATA] [PRECIPITATION DATA] SYMBOLS USED IN COLUMN 16
AVERAGE MONTHLY: 40.8 TOTAL FOR MONTH: 3.96 1 = FOG OR MIST
DPTR FM NORMAL: -8.4 DPTR FM NORMAL: 3.41 2 = FOG REDUCING VISIBILITY
HIGHEST: 64 ON 13 GRTST 24HR 2.26 ON 9-10 TO 1/4 MILE OR LESS
LOWEST: 17 ON 27, 2 3 = THUNDER
SNOW, ICE PELLETS, HAIL 4 = ICE PELLETS
TOTAL MONTH: 2.5 INCHES 5 = HAIL
GRTST 24HR 2.5 ON 1- 1 6 = FREEZING RAIN OR DRIZZLE
GRTST DEPTH: 6 ON 1 7 = DUSTSTORM OR SANDSTORM:
VSBY 1/2 MILE OR LESS
8 = SMOKE OR HAZE
[NO. OF DAYS WITH] [WEATHER - DAYS WITH] 9 = BLOWING SNOW
X = TORNADO
MAX 32 OR BELOW: 0 0.01 INCH OR MORE: 9
MAX 90 OR ABOVE: 0 0.10 INCH OR MORE: 6
MIN 32 OR BELOW: 23 0.50 INCH OR MORE: 2
MIN 0 OR BELOW: 0 1.00 INCH OR MORE: 1
[HDD (BASE 65) ]
TOTAL THIS MO. 743 CLEAR (SCALE 0-3) 20
DPTR FM NORMAL 253 PTCLDY (SCALE 4-7) 10
TOTAL FM JUL 1 4093 CLOUDY (SCALE 8-10) 1
DPTR FM NORMAL 520
[CDD (BASE 65) ]
TOTAL THIS MO. 0
DPTR FM NORMAL 0 [PRESSURE DATA]
TOTAL FM JAN 1 0 HIGHEST SLP 30.33 ON 27
DPTR FM NORMAL 0 LOWEST SLP 29.38 ON 1
[REMARKS]
#FINAL-03-23#