000
CXUS51 KRLX 011224
CF6BKW
PRELIMINARY LOCAL CLIMATOLOGICAL DATA (WS FORM: F-6)
STATION: BECKLEY WV
MONTH: NOVEMBER
YEAR: 2021
LATITUDE: 37 46 N
LONGITUDE: 81 7 W
TEMPERATURE IN F: :PCPN: SNOW: WIND :SUNSHINE: SKY :PK WND
================================================================================
1 2 3 4 5 6A 6B 7 8 9 10 11 12 13 14 15 16 17 18
12Z AVG MX 2MIN
DY MAX MIN AVG DEP HDD CDD WTR SNW DPTH SPD SPD DIR MIN PSBL S-S WX SPD DR
================================================================================
1 55 37 46 -3 19 0 0.00 0.0 0 5.6 15 280 M M 5 21 280
2 41 31 36 -12 29 0 0.19 T 0 2.9 13 330 M M 9 12 16 330
3 42 30 36 -12 29 0 0.00 0.0 0 3.4 12 340 M M 4 12 15 20
4 49 27 38 -10 27 0 0.00 0.0 0 5.0 13 120 M M 5 19 160
5 49 24 37 -10 28 0 0.00 0.0 0 2.7 10 350 M M 0 15 20
6 51 31 41 -6 24 0 0.00 0.0 0 4.8 12 110 M M 0 17 140
7 56 28 42 -5 23 0 0.00 0.0 0 4.5 15 340 M M 0 20 340
8 65 32 49 3 16 0 0.00 0.0 0 3.2 9 340 M M 0 12 340
9 69 40 55 9 10 0 0.00 0.0 0 5.4 14 260 M M 0 18 240
10 68 41 55 9 10 0 0.00 0.0 0 4.3 12 140 M M 0 8 15 140
11 67 54 61 16 4 0 0.15 0.0 0 11.7 22 170 M M 4 1 31 160
12 56 36 46 1 19 0 0.16 0.0 0 8.7 23 260 M M 2 1 31 270
13 49 28 39 -6 26 0 0.18 T 0 8.7 18 310 M M 9 1 23 320
14 41 25 33 -11 32 0 0.01 0.0 0 9.3 31 270 M M 7 1 42 280
15 39 28 34 -10 31 0 T T 0 9.8 23 270 M M 9 30 260
16 59 35 47 3 18 0 0.00 0.0 0 6.3 15 260 M M 3 8 19 250
17 69 52 61 18 4 0 0.00 0.0 0 8.9 20 200 M M 3 26 200
18 64 32 48 5 17 0 0.16 0.0 0 10.6 22 250 M M 5 1 33 270
19 36 26 31 -12 34 0 0.00 0.0 0 7.1 17 320 M M 3 23 320
20 48 28 38 -4 27 0 0.00 0.0 0 8.8 14 140 M M 0 20 130
21 55 32 44 2 21 0 0.12 0.0 0 5.8 15 240 M M 7 1 21 220
22 47 26 37 -5 28 0 0.06 0.0 0 9.4 21 330 M M 6 1 26 320
23 35 20 28 -14 37 0 0.00 0.0 0 6.5 15 320 M M 2 21 280
24 52 20 36 -5 29 0 0.00 0.0 0 5.5 12 230 M M 0 14 230
25 53 36 45 4 20 0 0.11 0.0 0 6.6 17 260 M M 5 1 23 260
26 42 22 32 -9 33 0 0.08 T 0 11.5 21 320 M M 9 1 29 320
27 42 19 31 -9 34 0 0.00 0.0 0 6.9 14 220 M M 3 19 210
28 50 32 41 1 24 0 0.00 0.0 0 9.7 21 320 M M 5 28 330
29 36 25 31 -9 34 0 0.00 0.0 0 8.1 20 330 M M 5 27 330
30 53 31 42 2 23 0 0.00 0.0 0 7.8 20 260 M M 3 27 250
================================================================================
SM 1538 928 710 0 1.22 T 209.5 M 113
================================================================================
AV 51.3 30.9 7.0 FASTST M M 4 MAX(MPH)
MISC ----> 31 270 42 280
================================================================================
NOTES:
# LAST OF SEVERAL OCCURRENCES
COLUMN 17 PEAK WIND IN M.P.H.
PRELIMINARY LOCAL CLIMATOLOGICAL DATA (WS FORM: F-6) , PAGE 2
STATION: BECKLEY WV
MONTH: NOVEMBER
YEAR: 2021
LATITUDE: 37 46 N
LONGITUDE: 81 7 W
[TEMPERATURE DATA] [PRECIPITATION DATA] SYMBOLS USED IN COLUMN 16
AVERAGE MONTHLY: 41.1 TOTAL FOR MONTH: 1.22 1 = FOG OR MIST
DPTR FM NORMAL: -2.9 DPTR FM NORMAL: -1.58 2 = FOG REDUCING VISIBILITY
HIGHEST: 69 ON 17, 9 GRTST 24HR 0.31 ON 11-12 TO 1/4 MILE OR LESS
LOWEST: 19 ON 27 3 = THUNDER
SNOW, ICE PELLETS, HAIL 4 = ICE PELLETS
TOTAL MONTH: T 5 = HAIL
GRTST 24HR T ON 2- 2 6 = FREEZING RAIN OR DRIZZLE
GRTST DEPTH: 0 7 = DUSTSTORM OR SANDSTORM:
VSBY 1/2 MILE OR LESS
8 = SMOKE OR HAZE
[NO. OF DAYS WITH] [WEATHER - DAYS WITH] 9 = BLOWING SNOW
X = TORNADO
MAX 32 OR BELOW: 0 0.01 INCH OR MORE: 10
MAX 90 OR ABOVE: 0 0.10 INCH OR MORE: 7
MIN 32 OR BELOW: 22 0.50 INCH OR MORE: 0
MIN 0 OR BELOW: 0 1.00 INCH OR MORE: 0
[HDD (BASE 65) ]
TOTAL THIS MO. 710 CLEAR (SCALE 0-3) 13
DPTR FM NORMAL 78 PTCLDY (SCALE 4-7) 13
TOTAL FM JUL 1 999 CLOUDY (SCALE 8-10) 4
DPTR FM NORMAL -76
[CDD (BASE 65) ]
TOTAL THIS MO. 0
DPTR FM NORMAL -1 [PRESSURE DATA]
TOTAL FM JAN 1 749 HIGHEST SLP 30.55 ON 19
DPTR FM NORMAL 84 LOWEST SLP 29.84 ON 13
[REMARKS]
#FINAL-11-21#