000
CXUS51 KRLX 020143
CLMBKW
CLIMATE REPORT
NATIONAL WEATHER SERVICE CHARLESTON WV
943 PM EDT SAT JUL 01 2023
...................................
...THE BECKLEY WV CLIMATE SUMMARY FOR THE MONTH OF JUNE 2023...
CLIMATE NORMAL PERIOD: 1991 TO 2020
CLIMATE RECORD PERIOD: 1893 TO 2023
WEATHER OBSERVED NORMAL DEPART LAST YEAR`S
VALUE DATE(S) VALUE FROM VALUE
NORMAL
..............................................................
TEMPERATURE (F)
RECORD
HIGH 100 06/30/1936
LOW 32 06/11/1972
HIGHEST 84 06/03 90
LOWEST 44 06/08 42
AVG. MAXIMUM 74.8 77.8 -3.0 79.2
AVG. MINIMUM 54.5 58.7 -4.2 57.9
MEAN 64.7 68.2 -3.5 68.6
DAYS MAX >= 90 0 0.1 -0.1 1
DAYS MAX >= 80 8 14
DAYS MIN <= 32 0 0.0 0.0 0
PRECIPITATION (INCHES)
RECORD
MAXIMUM 8.07 2016
MINIMUM 1.26 1999
TOTALS 1.59 4.30 -2.71 2.92
DAILY AVG. 0.05 0.14 -0.09 0.10
DAYS >= .01 14 13.7 0.3 15
DAYS >= .10 8 9.1 -1.1 10
DAYS >= .50 0 2.8 -2.8 2
DAYS >= 1.00 0 0.8 -0.8 0
GREATEST
24 HR. TOTAL 0.48 06/11 TO 06/12 0.57
DEGREE DAYS
HEATING TOTAL 57 31 26 32
SINCE 7/1 4640 5058 -418 MM
COOLING TOTAL 54 128 -74 148
SINCE 1/1 76 190 -114 MM
..............................................................
WIND (MPH)
AVERAGE WIND SPEED 6.9
HIGHEST WIND SPEED/DIRECTION 26/080 DATE 06/03
26/310 06/16
HIGHEST GUST SPEED/DIRECTION 39/080 DATE 06/03
SKY COVER
AVERAGE SKY COVER 0.44
NUMBER OF DAYS FAIR 14
NUMBER OF DAYS PC 9
NUMBER OF DAYS CLOUDY 7
AVERAGE RH (PERCENT) 71
WEATHER CONDITIONS. NUMBER OF DAYS WITH
THUNDERSTORM 2 MIXED PRECIP 0
HEAVY RAIN 5 RAIN 6
LIGHT RAIN 15 FREEZING RAIN 0
LT FREEZING RAIN 0 HAIL 0
HEAVY SNOW 0 SNOW 0
LIGHT SNOW 0 SLEET 0
FOG 24 FOG W/VIS <= 1/4 MILE 1
HAZE 8
- INDICATES NEGATIVE NUMBERS.
R INDICATES RECORD WAS SET OR TIED.
MM INDICATES DATA IS MISSING.
T INDICATES TRACE AMOUNT.
$$