000
CXUS55 KPSR 011005
CF6BLH
PRELIMINARY LOCAL CLIMATOLOGICAL DATA (WS FORM: F-6)
STATION: BLYTHE CA
MONTH: MAY
YEAR: 2021
LATITUDE: 33 37 N
LONGITUDE: 114 43 W
TEMPERATURE IN F: :PCPN: SNOW: WIND :SUNSHINE: SKY :PK WND
================================================================================
1 2 3 4 5 6A 6B 7 8 9 10 11 12 13 14 15 16 17 18
12Z AVG MX 2MIN
DY MAX MIN AVG DEP HDD CDD WTR SNW DPTH SPD SPD DIR MIN PSBL S-S WX SPD DR
================================================================================
1 100 65 83 7 0 18 0.00 M M 14.1 30 240 M M 0 36 240
2 96 60 78 2 0 13 0.00 M M 10.2 25 250 M M 0 8 30 250
3 93 71 82 5 0 17 0.00 M M 12.8 32 340 M M 0 39 350
4 96 61 79 2 0 14 0.00 M M 4.6 12 240 M M 0 12 240
5 99 63 81 4 0 16 0.00 M M 4.9 18 210 M M 0 21 200
6 100 65 83 6 0 18 0.00 M M 9.4 21 180 M M 0 24 180
7 98 64 81 3 0 16 0.00 M M 12.4 24 230 M M 0 31 180
8 96 63 80 2 0 15 0.00 M M 4.5 12 120 M M 0 16 120
9 97 69 83 5 0 18 0.00 M M 11.4 22 190 M M 0 30 210
10 94 67 81 2 0 16 0.00 M M 8.7 14 160 M M 0 17 170
11 97 67 82 3 0 17 0.00 M M 5.7 15 250 M M 0 18 250
12 101 66 84 5 0 19 0.00 M M 7.2 16 210 M M 0 19 170
13 102 65 84 4 0 19 0.00 M M 8.3 21 200 M M 0 26 200
14 102 65 84 4 0 19 0.00 M M 10.2 18 210 M M 0 23 170
15 98 71 85 5 0 20 0.00 M M 15.6 28 240 M M 0 32 240
16 89 60 75 -5 0 10 0.00 M M 14.1 28 240 M M 0 33 240
17 93 59 76 -5 0 11 0.00 M M 6.6 16 220 M M 0 21 150
18 100 69 85 4 0 20 0.00 M M 9.7 21 230 M M 0 24 240
19 102 74 88 7 0 23 0.00 M M 13.3 29 240 M M 0 8 36 240
20 99 68 84 2 0 19 0.00 M M 18.3 35 240 M M 0 8 42 250
21 81 62 72 -10 0 7 0.00 M M 13.2 24 230 M M 0 30 240
22 82 51 67 -15 0 2 0.00 M M 7.7 21 250 M M 0 26 300
23 87 58 73 -9 0 8 0.00 M M 5.4 15 180 M M 0 20 180
24 97 59 78 -5 0 13 0.00 M M 5.4 17 350 M M 0 25 30
25 100 64 82 -1 0 17 0.00 M M 7.3 20 190 M M 0 25 200
26 100 76 88 5 0 23 0.00 M M 10.8 22 160 M M 0 31 170
27 101 63 82 -2 0 17 0.00 M M 7.4 17 170 M M 0 20 170
28 101 67 84 0 0 19 0.00 M M 7.8 20 170 M M 0 23 170
29 101 68 85 1 0 20 0.00 M M 11.5 24 190 M M 0 30 210
30 101 67 84 0 0 19 0.00 M M 6.7 16 180 M M 0 20 180
31 102 71 87 2 0 22 0.00 M M 11.6 20 170 M M 0 24 170
================================================================================
SM 3005 2018 0 505 0.00 M 296.8 M 0
================================================================================
AV 96.9 65.1 9.6 FASTST M M 0 MAX(MPH)
MISC ----> 35 240 42 250
================================================================================
NOTES:
# LAST OF SEVERAL OCCURRENCES
COLUMN 17 PEAK WIND IN M.P.H.
PRELIMINARY LOCAL CLIMATOLOGICAL DATA (WS FORM: F-6) , PAGE 2
STATION: BLYTHE CA
MONTH: MAY
YEAR: 2021
LATITUDE: 33 37 N
LONGITUDE: 114 43 W
[TEMPERATURE DATA] [PRECIPITATION DATA] SYMBOLS USED IN COLUMN 16
AVERAGE MONTHLY: 81.0 TOTAL FOR MONTH: 0.00 1 = FOG OR MIST
DPTR FM NORMAL: 0.7 DPTR FM NORMAL: -0.05 2 = FOG REDUCING VISIBILITY
HIGHEST: 102 ON 31,19 GRTST 24HR T ON 15-15 TO 1/4 MILE OR LESS
LOWEST: 51 ON 22 3 = THUNDER
SNOW, ICE PELLETS, HAIL 4 = ICE PELLETS
TOTAL MONTH: M 5 = HAIL
GRTST 24HR M ON M 6 = FREEZING RAIN OR DRIZZLE
GRTST DEPTH: M ON M 7 = DUSTSTORM OR SANDSTORM:
VSBY 1/2 MILE OR LESS
8 = SMOKE OR HAZE
[NO. OF DAYS WITH] [WEATHER - DAYS WITH] 9 = BLOWING SNOW
X = TORNADO
MAX 32 OR BELOW: 0 0.01 INCH OR MORE: 0
MAX 90 OR ABOVE: 27 0.10 INCH OR MORE: 0
MIN 32 OR BELOW: 0 0.50 INCH OR MORE: 0
MIN 0 OR BELOW: 0 1.00 INCH OR MORE: 0
[HDD (BASE 65) ]
TOTAL THIS MO. 0 CLEAR (SCALE 0-3) 31
DPTR FM NORMAL -1 PTCLDY (SCALE 4-7) 0
TOTAL FM JUL 1 989 CLOUDY (SCALE 8-10) 0
DPTR FM NORMAL -22
[CDD (BASE 65) ]
TOTAL THIS MO. 505
DPTR FM NORMAL 28 [PRESSURE DATA]
TOTAL FM JAN 1 870 HIGHEST SLP M ON M
DPTR FM NORMAL 61 LOWEST SLP 29.45 ON 2
[REMARKS]
#FINAL-05-21#