000
CXUS53 KIND 011621
CLMBMG
CLIMATE REPORT
NATIONAL WEATHER SERVICE INDIANAPOLIS IN
1121 AM EST FRI MAR 01 2024
...................................
...THE BLOOMINGTON IN CLIMATE SUMMARY FOR THE MONTH OF FEBRUARY 2024...
CLIMATE NORMAL PERIOD 1991 TO 2020
CLIMATE RECORD PERIOD 9999 TO 9999
WEATHER OBSERVED NORMAL DEPART LAST YEAR`S
VALUE DATE(S) VALUE FROM VALUE DATE(S)
NORMAL
................................................................
TEMPERATURE (F)
HIGHEST 76 02/26 74 02/22
LOWEST 12 02/17 12 02/01
AVG. MAXIMUM 54.7 42.9 11.8 53.0
AVG. MINIMUM 30.0 24.6 5.4 29.6
MEAN 42.3 33.8 8.5 41.3
DAYS MAX >= 90 0 0.0 0.0 MM
DAYS MAX <= 32 1 6.1 -5.1 MM
DAYS MIN <= 32 20 22.5 -2.5 MM
DAYS MIN <= 0 0 0.9 -0.9 MM
PRECIPITATION (INCHES)
TOTALS 0.99R 2.67 -1.68 2.94
DAILY AVG. 0.03 NAN NAN 0.11
DAYS >= .01 4 10.8 -6.8 8
DAYS >= .10 3 5.6 -2.6 6
DAYS >= .50 1 1.6 -0.6 2
DAYS >= 1.00 0 0.5 -0.5 1
GREATEST
24 HR. TOTAL 0.56 02/10 TO 02/10
DEGREE DAYS
HEATING TOTAL 653 875 -222 655
SINCE 7/1 3341 3988 -647 MM
COOLING TOTAL 2 0 2 0
SINCE 1/1 2 0 2 MM
................................................................
WIND (MPH)
AVERAGE WIND SPEED 7.6
HIGHEST WIND SPEED/DIRECTION 29/220 DATE 02/28
HIGHEST GUST SPEED/DIRECTION 47/240 DATE 02/28
SKY COVER
AVERAGE SKY COVER 0.25
AVERAGE RH (PERCENT) 62
WEATHER CONDITIONS. NUMBER OF DAYS WITH
THUNDERSTORM 3 MIXED PRECIP 0
HEAVY RAIN 1 RAIN 1
LIGHT RAIN 3 FREEZING RAIN 0
LT FREEZING RAIN 1 HAIL 0
HEAVY SNOW 1 SNOW 1
LIGHT SNOW 2 SLEET 0
FOG 8 FOG W/VIS <= 1/4 MILE 3
HAZE 4
- INDICATES NEGATIVE NUMBERS.
R INDICATES RECORD WAS SET OR TIED.
MM INDICATES DATA IS MISSING.
T INDICATES TRACE AMOUNT.
$$