000
CXUS53 KILX 010900
CF6BMI
PRELIMINARY LOCAL CLIMATOLOGICAL DATA (WS FORM: F-6)
STATION: BLOOMINGTON IL AIRPORT
MONTH: OCTOBER
YEAR: 2022
LATITUDE: 40 28 N
LONGITUDE: 88 56 W
TEMPERATURE IN F: :PCPN: SNOW: WIND :SUNSHINE: SKY :PK WND
================================================================================
1 2 3 4 5 6A 6B 7 8 9 10 11 12 13 14 15 16 17 18
12Z AVG MX 2MIN
DY MAX MIN AVG DEP HDD CDD WTR SNW DPTH SPD SPD DIR MIN PSBL S-S WX SPD DR
================================================================================
1 73 41 57 M 8 0 0.00 M M 9.5 15 20 M M 1 12 21 50
2 73 46 60 M 5 0 0.00 M M 9.6 17 40 M M 0 1 21 40
3 71 40 56 M 9 0 0.00 M M 6.2 9 30 M M 0 1 M M
4 75 40 58 M 7 0 0.00 M M 4.2 7 140 M M 0 M M
5 76 45 61 M 4 0 T M M 5.8 9 190 M M 3 M M
6 75 51 63 M 2 0 0.05 M M 8.8 21 360 M M 4 30 360
7 57 39 48 M 17 0 0.00 M M 11.1 16 350 M M 4 23 350
8 59 33 46 M 19 0 0.00 M M 7.0 15 290 M M 1 1 20 240
9 71 38 55 M 10 0 0.00 M M 9.9 17 250 M M 0 29 250
10 76 43 60 M 5 0 0.00 M M 7.7 16 210 M M 1 21 210
11 61 54 58 M 7 0 0.60 M M 14.0 21 180 M M 7 1 21 200
12 63 47 55 M 10 0 0.16 M M 13.5 27 310 M M 8 44 310
13 58 35 47 M 18 0 0.00 M M 11.8 25 260 M M 3 36 260
14 62 32 47 M 18 0 0.19 M M 11.3 21 260 M M 3 1 35 220
15 53 32 43 M 22 0 0.00 M M 9.3 16 210 M M 2 21 220
16 59 40 50 M 15 0 0.00 M M 13.4 24 300 M M 2 32 310
17 44 33 39 M 26 0 T M M 17.4 25 310 M M 5 35 310
18 48 30 39 M 26 0 0.00 M M 17.6 27 290 M M 2 36 290
19 48 27 38 M 27 0 0.00 M M 12.3 17 260 M M 0 24 310
20 65 29 47 M 18 0 0.00 M M 10.0 15 250 M M 1 23 250
21 77 39 58 M 7 0 0.00 M M 13.4 22 200 M M 0 30 210
22 79 50 65 M 0 0 0.00 M M 17.7 24 180 M M 0 36 180
23 76 59 68 M 0 3 0.00 M M 22.2 36 170 M M 1 44 160
24 77 60 69 M 0 4 0.01 M M 21.9 31 180 M M 2 38 170
25 60 43 52 M 13 0 1.14 M M 15.3 30 170 M M 10 1 39 20
26 55 40 48 M 17 0 T M M 14.2 25 340 M M 2 37 340
27 55 34 45 M 20 0 0.00 M M 9.0 15 100 M M 0 21 100
28 61 34 48 M 17 0 0.00 M M 7.0 12 50 M M 0 18 M M
29 65 36 51 M 14 0 0.00 M M 4.8 9 130 M M 0 1 M M
30 61 43 52 M 13 0 0.17 M M 6.2 10 60 M M 6 12 M M
31 58 44 51 M 14 0 0.85 M M 5.9 10 310 M M 8 12 M M
================================================================================
SM 1991 1257 388 7 3.17 M 348.0 M 76
================================================================================
AV 64.2 40.5 11.2 FASTST M M 2 MAX(MPH)
MISC ----> 36 170 # 44 310
================================================================================
NOTES:
# LAST OF SEVERAL OCCURRENCES
COLUMN 17 PEAK WIND IN M.P.H.
PRELIMINARY LOCAL CLIMATOLOGICAL DATA (WS FORM: F-6) , PAGE 2
STATION: BLOOMINGTON IL AIRPORT
MONTH: OCTOBER
YEAR: 2022
LATITUDE: 40 28 N
LONGITUDE: 88 56 W
[TEMPERATURE DATA] [PRECIPITATION DATA] SYMBOLS USED IN COLUMN 16
AVERAGE MONTHLY: 52.4 TOTAL FOR MONTH: 3.17 1 = FOG OR MIST
DPTR FM NORMAL: 0.0 DPTR FM NORMAL: M 2 = FOG REDUCING VISIBILITY
HIGHEST: 79 ON 22 GRTST 24HR 1.14 ON 25-25 TO 1/4 MILE OR LESS
LOWEST: 27 ON 19 3 = THUNDER
SNOW, ICE PELLETS, HAIL 4 = ICE PELLETS
TOTAL MONTH: M 5 = HAIL
GRTST 24HR M ON M 6 = FREEZING RAIN OR DRIZZLE
GRTST DEPTH: M ON M 7 = DUSTSTORM OR SANDSTORM:
VSBY 1/2 MILE OR LESS
8 = SMOKE OR HAZE
[NO. OF DAYS WITH] [WEATHER - DAYS WITH] 9 = BLOWING SNOW
X = TORNADO
MAX 32 OR BELOW: 0 0.01 INCH OR MORE: 8
MAX 90 OR ABOVE: 0 0.10 INCH OR MORE: 6
MIN 32 OR BELOW: 5 0.50 INCH OR MORE: 3
MIN 0 OR BELOW: 0 1.00 INCH OR MORE: 1
[HDD (BASE 65) ]
TOTAL THIS MO. 388 CLEAR (SCALE 0-3) 22
DPTR FM NORMAL M PTCLDY (SCALE 4-7) 8
TOTAL FM JUL 1 474 CLOUDY (SCALE 8-10) 1
DPTR FM NORMAL M
[CDD (BASE 65) ]
TOTAL THIS MO. 7
DPTR FM NORMAL M [PRESSURE DATA]
TOTAL FM JAN 1 1091 HIGHEST SLP M ON M
DPTR FM NORMAL M LOWEST SLP M ON M
[REMARKS]
#FINAL-10-22#