000
CXUS53 KILX 010900
CF6BMI
PRELIMINARY LOCAL CLIMATOLOGICAL DATA (WS FORM: F-6)
STATION: BLOOMINGTON IL AIRPORT
MONTH: APRIL
YEAR: 2021
LATITUDE: 40 28 N
LONGITUDE: 88 56 W
TEMPERATURE IN F: :PCPN: SNOW: WIND :SUNSHINE: SKY :PK WND
================================================================================
1 2 3 4 5 6A 6B 7 8 9 10 11 12 13 14 15 16 17 18
12Z AVG MX 2MIN
DY MAX MIN AVG DEP HDD CDD WTR SNW DPTH SPD SPD DIR MIN PSBL S-S WX SPD DR
================================================================================
1 42 25 34 M 31 0 0.00 M M 12.8 20 350 M M 0 25 350
2 51 22 37 M 28 0 0.00 M M 11.8 20 180 M M 0 23 160
3 70 35 53 M 12 0 0.00 M M 16.0 24 220 M M 0 32 210
4 76 41 59 M 6 0 0.00 M M 9.3 14 210 M M 0 M M
5 78 49 64 M 1 0 0.00 M M 13.7 22 220 M M 0 30 220
6 80 54 67 M 0 2 0.00 M M 14.3 28 190 M M 2 36 190
7 79 54 67 M 0 2 0.29 M M 15.1 24 180 M M 5 36 210
8 61 49 55 M 10 0 0.24 M M 14.5 23 200 M M 10 1 30 220
9 69 49 59 M 6 0 0.01 M M 15.2 22 230 M M 6 32 240
10 61 45 53 M 12 0 0.40 M M 12.8 23 210 M M 7 1 32 200
11 50 43 47 M 18 0 0.19 M M 14.1 23 290 M M 10 1 31 280
12 61 43 52 M 13 0 0.00 M M 11.6 20 310 M M 2 23 290
13 57 40 49 M 16 0 0.00 M M 10.4 20 240 M M 1 24 270
14 54 34 44 M 21 0 0.00 M M 11.6 20 340 M M 4 25 280
15 57 36 47 M 18 0 0.00 M M 12.7 21 350 M M 5 25 350
16 62 37 50 M 15 0 0.00 M M 6.9 12 60 M M 4 M M
17 62 40 51 M 14 0 T M M 6.0 13 330 M M 5 M M
18 64 40 52 M 13 0 0.00 M M 6.3 17 250 M M 3 21 250
19 61 39 50 M 15 0 0.00 M M 13.8 22 330 M M 4 30 330
20 39 30 35 M 30 0 0.21 M M 6.6 17 340 M M 10 1 M M
21 48 28 38 M 27 0 T M M 8.7 15 290 M M 6 1 30 330
22 57 30 44 M 21 0 0.00 M M 9.5 18 260 M M 2 23 260
23 56 38 47 M 18 0 0.02 M M 11.5 20 210 M M 6 24 210
24 60 47 54 M 11 0 0.13 M M 6.5 15 320 M M 8 22 320
25 61 38 50 M 15 0 0.00 0.0 0 9.4 15 320 M M 1 M M
26 79 37 58 M 7 0 0.00 M M 23.3 38 190 M M 0 47 180
27 83 61 72 M 0 7 0.00 M M 21.1 30 200 M M 0 39 210
28 72 54 63 M 2 0 0.62 M M 11.3 20 210 M M 8 13 30 220
29 69 49 59 M 6 0 0.14 M M 12.0 17 290 M M 7 1 25 310
30 66 47 57 M 8 0 0.00 M M 12.4 23 350 M M 2 30 360
================================================================================
SM 1885 1234 394 11 2.25 0.0 361.2 M 118
================================================================================
AV 62.8 41.1 12.0 FASTST M M 4 MAX(MPH)
MISC ----> 38 190 47 180
================================================================================
NOTES:
# LAST OF SEVERAL OCCURRENCES
COLUMN 17 PEAK WIND IN M.P.H.
PRELIMINARY LOCAL CLIMATOLOGICAL DATA (WS FORM: F-6) , PAGE 2
STATION: BLOOMINGTON IL AIRPORT
MONTH: APRIL
YEAR: 2021
LATITUDE: 40 28 N
LONGITUDE: 88 56 W
[TEMPERATURE DATA] [PRECIPITATION DATA] SYMBOLS USED IN COLUMN 16
AVERAGE MONTHLY: 52.0 TOTAL FOR MONTH: 2.25 1 = FOG OR MIST
DPTR FM NORMAL: 0.0 DPTR FM NORMAL: M 2 = FOG REDUCING VISIBILITY
HIGHEST: 83 ON 27 GRTST 24HR 0.62 ON 28-28 TO 1/4 MILE OR LESS
LOWEST: 22 ON 2 3 = THUNDER
SNOW, ICE PELLETS, HAIL 4 = ICE PELLETS
TOTAL MONTH: 0.0 INCH 5 = HAIL
GRTST 24HR 0.0 6 = FREEZING RAIN OR DRIZZLE
GRTST DEPTH: 0 7 = DUSTSTORM OR SANDSTORM:
VSBY 1/2 MILE OR LESS
8 = SMOKE OR HAZE
[NO. OF DAYS WITH] [WEATHER - DAYS WITH] 9 = BLOWING SNOW
X = TORNADO
MAX 32 OR BELOW: 0 0.01 INCH OR MORE: 10
MAX 90 OR ABOVE: 0 0.10 INCH OR MORE: 8
MIN 32 OR BELOW: 5 0.50 INCH OR MORE: 1
MIN 0 OR BELOW: 0 1.00 INCH OR MORE: 0
[HDD (BASE 65) ]
TOTAL THIS MO. 394 CLEAR (SCALE 0-3) 14
DPTR FM NORMAL M PTCLDY (SCALE 4-7) 13
TOTAL FM JUL 1 5426 CLOUDY (SCALE 8-10) 3
DPTR FM NORMAL M
[CDD (BASE 65) ]
TOTAL THIS MO. 11
DPTR FM NORMAL M [PRESSURE DATA]
TOTAL FM JAN 1 11 HIGHEST SLP M ON M
DPTR FM NORMAL M LOWEST SLP M ON M
[REMARKS]
#FINAL-04-21#