000
CXUS54 KEWX 011010
CF6BMQ
PRELIMINARY LOCAL CLIMATOLOGICAL DATA (WS FORM: F-6)
STATION: BURNET
MONTH: OCTOBER
YEAR: 2022
LATITUDE: 30 43 N
LONGITUDE: 98 14 W
TEMPERATURE IN F: :PCPN: SNOW: WIND :SUNSHINE: SKY :PK WND
================================================================================
1 2 3 4 5 6A 6B 7 8 9 10 11 12 13 14 15 16 17 18
12Z AVG MX 2MIN
DY MAX MIN AVG DEP HDD CDD WTR SNW DPTH SPD SPD DIR MIN PSBL S-S WX SPD DR
================================================================================
1 87 56 72 -2 0 7 0.00 M M 4.3 12 90 M M 0 18 80
2 85 56 71 -3 0 6 0.00 M M 3.5 9 120 M M 0 15 110
3 86 57 72 -2 0 7 0.00 M M 4.5 10 130 M M 0 16 160
4 88 56 72 -1 0 7 0.00 M M 3.6 13 80 M M 0 18 90
5 89 58 74 1 0 9 0.00 M M 2.3 9 130 M M 0 18 130
6 91 60 76 4 0 11 M M M 2.7 7 60 M M 0 M M
7 85 65 75 3 0 10 0.00 M M 1.5 8 280 M M 0 12 110
8 86 62 74 2 0 9 0.00 M M 6.9 12 60 M M 0 22 30
9 86 63 75 3 0 10 0.00 M M 6.0 13 120 M M 1 21 130
10 86 62 74 3 0 9 0.00 M M 6.0 17 140 M M 0 29 150
11 86 63 75 4 0 10 T M M 6.9 16 150 M M 3 27 160
12 95 68 82 12 0 17 0.00 M M 6.8 15 200 M M 2 22 210
13 88 65 77 7 0 12 0.00 M M 8.6 16 60 M M 0 25 60
14 88 64 76 6 0 11 0.00 M M 5.9 13 190 M M 1 22 150
15 89 71 80 10 0 15 0.00 M M 8.4 17 180 M M 3 26 170
16 90 64 77 8 0 12 0.59 M M 9.4 21 30 M M 6 13 33 30
17 72 56 64 -5 1 0 0.16 M M 10.4 22 30 M M 7 1 34 350
18 69 51 60 -8 5 0 T M M 6.9 16 340 M M 2 24 340
19 75 43 59 -9 6 0 0.00 M M 3.3 10 310 M M 0 16 300
20 84 47 66 -2 0 1 0.00 0.0 M 3.5 16 290 M M 0 22 230
21 87 53 70 3 0 5 0.00 0.0 M 6.1 17 190 M M 0 26 170
22 86 62 74 7 0 9 0.00 M M 12.4 23 180 M M 0 35 190
23 84 69 77 11 0 12 0.00 M M 14.2 24 180 M M 5 40 180
24 84 62 73 7 0 8 0.14 M M 12.2 37 290 M M 7 13 54 290
25 75 48 62 -4 3 0 T 0.0 M 10.3 38 310 M M 1 57 300
26 75 45 60 -5 5 0 0.00 M M 4.4 12 90 M M 0 17 140
27 76 53 65 0 0 0 0.00 M M 6.1 16 130 M M 4 24 150
28 66 54 60 -5 5 0 0.68 M M 10.0 21 350 M M 10 13 30 10
29 67 52 60 -4 5 0 T M M 9.6 20 330 M M 7 28 310
30 74 47 61 -3 4 0 0.00 M M 3.5 12 290 M M 0 17 280
31 79 51 65 1 0 0 T M M 2.4 12 130 M M 0 19 160
================================================================================
SM 2558 1783 34 197 1.57 0.0 202.6 M 59
================================================================================
AV 82.5 57.5 6.5 FASTST M M 2 MAX(MPH)
MISC ----> 38 310 57 300
================================================================================
NOTES:
# LAST OF SEVERAL OCCURRENCES
COLUMN 17 PEAK WIND IN M.P.H.
PRELIMINARY LOCAL CLIMATOLOGICAL DATA (WS FORM: F-6) , PAGE 2
STATION: BURNET
MONTH: OCTOBER
YEAR: 2022
LATITUDE: 30 43 N
LONGITUDE: 98 14 W
[TEMPERATURE DATA] [PRECIPITATION DATA] SYMBOLS USED IN COLUMN 16
AVERAGE MONTHLY: 70.0 TOTAL FOR MONTH: 1.57 1 = FOG OR MIST
DPTR FM NORMAL: 1.0 DPTR FM NORMAL: -1.61 2 = FOG REDUCING VISIBILITY
HIGHEST: 95 ON 12 GRTST 24HR 0.75 ON 16-17 TO 1/4 MILE OR LESS
LOWEST: 43 ON 19 3 = THUNDER
SNOW, ICE PELLETS, HAIL 4 = ICE PELLETS
TOTAL MONTH: 0.0 INCH 5 = HAIL
GRTST 24HR 0.0 6 = FREEZING RAIN OR DRIZZLE
GRTST DEPTH: M ON M 7 = DUSTSTORM OR SANDSTORM:
VSBY 1/2 MILE OR LESS
8 = SMOKE OR HAZE
[NO. OF DAYS WITH] [WEATHER - DAYS WITH] 9 = BLOWING SNOW
X = TORNADO
MAX 32 OR BELOW: 0 0.01 INCH OR MORE: 4
MAX 90 OR ABOVE: 3 0.10 INCH OR MORE: 4
MIN 32 OR BELOW: 0 0.50 INCH OR MORE: 2
MIN 0 OR BELOW: 0 1.00 INCH OR MORE: 0
[HDD (BASE 65) ]
TOTAL THIS MO. 34 CLEAR (SCALE 0-3) 22
DPTR FM NORMAL -18 PTCLDY (SCALE 4-7) 8
TOTAL FM JUL 1 34 CLOUDY (SCALE 8-10) 1
DPTR FM NORMAL -18
[CDD (BASE 65) ]
TOTAL THIS MO. 197
DPTR FM NORMAL 21 [PRESSURE DATA]
TOTAL FM JAN 1 3422 HIGHEST SLP 30.37 ON 19
DPTR FM NORMAL 673 LOWEST SLP 29.61 ON 24
[REMARKS]
#FINAL-10-22#