000
CXUS55 KOHX 052019
CF6BNA
PRELIMINARY LOCAL CLIMATOLOGICAL DATA (WS FORM: F-6)
STATION: NASHVILLE
MONTH: APRIL
YEAR: 2023
LATITUDE: 36 7 N
LONGITUDE: 86 41 W
TEMPERATURE IN F: :PCPN: SNOW: WIND :SUNSHINE: SKY :PK WND
================================================================================
1 2 3 4 5 6A 6B 7 8 9 10 11 12 13 14 15 16 17 18
12Z AVG MX 2MIN
DY MAX MIN AVG DEP HDD CDD WTR SNW DPTH SPD SPD DIR MIN PSBL S-S WX SPD DR
================================================================================
1 76 45 61 5 4 0 0.19 0.0 0 12.9 30 300 M M 3 13 47 300
2 69 39 54 -2 11 0 0.00 0.0 0 4.6 14 170 M M 1 21 190
3 64 56 60 3 5 0 T 0.0 0 9.2 17 140 M M 9 1 27 130
4 86 61 74 17 0 9 0.00 0.0 0 12.7 24 190 M M 9 32 170
5 87 63 75 17 0 10 0.48 0.0 0 12.1 32 290 M M 9 13 48 290
6 63 46 55 -3 10 0 1.40 0.0 0 10.4 18 20 M M 10 1 26 20
7 60 47 54 -4 11 0 0.02 0.0 0 11.9 21 30 M M 10 27 40
8 53 50 52 -6 13 0 0.08 0.0 0 8.5 15 40 M M 10 18 19 70
9 71 46 59 0 6 0 0.00 0.0 0 5.7 15 80 M M 5 23 50
10 75 42 59 0 6 0 0.00 0.0 0 2.6 12 160 M M 2 8 14 160
11 76 44 60 1 5 0 0.00 0.0 0 2.4 12 50 M M 0 17 150
12 80 45 63 3 2 0 0.00 0.0 0 3.3 10 80 M M 2 15 90
13 80 46 63 3 2 0 T 0.0 0 5.5 25 110 M M 6 33 100
14 74 57 66 6 0 1 0.03 0.0 0 7.1 17 150 M M 6 13 25 130
15 83 52 68 7 0 3 0.00 0.0 0 6.1 14 210 M M 5 12 24 250
16 72 49 61 0 4 0 0.03 0.0 0 9.5 21 300 M M 8 1 33 290
17 70 47 59 -2 6 0 0.00 0.0 0 10.1 21 290 M M 1 32 300
18 83 49 66 4 0 1 0.00 0.0 0 7.1 13 260 M M 3 23 260
19 86 52 69 7 0 4 0.00 0.0 0 8.2 21 190 M M 4 8 25 210
20 86 54 70 8 0 5 0.00 0.0 0 11.0 29 180 M M 5 38 190
21 76 52 64 2 1 0 0.75 0.0 0 8.1 18 330 M M 9 13 28 320
22 68 45 57 -6 8 0 T 0.0 0 8.0 21 280 M M 5 35 260
23 62 42 52 -11 13 0 0.00 0.0 0 5.2 13 40 M M 7 18 310
24 62 36 49 -14 16 0 0.00 0.0 0 5.0 15 30 M M 1 21 20
25 70 41 56 -8 9 0 0.00 0.0 0 5.7 13 90 M M 7 19 60
26 72 46 59 -5 6 0 0.00 0.0 0 4.8 15 90 M M 8 23 120
27 64 55 60 -4 5 0 0.06 0.0 0 4.6 12 110 M M 10 18 15 110
28 72 52 62 -2 3 0 0.20 0.0 0 5.1 16 320 M M 7 13 25 290
29 73 49 61 -4 4 0 0.00 0.0 0 3.5 13 340 M M 7 1 19 340
30 65 49 57 -8 8 0 0.01 0.0 0 11.1 26 280 M M 5 3 39 280
================================================================================
SM 2178 1457 158 33 3.25 0.0 222.0 M 174
================================================================================
AV 72.6 48.6 7.4 FASTST M M 6 MAX(MPH)
MISC ----> 32 290 48 290
================================================================================
NOTES:
# LAST OF SEVERAL OCCURRENCES
COLUMN 17 PEAK WIND IN M.P.H.
PRELIMINARY LOCAL CLIMATOLOGICAL DATA (WS FORM: F-6) , PAGE 2
STATION: NASHVILLE
MONTH: APRIL
YEAR: 2023
LATITUDE: 36 7 N
LONGITUDE: 86 41 W
[TEMPERATURE DATA] [PRECIPITATION DATA] SYMBOLS USED IN COLUMN 16
AVERAGE MONTHLY: 60.6 TOTAL FOR MONTH: 3.25 1 = FOG OR MIST
DPTR FM NORMAL: -0.2 DPTR FM NORMAL: -1.47 2 = FOG REDUCING VISIBILITY
HIGHEST: 87 ON 5 GRTST 24HR 1.88 ON 5- 6 TO 1/4 MILE OR LESS
LOWEST: 36 ON 24 3 = THUNDER
SNOW, ICE PELLETS, HAIL 4 = ICE PELLETS
TOTAL MONTH: 0.0 INCH 5 = HAIL
GRTST 24HR 0.0 6 = FREEZING RAIN OR DRIZZLE
GRTST DEPTH: 0 7 = DUSTSTORM OR SANDSTORM:
VSBY 1/2 MILE OR LESS
8 = SMOKE OR HAZE
[NO. OF DAYS WITH] [WEATHER - DAYS WITH] 9 = BLOWING SNOW
X = TORNADO
MAX 32 OR BELOW: 0 0.01 INCH OR MORE: 11
MAX 90 OR ABOVE: 0 0.10 INCH OR MORE: 5
MIN 32 OR BELOW: 0 0.50 INCH OR MORE: 2
MIN 0 OR BELOW: 0 1.00 INCH OR MORE: 1
[HDD (BASE 65) ]
TOTAL THIS MO. 158 CLEAR (SCALE 0-3) 8
DPTR FM NORMAL -22 PTCLDY (SCALE 4-7) 14
TOTAL FM JUL 1 2732 CLOUDY (SCALE 8-10) 8
DPTR FM NORMAL -591
[CDD (BASE 65) ]
TOTAL THIS MO. 33
DPTR FM NORMAL -19 [PRESSURE DATA]
TOTAL FM JAN 1 52 HIGHEST SLP 30.42 ON 10
DPTR FM NORMAL -12 LOWEST SLP 29.56 ON 30
[REMARKS]
#FINAL-04-23#