000
CXUS55 KOHX 011110
CF6BNA
PRELIMINARY LOCAL CLIMATOLOGICAL DATA (WS FORM: F-6)
STATION: NASHVILLE
MONTH: AUGUST
YEAR: 2022
LATITUDE: 36 7 N
LONGITUDE: 86 41 W
TEMPERATURE IN F: :PCPN: SNOW: WIND :SUNSHINE: SKY :PK WND
================================================================================
1 2 3 4 5 6A 6B 7 8 9 10 11 12 13 14 15 16 17 18
12Z AVG MX 2MIN
DY MAX MIN AVG DEP HDD CDD WTR SNW DPTH SPD SPD DIR MIN PSBL S-S WX SPD DR
================================================================================
1 88 75 82 1 0 17 0.00 0.0 0 6.8 17 200 M M 8 24 200
2 95 74 85 4 0 20 T 0.0 0 6.5 17 360 M M 5 23 230
3 94 73 84 3 0 19 0.00 0.0 0 7.0 30 170 M M 3 39 170
4 91 73 82 1 0 17 0.00 0.0 0 7.8 16 180 M M 6 22 180
5 87 76 82 1 0 17 0.23 0.0 0 4.8 15 290 M M 7 13 20 300
6 91 74 83 2 0 18 0.19 0.0 0 5.5 17 60 M M 5 13 23 260
7 92 72 82 1 0 17 1.35 0.0 0 5.5 26 360 M M 4 123 44 360
8 89 71 80 0 0 15 0.00 0.0 0 4.6 14 180 M M 5 3 18 180
9 93 73 83 3 0 18 0.89 0.0 0 5.8 18 50 M M 7 13 28 60
10 89 73 81 1 0 16 0.46 0.0 0 3.4 21 170 M M 8 13 28 150
11 90 73 82 2 0 17 T 0.0 0 5.8 15 10 M M 6 19 10
12 86 68 77 -3 0 12 0.00 0.0 0 7.4 17 20 M M 3 24 30
13 87 63 75 -5 0 10 0.00 0.0 0 3.8 9 90 M M 3 12 100
14 92 63 78 -2 0 13 0.00 0.0 0 5.1 16 190 M M 5 22 200
15 89 73 81 1 0 16 0.00 0.0 0 5.7 14 10 M M 6 20 330
16 79 70 75 -5 0 10 0.02 0.0 0 5.8 8 350 M M 7 20 320
17 88 65 77 -3 0 12 0.00 0.0 0 3.4 13 20 M M 5 18 17 330
18 89 65 77 -3 0 12 0.00 0.0 0 3.3 12 60 M M 3 15 50
19 89 67 78 -2 0 13 0.66 0.0 0 4.1 24 330 M M 5 13 34 360
20 81 71 76 -4 0 11 0.13 0.0 0 6.7 13 180 M M 7 13 20 180
21 87 71 79 0 0 14 T 0.0 0 6.5 16 180 M M 8 23 260
22 89 70 80 1 0 15 T 0.0 0 5.0 13 360 M M 7 8 18 350
23 90 67 79 0 0 14 0.00 0.0 0 3.0 10 20 M M 5 14 340
24 92 69 81 2 0 16 0.00 0.0 0 5.3 13 40 M M 4 16 150
25 90 71 81 2 0 16 0.03 0.0 0 2.2 14 210 M M 6 1 20 210
26 89 72 81 2 0 16 0.00 0.0 0 4.4 18 180 M M 4 3 26 190
27 94 69 82 4 0 17 0.00 0.0 0 3.9 12 100 M M 2 16 110
28 95 72 84 6 0 19 0.00 0.0 0 7.3 17 170 M M 4 24 200
29 94 74 84 6 0 19 0.03 0.0 0 6.8 17 320 M M 7 138 24 320
30 88 70 79 1 0 14 T 0.0 0 3.9 13 320 M M 7 20 310
31 90 65 78 0 0 13 0.00 0.0 M 4.3 13 360 M M 0 20 310
================================================================================
SM 2777 2182 0 473 3.99 0.0 161.4 M 162
================================================================================
AV 89.6 70.4 5.2 FASTST M M 5 MAX(MPH)
MISC ----> 30 170 44 360
================================================================================
NOTES:
# LAST OF SEVERAL OCCURRENCES
COLUMN 17 PEAK WIND IN M.P.H.
PRELIMINARY LOCAL CLIMATOLOGICAL DATA (WS FORM: F-6) , PAGE 2
STATION: NASHVILLE
MONTH: AUGUST
YEAR: 2022
LATITUDE: 36 7 N
LONGITUDE: 86 41 W
[TEMPERATURE DATA] [PRECIPITATION DATA] SYMBOLS USED IN COLUMN 16
AVERAGE MONTHLY: 80.0 TOTAL FOR MONTH: 3.99 1 = FOG OR MIST
DPTR FM NORMAL: 0.3 DPTR FM NORMAL: 0.20 2 = FOG REDUCING VISIBILITY
HIGHEST: 95 ON 28, 2 GRTST 24HR 1.51 ON 6- 7 TO 1/4 MILE OR LESS
LOWEST: 63 ON 14,13 3 = THUNDER
SNOW, ICE PELLETS, HAIL 4 = ICE PELLETS
TOTAL MONTH: 0.0 INCH 5 = HAIL
GRTST 24HR 0.0 6 = FREEZING RAIN OR DRIZZLE
GRTST DEPTH: 0 7 = DUSTSTORM OR SANDSTORM:
VSBY 1/2 MILE OR LESS
8 = SMOKE OR HAZE
[NO. OF DAYS WITH] [WEATHER - DAYS WITH] 9 = BLOWING SNOW
X = TORNADO
MAX 32 OR BELOW: 0 0.01 INCH OR MORE: 10
MAX 90 OR ABOVE: 15 0.10 INCH OR MORE: 7
MIN 32 OR BELOW: 0 0.50 INCH OR MORE: 3
MIN 0 OR BELOW: 0 1.00 INCH OR MORE: 1
[HDD (BASE 65) ]
TOTAL THIS MO. 0 CLEAR (SCALE 0-3) 4
DPTR FM NORMAL 0 PTCLDY (SCALE 4-7) 26
TOTAL FM JUL 1 0 CLOUDY (SCALE 8-10) 1
DPTR FM NORMAL 0
[CDD (BASE 65) ]
TOTAL THIS MO. 473
DPTR FM NORMAL 17 [PRESSURE DATA]
TOTAL FM JAN 1 1852 HIGHEST SLP 30.23 ON 7
DPTR FM NORMAL 305 LOWEST SLP 29.88 ON 15
[REMARKS]
#FINAL-08-22#