000
CXUS56 KBOI 011002
CF6BNO
PRELIMINARY LOCAL CLIMATOLOGICAL DATA (WS FORM: F-6)
STATION: BURNS OR
MONTH: APRIL
YEAR: 2023
LATITUDE: 43 34 N
LONGITUDE: 118 57 W
TEMPERATURE IN F: :PCPN: SNOW: WIND :SUNSHINE: SKY :PK WND
================================================================================
1 2 3 4 5 6A 6B 7 8 9 10 11 12 13 14 15 16 17 18
12Z AVG MX 2MIN
DY MAX MIN AVG DEP HDD CDD WTR SNW DPTH SPD SPD DIR MIN PSBL S-S WX SPD DR
================================================================================
1 41 30 36 -5 29 0 0.10 M M 12.6 26 260 M M 9 12 36 270
2 39 22 31 -11 34 0 0.02 M M 7.7 25 260 M M 6 18 32 260
3 35 20 28 -14 37 0 T M M 10.4 25 320 M M 4 36 320
4 46 19 33 -9 32 0 0.00 M M 10.0 20 320 M M 2 8 25 320
5 40 13 27 -15 38 0 0.00 M M 3.5 12 320 M M 1 13 320
6 45 23 34 -8 31 0 0.00 M M 7.7 21 70 M M 8 27 70
7 50 34 42 0 23 0 0.48 M M 5.4 17 280 M M 9 1 27 280
8 53 30 42 0 23 0 0.00 M M 3.7 10 70 M M 4 13 70
9 64 28 46 4 19 0 0.00 M M 4.7 14 70 M M 4 17 70
10 72 37 55 13 10 0 0.00 M M 5.9 15 200 M M 1 20 270
11 51 36 44 1 21 0 0.01 M M 8.8 24 300 M M 8 1 36 300
12 42 26 34 -9 31 0 T M M 10.7 25 330 M M 4 34 280
13 45 22 34 -9 31 0 0.00 M M 6.0 13 200 M M 3 20 240
14 49 28 39 -4 26 0 0.00 M M 6.7 15 240 M M 4 21 240
15 64 26 45 2 20 0 0.00 M M 7.0 17 70 M M 0 26 70
16 63 31 47 3 18 0 T M M 9.4 33 290 M M 2 46 270
17 48 31 40 -4 25 0 0.16 M M 6.9 25 300 M M 8 12 34 270
18 44 23 34 -10 31 0 0.01 M M 11.1 24 280 M M 4 1 33 280
19 44 21 33 -11 32 0 0.06 M M 6.7 29 280 M M 5 18 37 280
20 48 23 36 -9 29 0 0.01 M M 4.9 18 250 M M 6 25 240
21 57 37 47 2 18 0 0.01 M M 10.5 22 280 M M 8 29 330
22 61 34 48 3 17 0 0.00 M M 5.7 13 300 M M 6 8 17 300
23 60 40 50 4 15 0 0.06 M M 4.5 18 240 M M 6 1 31 250
24 54 30 42 -4 23 0 0.00 M M 10.6 23 300 M M 4 31 300
25 63 26 45 -1 20 0 0.00 M M 5.9 13 190 M M 0 8 20 220
26 73 28 51 5 14 0 0.00 M M 5.1 12 310 M M 0 17 320
27 77 39 58 11 7 0 0.00 M M 5.7 15 360 M M 0 20 30
28 77 36 57 10 8 0 0.00 M M 9.5 17 70 M M 0 28 60
29 85 40 63 15 2 0 0.00 M M 4.4 14 250 M M 0 19 250
30 81 38 60 12 5 0 0.00 M M 6.5 18 200 M M 0 25 210
================================================================================
SM 1671 871 669 0 0.92 M 218.2 M 116
================================================================================
AV 55.7 29.0 7.3 FASTST M M 4 MAX(MPH)
MISC ----> 33 290 46 270
================================================================================
NOTES:
# LAST OF SEVERAL OCCURRENCES
COLUMN 17 PEAK WIND IN M.P.H.
PRELIMINARY LOCAL CLIMATOLOGICAL DATA (WS FORM: F-6) , PAGE 2
STATION: BURNS OR
MONTH: APRIL
YEAR: 2023
LATITUDE: 43 34 N
LONGITUDE: 118 57 W
[TEMPERATURE DATA] [PRECIPITATION DATA] SYMBOLS USED IN COLUMN 16
AVERAGE MONTHLY: 42.4 TOTAL FOR MONTH: 0.92 1 = FOG OR MIST
DPTR FM NORMAL: -1.5 DPTR FM NORMAL: -0.02 2 = FOG REDUCING VISIBILITY
HIGHEST: 85 ON 29 GRTST 24HR 0.48 ON 7- 7 TO 1/4 MILE OR LESS
LOWEST: 13 ON 5 3 = THUNDER
SNOW, ICE PELLETS, HAIL 4 = ICE PELLETS
TOTAL MONTH: M 5 = HAIL
GRTST 24HR M ON M 6 = FREEZING RAIN OR DRIZZLE
GRTST DEPTH: M ON M 7 = DUSTSTORM OR SANDSTORM:
VSBY 1/2 MILE OR LESS
8 = SMOKE OR HAZE
[NO. OF DAYS WITH] [WEATHER - DAYS WITH] 9 = BLOWING SNOW
X = TORNADO
MAX 32 OR BELOW: 0 0.01 INCH OR MORE: 10
MAX 90 OR ABOVE: 0 0.10 INCH OR MORE: 3
MIN 32 OR BELOW: 20 0.50 INCH OR MORE: 0
MIN 0 OR BELOW: 0 1.00 INCH OR MORE: 0
[HDD (BASE 65) ]
TOTAL THIS MO. 669 CLEAR (SCALE 0-3) 12
DPTR FM NORMAL 37 PTCLDY (SCALE 4-7) 13
TOTAL FM JUL 1 7620 CLOUDY (SCALE 8-10) 5
DPTR FM NORMAL 980
[CDD (BASE 65) ]
TOTAL THIS MO. 0
DPTR FM NORMAL 0 [PRESSURE DATA]
TOTAL FM JAN 1 0 HIGHEST SLP 30.42 ON 20
DPTR FM NORMAL 0 LOWEST SLP 29.61 ON 30
[REMARKS]
#FINAL-04-23#