000
CXUS55 KBOI 011002
CF6BOI
PRELIMINARY LOCAL CLIMATOLOGICAL DATA (WS FORM: F-6)
STATION: BOISE ID
MONTH: MARCH
YEAR: 2023
LATITUDE: 43 34 N
LONGITUDE: 116 13 W
TEMPERATURE IN F: :PCPN: SNOW: WIND :SUNSHINE: SKY :PK WND
================================================================================
1 2 3 4 5 6A 6B 7 8 9 10 11 12 13 14 15 16 17 18
12Z AVG MX 2MIN
DY MAX MIN AVG DEP HDD CDD WTR SNW DPTH SPD SPD DIR MIN PSBL S-S WX SPD DR
================================================================================
1 43 27 35 -7 30 0 0.09 2.1 0 13.0 24 310 M M 5 1 32 300
2 39 23 31 -11 34 0 T T 0 8.3 17 110 M M 6 23 120
3 41 30 36 -6 29 0 T T 0 8.4 16 330 M M 7 21 330
4 43 28 36 -6 29 0 0.02 0.1 0 13.4 23 130 M M 6 18 30 130
5 42 27 35 -8 30 0 0.10 1.5 T 12.0 25 120 M M 7 18 34 130
6 41 27 34 -9 31 0 0.01 T 1 8.0 16 330 M M 5 1 18 350
7 43 27 35 -8 30 0 0.01 0.2 0 13.3 24 120 M M 5 1 33 130
8 41 28 35 -9 30 0 0.07 0.5 T 11.5 21 160 M M 5 12 28 120
9 46 25 36 -8 29 0 0.04 0.3 T 13.6 32 150 M M 6 1 43 150
10 50 36 43 -1 22 0 0.09 T T 18.0 31 140 M M 8 1 44 130
11 51 33 42 -2 23 0 0.00 0.0 0 7.2 16 120 M M M 21 130
12 52 30 41 -4 24 0 0.05 0.0 0 12.1 22 150 M M 8 29 130
13 56 41 49 4 16 0 0.10 0.0 0 15.0 23 140 M M 9 32 140
14 53 42 48 3 17 0 0.26 0.0 0 11.6 26 150 M M 10 37 140
15 49 31 40 -5 25 0 0.06 T 0 14.2 24 300 M M 7 1 33 310
16 50 25 38 -8 27 0 0.00 0.0 0 6.9 15 170 M M 0 21 170
17 52 27 40 -6 25 0 0.00 0.0 0 9.2 15 140 M M 0 22 180
18 54 29 42 -4 23 0 0.00 0.0 0 13.2 24 140 M M 0 34 120
19 58 30 44 -2 21 0 0.00 0.0 0 10.4 24 140 M M 2 31 140
20 48 33 41 -5 24 0 0.29 0.5 T 9.8 20 290 M M 10 1 26 300
21 51 33 42 -4 23 0 0.10 0.2 0 5.7 20 150 M M 6 1 25 160
22 55 31 43 -4 22 0 T 0.0 0 5.9 17 310 M M 4 24 290
23 52 33 43 -4 22 0 0.09 0.2 0 7.9 25 270 M M 7 18 36 270
24 44 28 36 -11 29 0 0.05 0.6 1 10.9 22 260 M M 7 1 30 290
25 42 27 35 -12 30 0 T T T 6.0 16 310 M M 5 23 240
26 44 24 34 -13 31 0 T T 0 10.2 30 310 M M 3 8 37 300
27 49 22 36 -11 29 0 0.00 0.0 0 10.5 24 120 M M 2 31 120
28 51 39 45 -3 20 0 0.00 0.0 0 13.9 28 120 M M 9 36 120
29 44 37 41 -7 24 0 0.12 0.0 0 4.9 15 90 M M 10 17 90
30 44 33 39 -9 26 0 0.92 2.9 0 10.0 24 280 M M 10 1 31 280
31 51 37 44 -4 21 0 T 0.0 0 5.1 18 150 M M 9 25 110
================================================================================
SM 1479 943 796 0 2.47 9.1 320.1 M 178
================================================================================
AV 47.7 30.4 10.3 FASTST M M 6 MAX(MPH)
MISC ----> 32 150 44 130
================================================================================
NOTES:
# LAST OF SEVERAL OCCURRENCES
COLUMN 17 PEAK WIND IN M.P.H.
PRELIMINARY LOCAL CLIMATOLOGICAL DATA (WS FORM: F-6) , PAGE 2
STATION: BOISE ID
MONTH: MARCH
YEAR: 2023
LATITUDE: 43 34 N
LONGITUDE: 116 13 W
[TEMPERATURE DATA] [PRECIPITATION DATA] SYMBOLS USED IN COLUMN 16
AVERAGE MONTHLY: 39.1 TOTAL FOR MONTH: 2.47 1 = FOG OR MIST
DPTR FM NORMAL: -6.1 DPTR FM NORMAL: 1.14 2 = FOG REDUCING VISIBILITY
HIGHEST: 58 ON 19 GRTST 24HR 0.92 ON 30-30 TO 1/4 MILE OR LESS
LOWEST: 22 ON 27 3 = THUNDER
SNOW, ICE PELLETS, HAIL 4 = ICE PELLETS
TOTAL MONTH: 9.4 INCHES 5 = HAIL
GRTST 24HR 2.9 ON 30-30 6 = FREEZING RAIN OR DRIZZLE
GRTST DEPTH: 1 ON 24, 6 7 = DUSTSTORM OR SANDSTORM:
VSBY 1/2 MILE OR LESS
8 = SMOKE OR HAZE
[NO. OF DAYS WITH] [WEATHER - DAYS WITH] 9 = BLOWING SNOW
X = TORNADO
MAX 32 OR BELOW: 0 0.01 INCH OR MORE: 18
MAX 90 OR ABOVE: 0 0.10 INCH OR MORE: 7
MIN 32 OR BELOW: 20 0.50 INCH OR MORE: 1
MIN 0 OR BELOW: 0 1.00 INCH OR MORE: 0
[HDD (BASE 65) ]
TOTAL THIS MO. 796 CLEAR (SCALE 0-3) 5
DPTR FM NORMAL 182 PTCLDY (SCALE 4-7) 18
TOTAL FM JUL 1 4884 CLOUDY (SCALE 8-10) 8
DPTR FM NORMAL 251
[CDD (BASE 65) ]
TOTAL THIS MO. 0
DPTR FM NORMAL 0 [PRESSURE DATA]
TOTAL FM JAN 1 0 HIGHEST SLP 30.36 ON 27
DPTR FM NORMAL 0 LOWEST SLP 29.31 ON 10
[REMARKS]
#FINAL-03-23#