000
CXUS54 KMAF 011210
CF6BPG
PRELIMINARY LOCAL CLIMATOLOGICAL DATA (WS FORM: F-6)
STATION: BIG SPRING MCMAHON-WRINKLE FI
MONTH: FEBRUARY
YEAR: 2020
LATITUDE: 32 12 N
LONGITUDE: 101 31 W
TEMPERATURE IN F: :PCPN: SNOW: WIND :SUNSHINE: SKY :PK WND
================================================================================
1 2 3 4 5 6A 6B 7 8 9 10 11 12 13 14 15 16 17 18
12Z AVG MX 2MIN
DY MAX MIN AVG DEP HDD CDD WTR SNW DPTH SPD SPD DIR MIN PSBL S-S WX SPD DR
================================================================================
1 70 28 49 M 16 0 M M M 8.0 17 250 M M 0 1 23 250
2 74 35 55 M 10 0 M M M 12.6 21 200 M M 0 29 220
3 74 46 60 M 5 0 M M M 14.6 22 210 M M 3 29 210
4 58 27 43 M 22 0 M M M 15.7 23 70 M M 8 12 29 30
5 27 10 19 M 46 0 M M M 9.3 16 10 M M 9 12 148 360
6 43 0 22 M 43 0 M M M 7.4 21 270 M M 3 12 24 270
7 51 29 40 M 25 0 M M M 8.5 14 90 M M 0 M M
8 65 32 49 M 16 0 M M M 10.2 20 140 M M 0 20 140
9 71 49 60 M 5 0 M M M 16.2 25 60 M M 2 33 180
10 49 34 42 M 23 0 M M M 12.3 21 60 M M 7 1 35 60
11 36 33 35 M 30 0 M M M 15.2 21 30 M M 10 1 26 50
12 56 33 45 M 20 0 M M M 11.2 28 300 M M 5 1 33 300
13 50 31 41 M 24 0 M M M 11.3 23 70 M M 3 28 70
14 56 28 42 M 23 0 M M M 10.2 17 160 M M 5 20 160
15 69 37 53 M 12 0 M M M 10.0 16 200 M M 0 17 210
16 76 39 58 M 7 0 M M M 9.7 15 230 M M 0 1 21 240
17 74 44 59 M 6 0 M M M 10.4 23 60 M M 0 29 60
18 52 43 48 M 17 0 M M M 15.7 25 30 M M 4 31 50
19 43 35 39 M 26 0 M M M 8.6 16 50 M M 7 1 M M
20 41 32 37 M 28 0 M M M 15.8 26 30 M M 7 1 31 30
21 50 26 38 M 27 0 M M M 6.3 12 160 M M 3 M M
22 64 40 52 M 13 0 M M M 12.6 17 180 M M 1 20 180
23 65 47 56 M 9 0 M M M 12.6 25 240 M M 3 36 240
24 71 39 55 M 10 0 M M M 11.7 21 300 M M 0 29 300
25 56 33 45 M 20 0 M M M 16.7 31 10 M M 3 40 30
26 47 24 36 M 29 0 M M M 10.5 23 350 M M 0 22 340
27 66 26 46 M 19 0 M M M 10.3 21 220 M M 0 25 220
28 72 34 53 M 12 0 M M M 5.8 12 210 M M 0 17 210
29 74 44 59 M 6 0 M M M 15.8 24 200 M M 0 31 200
================================================================================
SM 1700 958 549 0 M M 335.0 M 83
================================================================================
AV 58.6 33.0 11.6 FASTST M M 3 MAX(MPH)
MISC ----> 31 10 148 360
================================================================================
NOTES:
# LAST OF SEVERAL OCCURRENCES
COLUMN 17 PEAK WIND IN M.P.H.
PRELIMINARY LOCAL CLIMATOLOGICAL DATA (WS FORM: F-6) , PAGE 2
STATION: BIG SPRING MCMAHON-WRINKLE FI
MONTH: FEBRUARY
YEAR: 2020
LATITUDE: 32 12 N
LONGITUDE: 101 31 W
[TEMPERATURE DATA] [PRECIPITATION DATA] SYMBOLS USED IN COLUMN 16
AVERAGE MONTHLY: 45.8 TOTAL FOR MONTH: M 1 = FOG OR MIST
DPTR FM NORMAL: 0.0 DPTR FM NORMAL: M 2 = FOG REDUCING VISIBILITY
HIGHEST: 76 ON 16 GRTST 24HR M ON M TO 1/4 MILE OR LESS
LOWEST: 0 ON 6 3 = THUNDER
SNOW, ICE PELLETS, HAIL 4 = ICE PELLETS
TOTAL MONTH: M 5 = HAIL
GRTST 24HR M ON M 6 = FREEZING RAIN OR DRIZZLE
GRTST DEPTH: M ON M 7 = DUSTSTORM OR SANDSTORM:
VSBY 1/2 MILE OR LESS
8 = SMOKE OR HAZE
[NO. OF DAYS WITH] [WEATHER - DAYS WITH] 9 = BLOWING SNOW
X = TORNADO
MAX 32 OR BELOW: 1 0.01 INCH OR MORE: 0
MAX 90 OR ABOVE: 0 0.10 INCH OR MORE: 0
MIN 32 OR BELOW: 12 0.50 INCH OR MORE: 0
MIN 0 OR BELOW: 1 1.00 INCH OR MORE: 0
[HDD (BASE 65) ]
TOTAL THIS MO. 549 CLEAR (SCALE 0-3) 18
DPTR FM NORMAL M PTCLDY (SCALE 4-7) 9
TOTAL FM JUL 1 2176 CLOUDY (SCALE 8-10) 2
DPTR FM NORMAL M
[CDD (BASE 65) ]
TOTAL THIS MO. 0
DPTR FM NORMAL M [PRESSURE DATA]
TOTAL FM JAN 1 0 HIGHEST SLP M ON M
DPTR FM NORMAL M LOWEST SLP M ON M
[REMARKS]
#FINAL-02-20#