000
CXUS54 KLZK 011230
CF6BPK
PRELIMINARY LOCAL CLIMATOLOGICAL DATA (WS FORM: F-6)
STATION: MOUNTAIN HOME AIRPORT
MONTH: MARCH
YEAR: 2023
LATITUDE: 36 22 N
LONGITUDE: 92 28 W
TEMPERATURE IN F: :PCPN: SNOW: WIND :SUNSHINE: SKY :PK WND
================================================================================
1 2 3 4 5 6A 6B 7 8 9 10 11 12 13 14 15 16 17 18
12Z AVG MX 2MIN
DY MAX MIN AVG DEP HDD CDD WTR SNW DPTH SPD SPD DIR MIN PSBL S-S WX SPD DR
================================================================================
1 73 54 64 19 1 0 0.00 M M 4.6 10 240 M M 1 16 240
2 58 43 51 6 14 0 1.26 M M 9.4 18 70 M M 6 13 26 80
3 53 41 47 1 18 0 1.26 M M 7.1 16 320 M M 10 13 27 350
4 62 33 48 2 17 0 0.00 M M 2.2 8 140 M M 2 12 14 180
5 71 39 55 9 10 0 0.00 M M 7.2 17 200 M M 1 24 200
6 81 54 68 22 0 3 0.00 M M 4.9 14 230 M M 0 19 260
7 62 44 53 6 12 0 0.00 M M 8.1 18 140 M M 3 26 140
8 50 42 46 -1 19 0 0.53 M M 6.8 22 140 M M 10 1 30 140
9 48 42 45 -2 20 0 0.35 M M 4.9 12 340 M M 10 1 18 340
10 56 38 47 -1 18 0 0.00 M M 5.0 12 340 M M 3 18 350
11 43 38 41 -7 24 0 0.13 M M 8.5 17 150 M M 7 13 24 140
12 56 38 47 -1 18 0 0.00 M M 5.8 13 10 M M 5 20 20
13 46 28 37 -12 28 0 0.00 M M 5.3 13 350 M M 1 22 350
14 49 22 36 -13 29 0 0.00 M M 2.8 8 170 M M 0 12 150
15 60 30 45 -4 20 0 0.00 M M 8.2 16 180 M M 0 22 180
16 57 38 48 -2 17 0 0.74 M M 9.2 20 220 M M 7 1 28 340
17 48 31 40 -10 25 0 T M M 6.6 16 350 M M 2 28 350
18 39 25 32 -18 33 0 0.00 M M 7.0 16 310 M M 2 31 290
19 43 19 31 -20 34 0 0.00 M M 3.9 12 280 M M 0 17 330
20 58 22 40 -11 25 0 0.00 M M 7.7 17 190 M M 2 23 170
21 45 39 42 -10 23 0 0.36 M M 8.7 16 200 M M 10 1 22 190
22 75 42 59 7 6 0 0.00 M M 8.7 18 220 M M 5 1 24 220
23 79 59 69 17 0 4 0.00 M M 8.0 15 210 M M 7 22 280
24 59 49 54 2 11 0 2.16 M M 5.9 17 150 M M 10 123 26 330
25 61 45 53 0 12 0 0.00 M M 5.8 13 320 M M 5 22 320
26 73 43 58 5 7 0 0.00 M M 4.0 16 360 M M 1 26 360
27 62 37 50 -4 15 0 0.00 M M 4.8 9 70 M M 2 18 360
28 58 37 48 -6 17 0 T M M 4.0 14 340 M M 3 20 330
29 65 32 49 -5 16 0 0.00 M M 4.2 10 170 M M 0 15 180
30 73 47 60 6 5 0 0.38 M M 8.3 18 220 M M 8 13 24 200
31 79 54 67 12 0 2 0.27 M M 11.4 24 230 M M 6 13 37 240
================================================================================
SM 1842 1205 494 9 7.44 M 199.0 M 129
================================================================================
AV 59.4 38.9 6.4 FASTST M M 4 MAX(MPH)
MISC ----> 24 230 37 240
================================================================================
NOTES:
# LAST OF SEVERAL OCCURRENCES
COLUMN 17 PEAK WIND IN M.P.H.
PRELIMINARY LOCAL CLIMATOLOGICAL DATA (WS FORM: F-6) , PAGE 2
STATION: MOUNTAIN HOME AIRPORT
MONTH: MARCH
YEAR: 2023
LATITUDE: 36 22 N
LONGITUDE: 92 28 W
[TEMPERATURE DATA] [PRECIPITATION DATA] SYMBOLS USED IN COLUMN 16
AVERAGE MONTHLY: 49.1 TOTAL FOR MONTH: 7.44 1 = FOG OR MIST
DPTR FM NORMAL: -0.7 DPTR FM NORMAL: 3.81 2 = FOG REDUCING VISIBILITY
HIGHEST: 81 ON 6 GRTST 24HR 2.55 ON 2- 3 TO 1/4 MILE OR LESS
LOWEST: 19 ON 19 3 = THUNDER
SNOW, ICE PELLETS, HAIL 4 = ICE PELLETS
TOTAL MONTH: M 5 = HAIL
GRTST 24HR M ON M 6 = FREEZING RAIN OR DRIZZLE
GRTST DEPTH: M ON M 7 = DUSTSTORM OR SANDSTORM:
VSBY 1/2 MILE OR LESS
8 = SMOKE OR HAZE
[NO. OF DAYS WITH] [WEATHER - DAYS WITH] 9 = BLOWING SNOW
X = TORNADO
MAX 32 OR BELOW: 0 0.01 INCH OR MORE: 10
MAX 90 OR ABOVE: 0 0.10 INCH OR MORE: 10
MIN 32 OR BELOW: 8 0.50 INCH OR MORE: 5
MIN 0 OR BELOW: 0 1.00 INCH OR MORE: 3
[HDD (BASE 65) ]
TOTAL THIS MO. 494 CLEAR (SCALE 0-3) 17
DPTR FM NORMAL 15 PTCLDY (SCALE 4-7) 9
TOTAL FM JUL 1 3210 CLOUDY (SCALE 8-10) 5
DPTR FM NORMAL -324
[CDD (BASE 65) ]
TOTAL THIS MO. 9
DPTR FM NORMAL 1 [PRESSURE DATA]
TOTAL FM JAN 1 9 HIGHEST SLP 30.51 ON 19
DPTR FM NORMAL -1 LOWEST SLP 29.18 ON 3
[REMARKS]
#FINAL-03-23#