000
CXUS54 KLZK 011130
CF6BPK
PRELIMINARY LOCAL CLIMATOLOGICAL DATA (WS FORM: F-6)
STATION: MOUNTAIN HOME AIRPORT
MONTH: APRIL
YEAR: 2021
LATITUDE: 36 22 N
LONGITUDE: 92 28 W
TEMPERATURE IN F: :PCPN: SNOW: WIND :SUNSHINE: SKY :PK WND
================================================================================
1 2 3 4 5 6A 6B 7 8 9 10 11 12 13 14 15 16 17 18
12Z AVG MX 2MIN
DY MAX MIN AVG DEP HDD CDD WTR SNW DPTH SPD SPD DIR MIN PSBL S-S WX SPD DR
================================================================================
1 55 30 43 -11 22 0 0.00 M M 4.7 12 20 M M 0 8 19 350
2 60 32 46 -8 19 0 0.00 M M 7.6 14 190 M M 1 8 19 150
3 71 37 54 -1 11 0 0.00 M M 6.7 15 240 M M 1 8 19 230
4 77 48 63 8 2 0 0.00 M M 3.5 13 220 M M 0 16 230
5 78 51 65 10 0 0 0.00 M M 5.9 16 220 M M 4 8 20 220
6 78 56 67 11 0 2 0.00 M M 8.6 18 210 M M 4 26 240
7 69 50 60 4 5 0 0.39 0.0 0 10.6 22 190 M M 6 13 29 210
8 72 48 60 4 5 0 0.00 0.0 0 6.0 17 270 M M 5 29 290
9 85 53 69 12 0 4 0.59 0.0 0 6.0 35 230 M M 3 13 51 210
10 57 49 53 -4 12 0 0.00 M M 7.1 15 330 M M 7 27 310
11 79 46 63 6 2 0 0.00 0.0 0 4.6 12 310 M M 0 20 290
12 78 50 64 6 1 0 0.03 0.0 0 4.6 14 90 M M 2 3 23 80
13 69 49 59 1 6 0 0.09 M M 5.0 13 90 M M 6 3 21 80
14 62 47 55 -3 10 0 0.62 M M 2.3 8 80 M M 7 1 13 90
15 63 43 53 -5 12 0 0.00 M M 2.9 12 80 M M 2 16 80
16 59 47 53 -6 12 0 0.22 M M 3.5 13 150 M M 9 1 17 150
17 54 43 49 -10 16 0 0.01 M M 2.3 9 330 M M 10 1 14 10
18 60 42 51 -8 14 0 T M M 3.4 15 340 M M 6 25 320
19 72 35 54 -6 11 0 T M M 3.0 9 330 M M 0 16 350
20 52 30 41 -19 24 0 0.03 M M 4.6 13 360 M M 4 1 21 10
21 57 29 43 -17 22 0 0.00 M M 3.1 13 350 M M 1 1 22 320
22 61 33 47 -14 18 0 0.01 M M 3.5 10 130 M M 1 15 200
23 67 45 56 -5 9 0 0.36 M M 7.8 15 160 M M 10 1 20 180
24 62 47 55 -6 10 0 1.44 M M 4.1 12 80 M M 8 1 19 350
25 75 41 58 -4 7 0 0.00 0.0 0 5.3 16 200 M M 1 20 190
26 83 50 67 5 0 2 0.00 0.0 0 9.7 18 210 M M 0 25 210
27 79 62 71 9 0 6 0.00 0.0 0 8.5 16 210 M M 2 24 190
28 69 64 67 5 0 2 3.16 M M 3.5 10 310 M M 9 13 23 99
29 68 66 67 4 0 2 0.24 M M 1.7 8 350 M M 9 13 M M
30 79 49 64 1 1 0 0.00 0.0 0 2.6 9 150 M M 0 13 200
================================================================================
SM 2050 1372 251 18 7.19 0.0 152.7 M 118
================================================================================
AV 68.3 45.7 5.1 FASTST M M 4 MAX(MPH)
MISC ----> 35 230 51 210
================================================================================
NOTES:
# LAST OF SEVERAL OCCURRENCES
COLUMN 17 PEAK WIND IN M.P.H.
PRELIMINARY LOCAL CLIMATOLOGICAL DATA (WS FORM: F-6) , PAGE 2
STATION: MOUNTAIN HOME AIRPORT
MONTH: APRIL
YEAR: 2021
LATITUDE: 36 22 N
LONGITUDE: 92 28 W
[TEMPERATURE DATA] [PRECIPITATION DATA] SYMBOLS USED IN COLUMN 16
AVERAGE MONTHLY: 57.0 TOTAL FOR MONTH: 7.19 1 = FOG OR MIST
DPTR FM NORMAL: -1.6 DPTR FM NORMAL: 2.68 2 = FOG REDUCING VISIBILITY
HIGHEST: 85 ON 9 GRTST 24HR 3.16 ON 28-28 TO 1/4 MILE OR LESS
LOWEST: 29 ON 21 3 = THUNDER
SNOW, ICE PELLETS, HAIL 4 = ICE PELLETS
TOTAL MONTH: 0.0 INCH 5 = HAIL
GRTST 24HR 0.0 6 = FREEZING RAIN OR DRIZZLE
GRTST DEPTH: 0 7 = DUSTSTORM OR SANDSTORM:
VSBY 1/2 MILE OR LESS
8 = SMOKE OR HAZE
[NO. OF DAYS WITH] [WEATHER - DAYS WITH] 9 = BLOWING SNOW
X = TORNADO
MAX 32 OR BELOW: 0 0.01 INCH OR MORE: 13
MAX 90 OR ABOVE: 0 0.10 INCH OR MORE: 8
MIN 32 OR BELOW: 4 0.50 INCH OR MORE: 4
MIN 0 OR BELOW: 0 1.00 INCH OR MORE: 2
[HDD (BASE 65) ]
TOTAL THIS MO. 251 CLEAR (SCALE 0-3) 15
DPTR FM NORMAL 26 PTCLDY (SCALE 4-7) 10
TOTAL FM JUL 1 3770 CLOUDY (SCALE 8-10) 5
DPTR FM NORMAL 36
[CDD (BASE 65) ]
TOTAL THIS MO. 18
DPTR FM NORMAL -15 [PRESSURE DATA]
TOTAL FM JAN 1 18 HIGHEST SLP 30.57 ON 1
DPTR FM NORMAL -24 LOWEST SLP 29.54 ON 10
[REMARKS]
#FINAL-04-21#