000
CXUS54 KLCH 010930
CF6BPT
PRELIMINARY LOCAL CLIMATOLOGICAL DATA (WS FORM: F-6)
STATION: BEAUMONT PORT ARTHUR
MONTH: DECEMBER
YEAR: 2021
LATITUDE: 29 57 N
LONGITUDE: 94 1 W
TEMPERATURE IN F: :PCPN: SNOW: WIND :SUNSHINE: SKY :PK WND
================================================================================
1 2 3 4 5 6A 6B 7 8 9 10 11 12 13 14 15 16 17 18
12Z AVG MX 2MIN
DY MAX MIN AVG DEP HDD CDD WTR SNW DPTH SPD SPD DIR MIN PSBL S-S WX SPD DR
================================================================================
1 77 52 65 7 0 0 0.00 0.0 M 3.5 12 180 M M 2 128 16 180
2 78 52 65 7 0 0 0.00 0.0 M 4.1 12 180 M M 4 12 16 170
3 79 57 68 10 0 3 0.00 0.0 M 6.1 13 170 M M 4 128 17 190
4 81 62 72 14 0 7 T 0.0 M 5.7 16 150 M M 5 128 20 160
5 77 57 67 10 0 2 0.00 0.0 M 8.5 17 170 M M 5 128 25 170
6 78 55 67 10 0 2 0.06 0.0 M 12.5 24 20 M M 8 138 33 20
7 61 51 56 -1 9 0 0.00 0.0 M 7.6 18 50 M M 10 8 24 40
8 64 55 60 3 5 0 T 0.0 M 6.8 13 50 M M 10 1 16 50
9 81 61 71 14 0 6 0.00 0.0 M 11.2 20 180 M M 9 18 29 180
10 79 73 76 20 0 11 T 0.0 M 15.6 25 180 M M 10 18 35 180
11 74 48 61 5 4 0 0.06 M M 15.9 29 350 M M 6 18 39 350
12 62 41 52 -4 13 0 0.00 0.0 M 7.1 16 20 M M 0 8 22 50
13 75 50 63 7 2 0 0.00 0.0 M 8.7 16 110 M M 9 18 19 110
14 80 66 73 17 0 8 0.00 0.0 M 11.1 18 150 M M 9 128 24 170
15 80 68 74 18 0 9 0.00 0.0 M 12.9 21 150 M M 9 18 28 160
16 82 66 74 18 0 9 0.00 0.0 M 9.9 18 180 M M 4 18 25 170
17 82 70 76 21 0 11 0.00 0.0 M 11.1 18 170 M M 6 18 25 150
18 79 55 67 12 0 2 1.25 0.0 M 9.7 41 360 M M 10 138 56 10
19 59 48 54 -1 11 0 0.00 0.0 M 13.1 24 350 M M 4 1 32 350
20 55 43 49 -6 16 0 0.05 M M 8.3 16 40 M M 8 1 21 40
21 60 40 50 -5 15 0 0.00 0.0 M 5.1 12 330 M M 1 1 15 330
22 68 39 54 -1 11 0 0.00 0.0 M 5.0 13 180 M M 0 18 16 180
23 74 51 63 9 2 0 0.00 0.0 M 10.0 20 170 M M 2 18 27 190
24 78 60 69 15 0 4 0.00 0.0 M 12.6 28 180 M M 4 18 36 180
25 80 63 72 18 0 7 0.00 0.0 M 8.9 21 210 M M 7 18 29 200
26 79 67 73 19 0 8 0.00 0.0 M 11.4 20 180 M M 10 1 29 170
27 78 68 73 19 0 8 0.00 0.0 M 11.1 21 180 M M 10 18 30 200
28 82 69 76 22 0 11 T 0.0 M 12.9 23 200 M M 6 18 34 210
29 83 71 77 23 0 12 0.00 0.0 M 10.5 20 180 M M 9 18 26 190
30 82 65 74 20 0 9 0.00 0.0 M 5.1 14 160 M M 8 128 17 150
31 81 72 77 23 0 12 0.00 0.0 M 12.0 22 190 M M 10 18 29 200
================================================================================
SM 2328 1795 88 141 1.42 0.0 294.0 M 199
================================================================================
AV 75.1 57.9 9.5 FASTST M M 6 MAX(MPH)
MISC ----> 41 360 56 10
================================================================================
NOTES:
# LAST OF SEVERAL OCCURRENCES
COLUMN 17 PEAK WIND IN M.P.H.
PRELIMINARY LOCAL CLIMATOLOGICAL DATA (WS FORM: F-6) , PAGE 2
STATION: BEAUMONT PORT ARTHUR
MONTH: DECEMBER
YEAR: 2021
LATITUDE: 29 57 N
LONGITUDE: 94 1 W
[TEMPERATURE DATA] [PRECIPITATION DATA] SYMBOLS USED IN COLUMN 16
AVERAGE MONTHLY: 66.5 TOTAL FOR MONTH: 1.42 1 = FOG OR MIST
DPTR FM NORMAL: 10.9 DPTR FM NORMAL: -3.56 2 = FOG REDUCING VISIBILITY
HIGHEST: 83 ON 29 GRTST 24HR 1.25 ON 18-18 TO 1/4 MILE OR LESS
LOWEST: 39 ON 22 3 = THUNDER
SNOW, ICE PELLETS, HAIL 4 = ICE PELLETS
TOTAL MONTH: 0.0 INCH 5 = HAIL
GRTST 24HR 0.0 6 = FREEZING RAIN OR DRIZZLE
GRTST DEPTH: M ON M 7 = DUSTSTORM OR SANDSTORM:
VSBY 1/2 MILE OR LESS
8 = SMOKE OR HAZE
[NO. OF DAYS WITH] [WEATHER - DAYS WITH] 9 = BLOWING SNOW
X = TORNADO
MAX 32 OR BELOW: 0 0.01 INCH OR MORE: 4
MAX 90 OR ABOVE: 0 0.10 INCH OR MORE: 1
MIN 32 OR BELOW: 0 0.50 INCH OR MORE: 1
MIN 0 OR BELOW: 0 1.00 INCH OR MORE: 1
[HDD (BASE 65) ]
TOTAL THIS MO. 88 CLEAR (SCALE 0-3) 5
DPTR FM NORMAL -229 PTCLDY (SCALE 4-7) 13
TOTAL FM JUL 1 262 CLOUDY (SCALE 8-10) 13
DPTR FM NORMAL -239
[CDD (BASE 65) ]
TOTAL THIS MO. 141
DPTR FM NORMAL 114 [PRESSURE DATA]
TOTAL FM JAN 1 3053 HIGHEST SLP 30.32 ON 12
DPTR FM NORMAL -23 LOWEST SLP 29.70 ON 28
[REMARKS]
#FINAL-12-21#