000
CXUS54 KLCH 010930
CF6BPT
PRELIMINARY LOCAL CLIMATOLOGICAL DATA (WS FORM: F-6)
STATION: BEAUMONT PORT ARTHUR
MONTH: FEBRUARY
YEAR: 2021
LATITUDE: 29 57 N
LONGITUDE: 94 1 W
TEMPERATURE IN F: :PCPN: SNOW: WIND :SUNSHINE: SKY :PK WND
================================================================================
1 2 3 4 5 6A 6B 7 8 9 10 11 12 13 14 15 16 17 18
12Z AVG MX 2MIN
DY MAX MIN AVG DEP HDD CDD WTR SNW DPTH SPD SPD DIR MIN PSBL S-S WX SPD DR
================================================================================
1 63 38 51 -3 14 0 0.00 0.0 M 9.1 18 320 M M 0 25 330
2 62 35 49 -5 16 0 0.00 0.0 M 4.8 12 150 M M 0 17 130
3 64 39 52 -2 13 0 0.00 0.0 M 8.9 18 140 M M 1 1 24 150
4 75 57 66 12 0 1 0.05 0.0 M 13.3 24 190 M M 6 1 37 200
5 60 44 52 -2 13 0 0.27 0.0 M 11.8 21 20 M M 10 1 28 40
6 65 46 56 2 9 0 T M M 7.4 17 340 M M 7 18 25 330
7 61 39 50 -4 15 0 0.00 0.0 M 9.3 20 70 M M 0 27 330
8 65 48 57 2 8 0 0.00 0.0 M 9.2 18 120 M M 7 18 24 120
9 68 59 64 9 1 0 0.00 0.0 M 4.8 9 130 M M 10 12 11 110
10 78 60 69 14 0 4 0.04 0.0 M 6.4 18 180 M M 9 12 23 170
11 66 41 54 -1 11 0 1.47 M M 14.4 25 20 M M 10 13 33 40
12 41 36 39 -16 26 0 0.01 M M 16.0 24 20 M M 10 1 35 350
13 44 34 39 -17 26 0 0.00 0.0 M 15.3 22 360 M M 10 31 10
14 39 29 34 -22 31 0 0.15 M M 13.7 24 350 M M 10 1 32 350
15 29 16 23 -33 42 0 0.38 2.1 2 15.6 24 320 M M 7 134 33 330
16 32 14 23 -33 42 0 0.00 0.0 M 8.4 22 90 M M 4 31 80
17 37 31 34 -22 31 0 0.85 M M 13.8 24 350 M M 10 1 32 350
18 44 31 38 -18 27 0 0.00 0.0 M 15.5 23 350 M M 8 1 31 340
19 52 26 39 -18 26 0 0.00 0.0 M 7.3 14 340 M M 1 24 320
20 57 29 43 -14 22 0 0.00 0.0 M 6.1 13 150 M M 2 128 18 130
21 67 36 52 -5 13 0 T M M 7.1 14 100 M M 8 12 17 160
22 73 43 58 1 7 0 0.00 0.0 M 6.9 17 10 M M 3 12 23 360
23 72 36 54 -4 11 0 0.00 0.0 M 6.9 15 160 M M 4 12 21 160
24 74 52 63 5 2 0 0.00 0.0 M 9.0 17 190 M M 8 12 25 220
25 75 61 68 10 0 3 0.01 0.0 M 5.9 15 170 M M 9 12 20 170
26 79 64 72 14 0 7 0.00 0.0 M 12.5 21 170 M M 10 1 28 160
27 76 65 71 13 0 6 0.00 0.0 M 14.2 24 150 M M 9 12 34 160
28 74 67 71 12 0 6 0.00 0.0 M 10.7 20 170 M M 10 1 29 160
================================================================================
SM 1692 1176 406 27 3.23 2.1 284.3 M 183
================================================================================
AV 60.4 42.0 10.2 FASTST M M 7 MAX(MPH)
MISC ----> 25 20 37 200
================================================================================
NOTES:
# LAST OF SEVERAL OCCURRENCES
COLUMN 17 PEAK WIND IN M.P.H.
PRELIMINARY LOCAL CLIMATOLOGICAL DATA (WS FORM: F-6) , PAGE 2
STATION: BEAUMONT PORT ARTHUR
MONTH: FEBRUARY
YEAR: 2021
LATITUDE: 29 57 N
LONGITUDE: 94 1 W
[TEMPERATURE DATA] [PRECIPITATION DATA] SYMBOLS USED IN COLUMN 16
AVERAGE MONTHLY: 51.2 TOTAL FOR MONTH: 3.23 1 = FOG OR MIST
DPTR FM NORMAL: -4.7 DPTR FM NORMAL: -0.35 2 = FOG REDUCING VISIBILITY
HIGHEST: 79 ON 26 GRTST 24HR 1.47 ON 11-11 TO 1/4 MILE OR LESS
LOWEST: 14 ON 16 3 = THUNDER
SNOW, ICE PELLETS, HAIL 4 = ICE PELLETS
TOTAL MONTH: 2.1 INCHES 5 = HAIL
GRTST 24HR 2.1 ON 15-15 6 = FREEZING RAIN OR DRIZZLE
GRTST DEPTH: 2 ON 15 7 = DUSTSTORM OR SANDSTORM:
VSBY 1/2 MILE OR LESS
8 = SMOKE OR HAZE
[NO. OF DAYS WITH] [WEATHER - DAYS WITH] 9 = BLOWING SNOW
X = TORNADO
MAX 32 OR BELOW: 2 0.01 INCH OR MORE: 9
MAX 90 OR ABOVE: 0 0.10 INCH OR MORE: 5
MIN 32 OR BELOW: 7 0.50 INCH OR MORE: 2
MIN 0 OR BELOW: 0 1.00 INCH OR MORE: 1
[HDD (BASE 65) ]
TOTAL THIS MO. 406 CLEAR (SCALE 0-3) 7
DPTR FM NORMAL 136 PTCLDY (SCALE 4-7) 9
TOTAL FM JUL 1 1181 CLOUDY (SCALE 8-10) 12
DPTR FM NORMAL -32
[CDD (BASE 65) ]
TOTAL THIS MO. 27
DPTR FM NORMAL 12 [PRESSURE DATA]
TOTAL FM JAN 1 34 HIGHEST SLP 30.52 ON 19
DPTR FM NORMAL 7 LOWEST SLP 29.77 ON 4
[REMARKS]
#FINAL-02-21#