000
CXUS54 KLCH 011725
CLMBPT
CLIMATE REPORT
NATIONAL WEATHER SERVICE LAKE CHARLES, LA
1225 PM CDT SAT JUL 01 2023
...................................
...THE BEAUMONT PORT ARTHUR CLIMATE SUMMARY FOR THE MONTH OF JUNE 2023...
CLIMATE NORMAL PERIOD: 1991 TO 2020
CLIMATE RECORD PERIOD: 1901 TO 2023
WEATHER OBSERVED NORMAL DEPART LAST YEAR`S
VALUE DATE(S) VALUE FROM VALUE DATE(S)
NORMAL
................................................................
TEMPERATURE (F)
RECORD
HIGH 106 06/12/1902
06/11/1902
LOW 0 06/27/2015
HIGHEST 97 06/21 MM MM 101 06/26
06/30
LOWEST 64 06/07 MM MM 68 06/05
AVG. MAXIMUM 92.5 90.9 1.6 94.1
AVG. MINIMUM 73.4 73.1 0.3 74.4
MEAN 82.9 82.0 0.9 84.3
DAYS MAX >= 90 27 20.3 6.7 27
DAYS MAX <= 32 0 0.0 0.0 0
DAYS MIN <= 32 0 0.0 0.0 0
DAYS MIN <= 0 0 0.0 0.0 0
PRECIPITATION (INCHES)
RECORD
MAXIMUM 18.90 1989
MINIMUM 0.14 1917
TOTALS 3.22 6.70 -3.48 3.54
DAILY AVG. 0.11 0.22 -0.11 0.12
DAYS >= .01 10 10.7 -0.7 6
DAYS >= .10 5 7.5 -2.5 3
DAYS >= .50 3 3.9 -0.9 3
DAYS >= 1.00 1 1.8 -0.8 2
GREATEST
24 HR. TOTAL 1.16 06/10 TO 06/11
DEGREE DAYS
COOLING TOTAL 545 510 35 584
SINCE 1/1 1413 1143 270 MM
................................................................
WIND (MPH)
AVERAGE WIND SPEED 6.8
HIGHEST WIND SPEED/DIRECTION 30/050 DATE 06/10
HIGHEST GUST SPEED/DIRECTION 40/070 DATE 06/10
SKY COVER
POSSIBLE SUNSHINE (PERCENT) MM
AVERAGE SKY COVER 0.23
NUMBER OF DAYS FAIR 27
NUMBER OF DAYS PC 3
NUMBER OF DAYS CLOUDY 0
AVERAGE RH (PERCENT) 77
WEATHER CONDITIONS. NUMBER OF DAYS WITH
THUNDERSTORM 11 MIXED PRECIP 0
HEAVY RAIN 5 RAIN 3
LIGHT RAIN 11 FREEZING RAIN 0
LT FREEZING RAIN 0 HAIL 0
HEAVY SNOW 0 SNOW 0
LIGHT SNOW 0 SLEET 0
FOG 26 FOG W/VIS <= 1/4 MILE 6
HAZE 5
- INDICATES NEGATIVE NUMBERS.
R INDICATES RECORD WAS SET OR TIED.
MM INDICATES DATA IS MISSING.
T INDICATES TRACE AMOUNT.
$$