000
CXUS55 KDVN 011100
CF6BRL
PRELIMINARY LOCAL CLIMATOLOGICAL DATA (WS FORM: F-6)
STATION: BURLINGTON IA
MONTH: JANUARY
YEAR: 2021
LATITUDE: 40 46 N
LONGITUDE: 91 7 W
TEMPERATURE IN F: :PCPN: SNOW: WIND :SUNSHINE: SKY :PK WND
================================================================================
1 2 3 4 5 6A 6B 7 8 9 10 11 12 13 14 15 16 17 18
12Z AVG MX 2MIN
DY MAX MIN AVG DEP HDD CDD WTR SNW DPTH SPD SPD DIR MIN PSBL S-S WX SPD DR
================================================================================
1 31 21 26 0 39 0 0.29 M M 13.6 25 40 M M 9 16 32 30
2 26 15 21 -5 44 0 0.00 M M 3.4 10 330 M M 7 12 14 300
3 26 19 23 -3 42 0 0.00 M M 5.5 12 190 M M 9 12 16 180
4 32 24 28 2 37 0 0.00 M M 7.2 14 180 M M 8 12 18 180
5 35 18 27 1 38 0 0.00 M M 2.7 9 330 M M 0 12 12 340
6 32 26 29 3 36 0 0.00 M M 8.5 15 80 M M 9 12 20 100
7 33 25 29 3 36 0 0.00 M M 9.9 14 20 M M 6 18 20 20
8 32 26 29 3 36 0 0.00 M M 9.4 15 360 M M 9 19 10
9 27 23 25 -1 40 0 0.00 M M 5.5 9 340 M M 10 13 360
10 27 21 24 -2 41 0 0.00 M M 5.6 10 300 M M 10 18 16 330
11 36 27 32 6 33 0 0.00 M M 10.5 17 200 M M 5 21 200
12 39 24 32 6 33 0 0.00 M M 8.4 14 210 M M 0 17 220
13 41 30 36 10 29 0 0.00 M M 8.6 13 180 M M 0 18 180
14 41 32 37 11 28 0 0.01 M M 10.6 18 250 M M 6 1 26 250
15 36 30 33 7 32 0 T M M 8.7 16 210 M M 9 1 21 250
16 33 28 31 5 34 0 T M M 11.4 20 310 M M 10 1 29 310
17 30 24 27 1 38 0 0.01 M M 7.4 14 300 M M 9 18 23 290
18 34 16 25 -1 40 0 0.00 M M 5.6 12 320 M M 5 17 300
19 37 14 26 0 39 0 0.00 M M 9.9 28 300 M M 6 1 44 300
20 41 9 25 -1 40 0 0.00 M M 11.3 25 190 M M 0 32 210
21 44 28 36 10 29 0 0.00 M M 10.2 21 300 M M 0 31 310
22 28 10 19 -7 46 0 0.00 M M 9.5 20 330 M M 0 29 320
23 32 7 20 -6 45 0 T M M 6.9 17 150 M M 4 8 27 150
24 37 30 34 8 31 0 T M M 5.9 13 30 M M 10 1 18 130
25 31 28 30 4 35 0 0.28 M M 15.2 24 50 M M 10 18 36 60
26 28 17 23 -3 42 0 0.32 M M 12.0 21 10 M M 9 1 25 10
27 22 8 15 -11 50 0 T M M 9.3 17 40 M M 6 18 24 40
28 25 2 14 -12 51 0 0.00 M M 4.3 13 140 M M 0 16 140
29 32 17 25 -1 40 0 0.00 M M 10.1 16 140 M M 0 24 130
30 34 30 32 6 33 0 0.97 M M 12.4 20 110 M M 7 1 27 120
31 32 30 31 4 34 0 0.23 M M 13.0 20 340 M M 10 1 30 340
================================================================================
SM 1014 659 1171 0 2.11 M 272.5 M 183
================================================================================
AV 32.7 21.3 8.8 FASTST M M 6 MAX(MPH)
MISC ----> 28 300 44 300
================================================================================
NOTES:
# LAST OF SEVERAL OCCURRENCES
COLUMN 17 PEAK WIND IN M.P.H.
PRELIMINARY LOCAL CLIMATOLOGICAL DATA (WS FORM: F-6) , PAGE 2
STATION: BURLINGTON IA
MONTH: JANUARY
YEAR: 2021
LATITUDE: 40 46 N
LONGITUDE: 91 7 W
[TEMPERATURE DATA] [PRECIPITATION DATA] SYMBOLS USED IN COLUMN 16
AVERAGE MONTHLY: 27.0 TOTAL FOR MONTH: 2.11 1 = FOG OR MIST
DPTR FM NORMAL: 1.2 DPTR FM NORMAL: 0.87 2 = FOG REDUCING VISIBILITY
HIGHEST: 44 ON 21 GRTST 24HR 0.97 ON 30-30 TO 1/4 MILE OR LESS
LOWEST: 2 ON 28 3 = THUNDER
SNOW, ICE PELLETS, HAIL 4 = ICE PELLETS
TOTAL MONTH: M 5 = HAIL
GRTST 24HR M ON M 6 = FREEZING RAIN OR DRIZZLE
GRTST DEPTH: M ON M 7 = DUSTSTORM OR SANDSTORM:
VSBY 1/2 MILE OR LESS
8 = SMOKE OR HAZE
[NO. OF DAYS WITH] [WEATHER - DAYS WITH] 9 = BLOWING SNOW
X = TORNADO
MAX 32 OR BELOW: 17 0.01 INCH OR MORE: 7
MAX 90 OR ABOVE: 0 0.10 INCH OR MORE: 5
MIN 32 OR BELOW: 31 0.50 INCH OR MORE: 1
MIN 0 OR BELOW: 0 1.00 INCH OR MORE: 0
[HDD (BASE 65) ]
TOTAL THIS MO. 1171 CLEAR (SCALE 0-3) 8
DPTR FM NORMAL -44 PTCLDY (SCALE 4-7) 9
TOTAL FM JUL 1 3303 CLOUDY (SCALE 8-10) 14
DPTR FM NORMAL -90
[CDD (BASE 65) ]
TOTAL THIS MO. 0
DPTR FM NORMAL 0 [PRESSURE DATA]
TOTAL FM JAN 1 0 HIGHEST SLP 30.77 ON 28
DPTR FM NORMAL 0 LOWEST SLP 29.33 ON 15
[REMARKS]
#FINAL-01-21#