000
CXUS53 KDVN 011121
CLSBRL
CLIMATE REPORT
NATIONAL WEATHER SERVICE QUAD CITIES IA IL
621 AM CDT TUE JUN 01 2021
...................................
...THE BURLINGTON IA CLIMATE SUMMARY FOR THE SEASON, FROM
3/1/2021 TO 5/31/2021...
CLIMATE NORMAL PERIOD 1991 TO 2020
CLIMATE RECORD PERIOD 1897 TO 2021
WEATHER OBSERVED NORMAL DEPART LAST YEAR`S
VALUE DATE(S) VALUE FROM VALUE
NORMAL
..............................................................
TEMPERATURE (F)
RECORD
HIGH 103 05/31/1934
LOW -13 03/05/1960
HIGHEST 85 05/24 79 6
LOWEST 22 03/02 26 -4
AVG. MAXIMUM 61.8 62.0 -0.2
AVG. MINIMUM 43.6 42.0 1.6
MEAN 52.7 52.0 0.7
DAYS MAX >= 90 0
DAYS MAX <= 32 0
DAYS MIN <= 32 14
DAYS MIN <= 0 0
PRECIPITATION (INCHES)
TOTALS 13.26 11.28 1.98
DAILY AVG. 0.14 0.12 0.02
DAYS >= .01 32
DAYS >= .10 20
DAYS >= .50 10
DAYS >= 1.00 4
GREATEST
24 HR. TOTAL 2.53 04/10 TO 04/11
DEGREE DAYS
HEATING TOTAL 1190 1290 -100
SINCE 7/1 5835 5806 29
COOLING TOTAL 82 93 -11
SINCE 1/1 82 93 -11
..............................................................
WIND (MPH)
AVERAGE WIND SPEED 9.5
HIGHEST WIND SPEED/DIRECTION 35/350 DATE 04/10
HIGHEST GUST SPEED/DIRECTION 48/200 DATE 03/10
48/350 04/10
SKY COVER
POSSIBLE SUNSHINE (PERCENT) MM
AVERAGE SKY COVER 0.41
NUMBER OF DAYS FAIR 44
NUMBER OF DAYS PC 28
NUMBER OF DAYS CLOUDY 20
AVERAGE RH (PERCENT) 67
WEATHER CONDITIONS. NUMBER OF DAYS WITH
THUNDERSTORM 10 HAIL 0
SLEET 0 FOG 31
FOG W/VIS <= 1/4 MILE 4 HAZE 7
- INDICATES NEGATIVE NUMBERS.
R INDICATES RECORD WAS SET OR TIED.
MM INDICATES DATA IS MISSING.
T INDICATES TRACE AMOUNT.
$$