000
CXAK56 PAFG 010950
CF6BRW
PRELIMINARY LOCAL CLIMATOLOGICAL DATA (WS FORM: F-6)
STATION: UTQIAGVIK (BARROW) AK
MONTH: JANUARY
YEAR: 2023
LATITUDE: 71 17 N
LONGITUDE: 156 47 W
TEMPERATURE IN F: :PCPN: SNOW: WIND :SUNSHINE: SKY :PK WND
================================================================================
1 2 3 4 5 6A 6B 7 8 9 10 11 12 13 14 15 16 17 18
12Z AVG MX 2MIN
DY MAX MIN AVG DEP HDD CDD WTR SNW DPTH SPD SPD DIR MIN PSBL S-S WX SPD DR
================================================================================
1 7 2 5 15 60 0 T M M 8.9 18 60 M M 10 18 22 60
2 4 -1 2 12 63 0 T M M 19.5 24 70 M M 10 189 29 80
3 8 4 6 16 59 0 T M M 17.6 26 80 M M 10 19 29 80
4 9 0 5 15 60 0 T M M 16.9 24 70 M M 10 18 27 70
5 2 -7 -2 8 67 0 T M M 21.5 26 80 M M 8 18 33 70
6 -4 -8 -6 4 71 0 0.00 M M 20.3 28 60 M M 2 18 31 60
7 -8 -14 -11 -1 76 0 0.00 M M 15.0 21 60 M M 5 18 25 60
8 1 -9 -4 6 69 0 0.01 M M 13.1 17 50 M M 10 18 21 30
9 -3 -11 -7 4 72 0 0.00 M M 10.4 20 30 M M 9 8 23 30
10 -9 -15 -12 -1 77 0 0.00 M M 17.4 25 60 M M 4 18 29 60
11 -8 -13 -10 1 75 0 0.03 M M 27.4 36 60 M M 0 19 41 60
12 1 -9 -4 7 69 0 0.06 M M 31.4 38 70 M M 9 89 45 70
13 0 -4 -2 9 67 0 T M M 22.9 31 60 M M 3 18 40 50
14 1 -8 -3 8 68 0 0.01 M M 18.8 30 60 M M 9 1289 34 70
15 0 -21 -10 1 75 0 T M M 17.3 26 50 M M 6 189 31 50
16 -10 -24 -17 -6 82 0 T M M 16.0 24 50 M M 5 189 29 50
17 -5 -11 -8 3 73 0 T M M 19.8 26 60 M M 10 189 31 60
18 -3 -8 -5 6 70 0 T M M 20.4 24 60 M M 10 8 30 60
19 -5 -9 -7 4 72 0 T M M 14.5 23 60 M M 10 18 27 60
20 -2 -9 -5 6 70 0 0.02 M M 9.6 16 70 M M 10 18 17 70
21 3 -4 0 12 65 0 T M M 9.2 23 280 M M 10 18 26 290
22 1 -9 -4 8 69 0 T M M 11.6 17 10 M M 9 18 21 360
23 -4 -10 -7 5 72 0 0.01 M M 17.9 25 30 M M 8 189 35 30
24 -5 -14 -9 3 74 0 T M M 20.6 30 30 M M 4 89 40 30
25 -13 -17 -15 -3 80 0 0.00 M M 15.6 21 50 M M 0 89 26 50
26 -5 -18 -11 1 76 0 0.00 M M 17.5 23 60 M M 2 8 26 60
27 -14 -25 -19 -7 84 0 0.00 M M 13.1 21 110 M M 1 18 23 110
28 -4 -16 -10 2 75 0 0.01 M M 9.5 20 80 M M 6 189 22 80
29 -1 -6 -3 9 68 0 0.01 M M 10.1 17 90 M M 10 18 19 90
30 -2 -9 -5 7 70 0 T M M 20.6 29 80 M M 6 189 36 70
31 -4 -10 -7 5 72 0 T M M 24.8 31 70 M M 0 89 36 70
================================================================================
SM -72 -313 2200 0 0.16 M 529.2 M 206
================================================================================
AV -2.3-10.1 17.1 FASTST M M 7 MAX(MPH)
MISC ----> 38 70 45 70
================================================================================
NOTES:
# LAST OF SEVERAL OCCURRENCES
COLUMN 17 PEAK WIND IN M.P.H.
PRELIMINARY LOCAL CLIMATOLOGICAL DATA (WS FORM: F-6) , PAGE 2
STATION: UTQIAGVIK (BARROW) AK
MONTH: JANUARY
YEAR: 2023
LATITUDE: 71 17 N
LONGITUDE: 156 47 W
[TEMPERATURE DATA] [PRECIPITATION DATA] SYMBOLS USED IN COLUMN 16
AVERAGE MONTHLY: -6.2 TOTAL FOR MONTH: 0.16 1 = FOG OR MIST
DPTR FM NORMAL: 4.7 DPTR FM NORMAL: 0.02 2 = FOG REDUCING VISIBILITY
HIGHEST: 9 ON 4 GRTST 24HR 0.24 ON 27-27 TO 1/4 MILE OR LESS
LOWEST: -25 ON 27 3 = THUNDER
SNOW, ICE PELLETS, HAIL 4 = ICE PELLETS
TOTAL MONTH: M 5 = HAIL
GRTST 24HR M ON M 6 = FREEZING RAIN OR DRIZZLE
GRTST DEPTH: M ON M 7 = DUSTSTORM OR SANDSTORM:
VSBY 1/2 MILE OR LESS
8 = SMOKE OR HAZE
[NO. OF DAYS WITH] [WEATHER - DAYS WITH] 9 = BLOWING SNOW
X = TORNADO
MAX 32 OR BELOW: 31 0.01 INCH OR MORE: 8
MAX 90 OR ABOVE: 0 0.10 INCH OR MORE: 0
MIN 32 OR BELOW: 31 0.50 INCH OR MORE: 0
MIN 0 OR BELOW: 29 1.00 INCH OR MORE: 0
[HDD (BASE 65) ]
TOTAL THIS MO. 2200 CLEAR (SCALE 0-3) 7
DPTR FM NORMAL -154 PTCLDY (SCALE 4-7) 8
TOTAL FM JUL 1 9256 CLOUDY (SCALE 8-10) 16
DPTR FM NORMAL -785
[CDD (BASE 65) ]
TOTAL THIS MO. 0
DPTR FM NORMAL 0 [PRESSURE DATA]
TOTAL FM JAN 1 0 HIGHEST SLP M ON M
DPTR FM NORMAL 0 LOWEST SLP 29.41 ON 2
[REMARKS]
#FINAL-01-23#