000
CXUS53 KGRR 011010
CF6BTL
PRELIMINARY LOCAL CLIMATOLOGICAL DATA (WS FORM: F-6)
STATION: BATTLE CREEK
MONTH: JANUARY
YEAR: 2022
LATITUDE: 42 17 N
LONGITUDE: 85 14 W
TEMPERATURE IN F: :PCPN: SNOW: WIND :SUNSHINE: SKY :PK WND
================================================================================
1 2 3 4 5 6A 6B 7 8 9 10 11 12 13 14 15 16 17 18
12Z AVG MX 2MIN
DY MAX MIN AVG DEP HDD CDD WTR SNW DPTH SPD SPD DIR MIN PSBL S-S WX SPD DR
================================================================================
1 40 21 31 5 34 0 0.12 M M 12.6 21 30 M M 10 126 29 30
2 23 6 15 -11 50 0 0.04 M M 8.2 18 30 M M 6 18 25 40
3 28 6 17 -9 48 0 0.00 M M 7.7 18 210 M M 4 23 200
4 36 14 25 -1 40 0 0.00 M M 12.2 21 180 M M 0 28 180
5 35 13 24 -2 41 0 T M M 19.8 35 240 M M 8 168 45 240
6 17 10 14 -11 51 0 T M M 13.7 22 230 M M 10 18 29 230
7 20 7 14 -11 51 0 0.02 M M 6.8 14 210 M M 9 18 17 200
8 34 8 21 -4 44 0 T M M 12.9 23 170 M M 5 168 32 180
9 36 17 27 2 38 0 0.01 M M 16.6 35 310 M M 9 1 45 290
10 19 10 15 -10 50 0 T M M 15.1 29 290 M M 9 41 290
11 31 10 21 -3 44 0 0.00 M M 13.4 28 200 M M 5 41 200
12 36 28 32 8 33 0 0.00 M M 9.6 25 240 M M 4 35 240
13 37 29 33 9 32 0 0.00 M M 3.2 12 10 M M 10 18 14 340
14 32 14 23 -1 42 0 0.00 M M 10.6 21 50 M M 10 18 29 50
15 21 11 16 -8 49 0 0.00 M M 8.6 15 60 M M 2 22 50
16 33 5 19 -5 46 0 0.00 M M 3.8 8 130 M M 0 11 120
17 30 20 25 1 40 0 0.00 M M 10.3 21 300 M M 9 18 29 290
18 39 26 33 9 32 0 0.00 M M 12.8 24 210 M M 8 8 33 200
19 40 19 30 6 35 0 T M M 15.5 26 260 M M 9 8 37 280
20 22 11 17 -7 48 0 0.00 M M 6.1 16 310 M M 7 23 320
21 23 7 15 -9 50 0 0.00 M M 4.6 12 170 M M 3 14 180
22 25 14 20 -4 45 0 T M M 13.5 24 240 M M 6 8 36 230
23 25 11 18 -6 47 0 0.15 M M 9.2 18 10 M M 9 18 23 30
24 25 15 20 -4 45 0 0.05 M M 9.2 16 310 M M 10 18 22 340
25 20 13 17 -7 48 0 T M M 7.2 18 300 M M 10 18 23 270
26 18 2 10 -14 55 0 T M M M M M M M M 18 M M
27 29 4 17 -7 48 0 T M M 13.0 26 20 M M 9 18 34 30
28 21 -2 10 -14 55 0 T M M 7.2 17 30 M M 2 24 30
29 20 -4 8 -16 57 0 T M M 7.4 15 200 M M 7 18 190
30 28 15 22 -2 43 0 T M M 4.0 8 130 M M 10 11 140
31 29 18 24 0 41 0 0.00 M M 6.2 14 140 M M 7 8 20 140
================================================================================
SM 872 378 1382 0 0.39 M 301.0 M 207
================================================================================
AV 28.1 12.2 10.0 FASTST M M 7 MAX(MPH)
MISC ----> # 35 240 # 45 240
================================================================================
NOTES:
# LAST OF SEVERAL OCCURRENCES
COLUMN 17 PEAK WIND IN M.P.H.
PRELIMINARY LOCAL CLIMATOLOGICAL DATA (WS FORM: F-6) , PAGE 2
STATION: BATTLE CREEK
MONTH: JANUARY
YEAR: 2022
LATITUDE: 42 17 N
LONGITUDE: 85 14 W
[TEMPERATURE DATA] [PRECIPITATION DATA] SYMBOLS USED IN COLUMN 16
AVERAGE MONTHLY: 20.2 TOTAL FOR MONTH: 0.39 1 = FOG OR MIST
DPTR FM NORMAL: -4.1 DPTR FM NORMAL: -1.19 2 = FOG REDUCING VISIBILITY
HIGHEST: 40 ON 19, 1 GRTST 24HR 0.16 ON 1- 2 TO 1/4 MILE OR LESS
LOWEST: -4 ON 29 3 = THUNDER
SNOW, ICE PELLETS, HAIL 4 = ICE PELLETS
TOTAL MONTH: M 5 = HAIL
GRTST 24HR M ON M 6 = FREEZING RAIN OR DRIZZLE
GRTST DEPTH: M ON M 7 = DUSTSTORM OR SANDSTORM:
VSBY 1/2 MILE OR LESS
8 = SMOKE OR HAZE
[NO. OF DAYS WITH] [WEATHER - DAYS WITH] 9 = BLOWING SNOW
X = TORNADO
MAX 32 OR BELOW: 21 0.01 INCH OR MORE: 6
MAX 90 OR ABOVE: 0 0.10 INCH OR MORE: 2
MIN 32 OR BELOW: 31 0.50 INCH OR MORE: 0
MIN 0 OR BELOW: 2 1.00 INCH OR MORE: 0
[HDD (BASE 65) ]
TOTAL THIS MO. 1382 CLEAR (SCALE 0-3) 5
DPTR FM NORMAL 120 PTCLDY (SCALE 4-7) 9
TOTAL FM JUL 1 3345 CLOUDY (SCALE 8-10) 17
DPTR FM NORMAL -323
[CDD (BASE 65) ]
TOTAL THIS MO. 0
DPTR FM NORMAL 0 [PRESSURE DATA]
TOTAL FM JAN 1 0 HIGHEST SLP 30.63 ON 21
DPTR FM NORMAL 0 LOWEST SLP 29.47 ON 5
[REMARKS]
#FINAL-01-22#