000
CXUS53 KGRR 010910
CF6BTL
PRELIMINARY LOCAL CLIMATOLOGICAL DATA (WS FORM: F-6)
STATION: BATTLE CREEK
MONTH: SEPTEMBER
YEAR: 2021
LATITUDE: 42 17 N
LONGITUDE: 85 14 W
TEMPERATURE IN F: :PCPN: SNOW: WIND :SUNSHINE: SKY :PK WND
================================================================================
1 2 3 4 5 6A 6B 7 8 9 10 11 12 13 14 15 16 17 18
12Z AVG MX 2MIN
DY MAX MIN AVG DEP HDD CDD WTR SNW DPTH SPD SPD DIR MIN PSBL S-S WX SPD DR
================================================================================
1 78 58 68 0 0 3 0.00 M M 8.1 18 30 M M 2 25 30
2 77 52 65 -3 0 0 0.00 M M 3.3 9 40 M M 0 13 50
3 77 54 66 -2 0 1 T M M 4.5 12 150 M M 1 16 140
4 76 64 70 3 0 5 T M M 8.2 16 210 M M 10 1 21 220
5 80 58 69 2 0 4 T M M 8.3 23 280 M M 3 32 290
6 76 54 65 -2 0 0 T M M 5.9 18 300 M M 2 13 29 300
7 86 55 71 5 0 6 0.58 M M 12.0 45 290 M M 3 13 65 280
8 78 57 68 2 0 3 0.00 M M 9.7 23 290 M M 4 1 32 310
9 73 52 63 -3 2 0 T M M 5.5 16 310 M M 2 22 320
10 76 50 63 -3 2 0 0.00 M M 3.4 13 200 M M 2 17 200
11 82 59 71 6 0 6 0.00 M M 11.6 20 210 M M 0 26 200
12 84 69 77 12 0 12 0.00 M M 8.1 17 260 M M 3 23 250
13 79 66 73 8 0 8 T M M 5.2 14 40 M M 6 18 50
14 89 65 77 13 0 12 0.11 M M 13.4 29 230 M M 3 3 44 230
15 77 55 66 2 0 1 0.00 M M 3.9 12 290 M M 2 17 320
16 79 53 66 2 0 1 0.00 M M 4.6 13 190 M M 1 18 150
17 85 59 72 9 0 7 0.00 M M 5.8 16 240 M M 2 23 250
18 82 64 73 10 0 8 0.00 M M 7.2 16 50 M M 2 24 70
19 86 58 72 10 0 7 0.00 M M 5.5 13 130 M M 1 19 160
20 79 67 73 11 0 8 T M M 12.3 24 170 M M 5 34 200
21 75 57 66 4 0 1 0.52 M M 11.3 20 190 M M 10 1 26 190
22 57 48 53 -8 12 0 1.07 M M 12.2 23 320 M M 10 1 35 320
23 56 47 52 -9 13 0 2.15 M M 13.7 22 310 M M 10 1 34 310
24 73 48 61 1 4 0 T M M 10.8 20 190 M M 2 28 190
25 66 51 59 -1 6 0 0.50 M M 11.4 24 270 M M 5 1 34 270
26 79 48 64 4 1 0 0.00 M M 11.7 25 260 M M 1 33 250
27 81 61 71 12 0 6 0.00 M M 10.4 17 210 M M 0 23 200
28 73 53 63 4 2 0 0.00 M M 5.1 12 50 M M 1 1 15 40
29 77 51 64 6 1 0 0.00 M M 2.3 9 110 M M 0 12 140
30 76 49 63 5 2 0 0.00 M M 2.4 10 170 M M 0 13 170
================================================================================
SM 2312 1682 45 99 4.93 M 237.8 M 93
================================================================================
AV 77.1 56.1 7.9 FASTST M M 3 MAX(MPH)
MISC ----> 45 290 65 280
================================================================================
NOTES:
# LAST OF SEVERAL OCCURRENCES
COLUMN 17 PEAK WIND IN M.P.H.
PRELIMINARY LOCAL CLIMATOLOGICAL DATA (WS FORM: F-6) , PAGE 2
STATION: BATTLE CREEK
MONTH: SEPTEMBER
YEAR: 2021
LATITUDE: 42 17 N
LONGITUDE: 85 14 W
[TEMPERATURE DATA] [PRECIPITATION DATA] SYMBOLS USED IN COLUMN 16
AVERAGE MONTHLY: 66.6 TOTAL FOR MONTH: 4.93 1 = FOG OR MIST
DPTR FM NORMAL: 3.1 DPTR FM NORMAL: 1.70 2 = FOG REDUCING VISIBILITY
HIGHEST: 89 ON 14 GRTST 24HR 2.73 ON 22-23 TO 1/4 MILE OR LESS
LOWEST: 47 ON 23 3 = THUNDER
SNOW, ICE PELLETS, HAIL 4 = ICE PELLETS
TOTAL MONTH: M 5 = HAIL
GRTST 24HR M ON M 6 = FREEZING RAIN OR DRIZZLE
GRTST DEPTH: M ON M 7 = DUSTSTORM OR SANDSTORM:
VSBY 1/2 MILE OR LESS
8 = SMOKE OR HAZE
[NO. OF DAYS WITH] [WEATHER - DAYS WITH] 9 = BLOWING SNOW
X = TORNADO
MAX 32 OR BELOW: 0 0.01 INCH OR MORE: 6
MAX 90 OR ABOVE: 0 0.10 INCH OR MORE: 6
MIN 32 OR BELOW: 0 0.50 INCH OR MORE: 5
MIN 0 OR BELOW: 0 1.00 INCH OR MORE: 2
[HDD (BASE 65) ]
TOTAL THIS MO. 45 CLEAR (SCALE 0-3) 21
DPTR FM NORMAL -73 PTCLDY (SCALE 4-7) 5
TOTAL FM JUL 1 45 CLOUDY (SCALE 8-10) 4
DPTR FM NORMAL -91
[CDD (BASE 65) ]
TOTAL THIS MO. 99
DPTR FM NORMAL 28 [PRESSURE DATA]
TOTAL FM JAN 1 967 HIGHEST SLP 30.23 ON 30
DPTR FM NORMAL 261 LOWEST SLP 29.63 ON 7
[REMARKS]
#FINAL-09-21#