000
CXUS54 KLIX 010810
CF6BTR
PRELIMINARY LOCAL CLIMATOLOGICAL DATA (WS FORM: F-6)
STATION: BATON ROUGE
MONTH: APRIL
YEAR: 2020
LATITUDE: 30 31 N
LONGITUDE: 91 9 W
TEMPERATURE IN F: :PCPN: SNOW: WIND :SUNSHINE: SKY :PK WND
================================================================================
1 2 3 4 5 6A 6B 7 8 9 10 11 12 13 14 15 16 17 18
12Z AVG MX 2MIN
DY MAX MIN AVG DEP HDD CDD WTR SNW DPTH SPD SPD DIR MIN PSBL S-S WX SPD DR
================================================================================
1 75 46 61 -4 4 0 0.00 0.0 M 3.1 12 30 M M 0 17 310
2 77 53 65 0 0 0 0.00 0.0 M 4.9 16 100 M M 1 22 90
3 80 57 69 4 0 4 0.00 0.0 M 5.0 13 70 M M 1 17 70
4 79 62 71 6 0 6 0.09 0.0 M 4.5 12 30 M M 4 1 21 40
5 82 62 72 6 0 7 T 0.0 M 4.8 12 70 M M 3 1 16 30
6 85 60 73 7 0 8 0.00 0.0 M 7.2 16 150 M M 3 22 30
7 85 69 77 11 0 12 0.00 0.0 M 9.1 20 210 M M 8 8 24 200
8 85 72 79 13 0 14 0.00 0.0 M 9.8 18 200 M M 7 1 23 210
9 87 66 77 11 0 12 0.40 0.0 M 6.0 29 270 M M 7 138 42 280
10 74 56 65 -2 0 0 0.11 0.0 M 6.3 16 50 M M 2 1 21 20
11 80 51 66 -1 0 1 0.00 0.0 M 8.6 16 80 M M 2 21 110
12 86 68 77 10 0 12 1.04 0.0 M 14.4 30 170 M M 9 138 38 170
13 70 52 61 -6 4 0 0.00 0.0 M 6.0 15 350 M M 3 128 21 10
14 73 48 61 -7 4 0 0.00 0.0 M 9.2 15 340 M M 4 1 20 10
15 68 46 57 -11 8 0 0.00 0.0 M 8.8 16 20 M M 0 26 30
16 75 43 59 -9 6 0 0.00 0.0 M 7.4 18 80 M M 0 26 80
17 83 49 66 -2 0 1 0.22 0.0 M 4.7 13 150 M M 3 13 17 150
18 79 68 74 5 0 9 0.06 0.0 M 5.4 13 150 M M 9 13 16 150
19 87 67 77 8 0 12 0.93 0.0 M 12.3 29 200 M M 7 138 38 200
20 77 59 68 -1 0 3 0.00 0.0 M 4.0 16 350 M M 2 24 360
21 85 56 71 2 0 6 0.00 0.0 M 4.2 13 50 M M 0 1 15 50
22 84 62 73 3 0 8 0.00 0.0 M 12.3 25 140 M M 4 12 33 120
23 84 61 73 3 0 8 1.19 0.0 M 9.2 38 270 M M 6 1238 52 250
24 85 56 71 1 0 6 0.00 0.0 M 5.3 17 170 M M 0 22 170
25 82 66 74 4 0 9 0.00 0.0 M 8.8 16 280 M M 2 21 280
26 81 57 69 -2 0 4 0.00 0.0 M 6.2 16 10 M M 0 22 360
27 80 51 66 -5 0 1 0.00 0.0 M 7.0 14 150 M M 0 26 50
28 85 55 70 -1 0 5 2.24 0.0 M 8.4 24 320 M M 5 13 31 320
29 75 58 67 -4 0 2 0.95 0.0 M 7.8 24 350 M M 7 13 34 330
30 78 51 65 -7 0 0 0.00 0.0 M 5.2 20 270 M M 0 23 270
================================================================================
SM 2406 1727 26 150 7.23 0.0 215.9 M 99
================================================================================
AV 80.2 57.6 7.2 FASTST M M 3 MAX(MPH)
MISC ----> 38 270 52 250
================================================================================
NOTES:
# LAST OF SEVERAL OCCURRENCES
COLUMN 17 PEAK WIND IN M.P.H.
PRELIMINARY LOCAL CLIMATOLOGICAL DATA (WS FORM: F-6) , PAGE 2
STATION: BATON ROUGE
MONTH: APRIL
YEAR: 2020
LATITUDE: 30 31 N
LONGITUDE: 91 9 W
[TEMPERATURE DATA] [PRECIPITATION DATA] SYMBOLS USED IN COLUMN 16
AVERAGE MONTHLY: 68.9 TOTAL FOR MONTH: 7.23 1 = FOG OR MIST
DPTR FM NORMAL: 0.8 DPTR FM NORMAL: 2.77 2 = FOG REDUCING VISIBILITY
HIGHEST: 87 ON 19, 9 GRTST 24HR 3.19 ON 28-29 TO 1/4 MILE OR LESS
LOWEST: 43 ON 16 3 = THUNDER
SNOW, ICE PELLETS, HAIL 4 = ICE PELLETS
TOTAL MONTH: 0.0 INCH 5 = HAIL
GRTST 24HR 0.0 6 = FREEZING RAIN OR DRIZZLE
GRTST DEPTH: M ON M 7 = DUSTSTORM OR SANDSTORM:
VSBY 1/2 MILE OR LESS
8 = SMOKE OR HAZE
[NO. OF DAYS WITH] [WEATHER - DAYS WITH] 9 = BLOWING SNOW
X = TORNADO
MAX 32 OR BELOW: 0 0.01 INCH OR MORE: 10
MAX 90 OR ABOVE: 0 0.10 INCH OR MORE: 8
MIN 32 OR BELOW: 0 0.50 INCH OR MORE: 5
MIN 0 OR BELOW: 0 1.00 INCH OR MORE: 3
[HDD (BASE 65) ]
TOTAL THIS MO. 26 CLEAR (SCALE 0-3) 15
DPTR FM NORMAL -25 PTCLDY (SCALE 4-7) 13
TOTAL FM JUL 1 1165 CLOUDY (SCALE 8-10) 2
DPTR FM NORMAL -388
[CDD (BASE 65) ]
TOTAL THIS MO. 150
DPTR FM NORMAL 8 [PRESSURE DATA]
TOTAL FM JAN 1 422 HIGHEST SLP M ON M
DPTR FM NORMAL 191 LOWEST SLP 29.52 ON 12
[REMARKS]
#FINAL-04-20#