000
CXUS54 KHGX 011410
CF6BYY
PRELIMINARY LOCAL CLIMATOLOGICAL DATA (WS FORM: F-6)
STATION: Bay City
MONTH: SEPTEMBER
YEAR: 2021
LATITUDE: 28 58 N
LONGITUDE: 95 52 W
TEMPERATURE IN F: :PCPN: SNOW: WIND :SUNSHINE: SKY :PK WND
================================================================================
1 2 3 4 5 6A 6B 7 8 9 10 11 12 13 14 15 16 17 18
12Z AVG MX 2MIN
DY MAX MIN AVG DEP HDD CDD WTR SNW DPTH SPD SPD DIR MIN PSBL S-S WX SPD DR
================================================================================
1 91 77 84 M 0 19 0.28 0.0 0 2.9 10 190 M M 3 1 16 130
2 89 76 83 M 0 18 0.86 0.0 0 4.7 22 130 M M 2 31 130
3 87 76 82 M 0 17 1.25 0.0 0 4.5 12 110 M M 2 24 210
4 91 73 82 M 0 17 0.00 0.0 0 3.9 10 180 M M 2 12 180
5 92 75 84 M 0 19 0.00 0.0 0 3.8 10 200 M M 1 M M
6 90 74 82 M 0 17 0.00 0.0 0 2.8 9 310 M M 2 20 350
7 91 72 82 M 0 17 0.00 0.0 0 2.9 7 150 M M 0 1 M M
8 89 67 78 M 0 13 0.00 0.0 0 3.3 9 360 M M 0 M M
9 93 70 82 M 0 17 0.00 0.0 0 3.4 8 360 M M 2 M M
10 89 68 79 M 0 14 0.00 0.0 0 6.0 10 120 M M 2 17 40
11 87 64 76 M 0 11 0.00 0.0 0 7.0 14 100 M M 2 20 100
12 88 72 80 M 0 15 0.00 0.0 0 7.2 14 120 M M 2 20 120
13 77 69 73 M 0 8 2.25 0.0 0 17.0 39 70 M M 7 60 80
14 79 69 74 M 0 9 0.03 0.0 0 15.7 38 40 M M 10 1 60 40
15 81 71 76 M 0 11 0.00 0.0 0 4.7 13 360 M M 10 16 360
16 85 69 77 M 0 12 0.00 0.0 0 3.0 6 20 M M 5 M M
17 88 71 80 M 0 15 0.00 0.0 0 1.9 7 180 M M 4 1 M M
18 89 72 81 M 0 16 0.95 0.0 0 2.2 9 140 M M 2 1 30 140
19 89 71 80 M 0 15 0.00 0.0 0 3.8 12 160 M M 1 1 18 160
20 91 74 83 M 0 18 0.00 0.0 0 4.4 10 180 M M 2 1 M M
21 90 76 83 M 0 18 0.40 0.0 0 4.5 14 320 M M 4 1 18 320
22 82 60 71 M 0 6 0.00 0.0 0 8.0 18 20 M M 1 27 30
23 81 56 69 M 0 4 0.00 0.0 0 3.0 10 140 M M 0 1 M M
24 82 58 70 M 0 5 0.00 0.0 0 4.8 10 70 M M 1 M M
25 84 58 71 M 0 6 0.00 0.0 0 5.1 10 100 M M 0 16 90
26 84 59 72 M 0 7 0.00 0.0 0 3.3 9 140 M M 2 17 130
27 87 68 78 M 0 13 M 0.0 M 3.1 7 140 M M 7 M M
28 88 74 81 M 0 16 M 0.0 M 6.3 15 140 M M 3 1 24 140
29 81 67 74 M 0 9 1.25 0.0 M 5.3 13 160 M M 4 33 230
30 85 74 80 M 0 15 M 0.0 0 6.1 16 180 M M 4 20 180
================================================================================
SM 2600 2080 0 397 7.27 0.0 154.5 M 87
================================================================================
AV 86.7 69.3 5.2 FASTST M M 3 MAX(MPH)
MISC ----> 39 70 # 60 80
================================================================================
NOTES:
# LAST OF SEVERAL OCCURRENCES
COLUMN 17 PEAK WIND IN M.P.H.
PRELIMINARY LOCAL CLIMATOLOGICAL DATA (WS FORM: F-6) , PAGE 2
STATION: Bay City
MONTH: SEPTEMBER
YEAR: 2021
LATITUDE: 28 58 N
LONGITUDE: 95 52 W
[TEMPERATURE DATA] [PRECIPITATION DATA] SYMBOLS USED IN COLUMN 16
AVERAGE MONTHLY: 78.0 TOTAL FOR MONTH: 7.27 1 = FOG OR MIST
DPTR FM NORMAL: 0.0 DPTR FM NORMAL: M 2 = FOG REDUCING VISIBILITY
HIGHEST: 93 ON 9 GRTST 24HR 2.25 ON 13-13 TO 1/4 MILE OR LESS
LOWEST: 56 ON 23 3 = THUNDER
SNOW, ICE PELLETS, HAIL 4 = ICE PELLETS
TOTAL MONTH: 0.0 INCH 5 = HAIL
GRTST 24HR 0.0 6 = FREEZING RAIN OR DRIZZLE
GRTST DEPTH: 0 7 = DUSTSTORM OR SANDSTORM:
VSBY 1/2 MILE OR LESS
8 = SMOKE OR HAZE
[NO. OF DAYS WITH] [WEATHER - DAYS WITH] 9 = BLOWING SNOW
X = TORNADO
MAX 32 OR BELOW: 0 0.01 INCH OR MORE: 8
MAX 90 OR ABOVE: 8 0.10 INCH OR MORE: 7
MIN 32 OR BELOW: 0 0.50 INCH OR MORE: 5
MIN 0 OR BELOW: 0 1.00 INCH OR MORE: 3
[HDD (BASE 65) ]
TOTAL THIS MO. 0 CLEAR (SCALE 0-3) 20
DPTR FM NORMAL M PTCLDY (SCALE 4-7) 8
TOTAL FM JUL 1 0 CLOUDY (SCALE 8-10) 2
DPTR FM NORMAL M
[CDD (BASE 65) ]
TOTAL THIS MO. 397
DPTR FM NORMAL M [PRESSURE DATA]
TOTAL FM JAN 1 2036 HIGHEST SLP M ON M
DPTR FM NORMAL M LOWEST SLP M ON M
[REMARKS]
#FINAL-09-21#