000
CXUS55 KABQ 021624
CF6CAO
PRELIMINARY LOCAL CLIMATOLOGICAL DATA (WS FORM: F-6)
STATION: CLAYTON NM
MONTH: JUNE
YEAR: 2023
LATITUDE: 36 27 N
LONGITUDE: 103 9 W
TEMPERATURE IN F: :PCPN: SNOW: WIND :SUNSHINE: SKY :PK WND
================================================================================
1 2 3 4 5 6A 6B 7 8 9 10 11 12 13 14 15 16 17 18
12Z AVG MX 2MIN
DY MAX MIN AVG DEP HDD CDD WTR SNW DPTH SPD SPD DIR MIN PSBL S-S WX SPD DR
================================================================================
1 69 53 61 -6 4 0 0.08 0.0 0 18.0 46 180 M M 5 13 64 180
2 70 49 60 -8 5 0 0.01 0.0 0 4.0 25 150 M M M 3 31 130
3 71 47 59 -9 6 0 0.02 0.0 0 7.5 17 210 M M 4 123 26 70
4 71 52 62 -6 3 0 0.46 0.0 0 6.9 20 60 M M 8 13 29 330
5 64 54 59 -9 6 0 0.44 0.0 0 5.1 14 230 M M 10 13 18 240
6 75 52 64 -5 1 0 0.00 0.0 0 10.1 22 190 M M 3 3 30 160
7 76 52 64 -5 1 0 1.12 0.0 0 10.3 31 290 M M 5 13 43 300
8 80 55 68 -1 0 3 0.00 0.0 0 6.4 14 140 M M 1 20 150
9 82 56 69 -1 0 4 0.02 0.0 0 9.6 28 20 M M 1 38 38 10
10 80 50 65 -5 0 0 1.88 0.0 0 8.2 35 350 M M 1 138 44 360
11 74 52 63 -7 2 0 0.01 0.0 0 11.2 25 80 M M 5 3 33 70
12 63 48 56 -15 9 0 1.13 0.0 0 14.4 28 60 M M 10 123 37 60
13 74 50 62 -9 3 0 0.12 0.0 0 10.1 28 20 M M 6 123 34 10
14 79 50 65 -6 0 0 0.00 0.0 0 9.0 16 270 M M 0 21 270
15 82 52 67 -4 0 2 T 0.0 0 8.4 29 320 M M 1 3 37 310
16 79 51 65 -7 0 0 0.00 0.0 0 11.0 26 320 M M 0 34 320
17 79 52 66 -6 0 1 T 0.0 0 12.0 33 270 M M 4 3 51 230
18 87 54 71 -1 0 6 0.00 0.0 0 11.9 23 200 M M 0 30 210
19 91 61 76 4 0 11 0.00 0.0 0 12.5 25 250 M M 0 34 270
20 92 60 76 4 0 11 0.00 0.0 0 14.1 31 250 M M 0 42 240
21 92 61 77 4 0 12 0.00 0.0 0 12.3 31 100 M M 2 8 41 100
22 69 60 65 -8 0 0 0.37 0.0 0 12.4 35 200 M M 8 123 45 190
23 88 62 75 2 0 10 0.01 0.0 M 16.4 32 180 M M 3 13 41 170
24 88 58 73 0 0 8 0.00 0.0 0 9.0 18 180 M M 0 12 23 170
25 80 57 69 -5 0 4 0.00 0.0 0 11.3 22 10 M M 1 28 20
26 88 59 74 0 0 9 T 0.0 0 15.7 28 160 M M 1 3 37 160
27 93 65 79 5 0 14 T 0.0 0 11.9 37 270 M M 1 38 56 180
28 96 66 81 7 0 16 0.00 0.0 0 13.5 36 190 M M 0 8 52 190
29 86 61 74 0 0 9 0.13 0.0 0 8.8 22 10 M M 2 3 30 20
30 81 56 69 -5 0 4 0.09 0.0 0 11.4 30 270 M M 4 3 42 260
================================================================================
SM 2399 1655 40 124 5.89 0.0 323.4 M 86
================================================================================
AV 80.0 55.2 10.8 FASTST M M 3 MAX(MPH)
MISC ----> 46 180 64 180
================================================================================
NOTES:
# LAST OF SEVERAL OCCURRENCES
COLUMN 17 PEAK WIND IN M.P.H.
PRELIMINARY LOCAL CLIMATOLOGICAL DATA (WS FORM: F-6) , PAGE 2
STATION: CLAYTON NM
MONTH: JUNE
YEAR: 2023
LATITUDE: 36 27 N
LONGITUDE: 103 9 W
[TEMPERATURE DATA] [PRECIPITATION DATA] SYMBOLS USED IN COLUMN 16
AVERAGE MONTHLY: 67.6 TOTAL FOR MONTH: 5.89 1 = FOG OR MIST
DPTR FM NORMAL: -3.6 DPTR FM NORMAL: 3.92 2 = FOG REDUCING VISIBILITY
HIGHEST: 96 ON 28 GRTST 24HR 1.90 ON 9-10 TO 1/4 MILE OR LESS
LOWEST: 47 ON 3 3 = THUNDER
SNOW, ICE PELLETS, HAIL 4 = ICE PELLETS
TOTAL MONTH: 0.0 INCH 5 = HAIL
GRTST 24HR 0.0 6 = FREEZING RAIN OR DRIZZLE
GRTST DEPTH: 0 7 = DUSTSTORM OR SANDSTORM:
VSBY 1/2 MILE OR LESS
8 = SMOKE OR HAZE
[NO. OF DAYS WITH] [WEATHER - DAYS WITH] 9 = BLOWING SNOW
X = TORNADO
MAX 32 OR BELOW: 0 0.01 INCH OR MORE: 15
MAX 90 OR ABOVE: 5 0.10 INCH OR MORE: 8
MIN 32 OR BELOW: 0 0.50 INCH OR MORE: 3
MIN 0 OR BELOW: 0 1.00 INCH OR MORE: 3
[HDD (BASE 65) ]
TOTAL THIS MO. 40 CLEAR (SCALE 0-3) 17
DPTR FM NORMAL 22 PTCLDY (SCALE 4-7) 9
TOTAL FM JUL 1 4895 CLOUDY (SCALE 8-10) 4
DPTR FM NORMAL 49
[CDD (BASE 65) ]
TOTAL THIS MO. 124
DPTR FM NORMAL -81 [PRESSURE DATA]
TOTAL FM JAN 1 150 HIGHEST SLP 30.12 ON 5
DPTR FM NORMAL -114 LOWEST SLP 29.63 ON 19
[REMARKS]
#FINAL-06-23#